{"id":3312,"date":"2023-04-12T17:50:23","date_gmt":"2023-04-12T15:50:23","guid":{"rendered":"https:\/\/www.csa.be\/egalitediversite\/?page_id=3312"},"modified":"2023-04-28T10:29:28","modified_gmt":"2023-04-28T08:29:28","slug":"barometre-2021-le-genre","status":"publish","type":"page","link":"https:\/\/www.csa.be\/egalitediversite\/barometre-2021-accueil\/barometre-2021-le-genre\/","title":{"rendered":"Barom\u00e8tre 2021: le genre en bref"},"content":{"rendered":"<p>[et_pb_section fb_built=\u00a0\u00bb1&Prime; _builder_version=\u00a0\u00bb4.5.6&Prime; _module_preset=\u00a0\u00bbdefault\u00a0\u00bb background_color=\u00a0\u00bb#f36f3a\u00a0\u00bb][et_pb_row _builder_version=\u00a0\u00bb4.5.6&Prime; _module_preset=\u00a0\u00bbdefault\u00a0\u00bb][et_pb_column type=\u00a0\u00bb4_4&Prime; _builder_version=\u00a0\u00bb4.5.6&Prime; _module_preset=\u00a0\u00bbdefault\u00a0\u00bb][et_pb_menu menu_id=\u00a0\u00bb56&Prime; menu_style=\u00a0\u00bbcentered\u00a0\u00bb active_link_color=\u00a0\u00bbrgba(0,0,0,0)\u00a0\u00bb dropdown_menu_bg_color=\u00a0\u00bb#ffffff\u00a0\u00bb dropdown_menu_line_color=\u00a0\u00bb#003160&Prime; dropdown_menu_text_color=\u00a0\u00bb#516bb3&Prime; mobile_menu_bg_color=\u00a0\u00bb#f36f3a\u00a0\u00bb _builder_version=\u00a0\u00bb4.6.6&Prime; _module_preset=\u00a0\u00bbdefault\u00a0\u00bb menu_text_color=\u00a0\u00bb#ffffff\u00a0\u00bb background_enable_color=\u00a0\u00bboff\u00a0\u00bb hover_enabled=\u00a0\u00bb0&Prime; sticky_enabled=\u00a0\u00bb0&Prime;][\/et_pb_menu][\/et_pb_column][\/et_pb_row][et_pb_row _builder_version=\u00a0\u00bb4.5.6&Prime; _module_preset=\u00a0\u00bbdefault\u00a0\u00bb][et_pb_column type=\u00a0\u00bb4_4&Prime; _builder_version=\u00a0\u00bb4.5.6&Prime; _module_preset=\u00a0\u00bbdefault\u00a0\u00bb][et_pb_image src=\u00a0\u00bbhttps:\/\/www.csa.be\/egalitediversite\/wp-content\/uploads\/sites\/2\/2023\/04\/BAROMETRE-10ans-BLANC_reduit.png\u00a0\u00bb title_text=\u00a0\u00bbBAROMETRE-10ans-BLANC_reduit\u00a0\u00bb align=\u00a0\u00bbcenter\u00a0\u00bb _builder_version=\u00a0\u00bb4.5.6&Prime; _module_preset=\u00a0\u00bbdefault\u00a0\u00bb][\/et_pb_image][\/et_pb_column][\/et_pb_row][et_pb_row _builder_version=\u00a0\u00bb4.5.6&Prime; _module_preset=\u00a0\u00bbdefault\u00a0\u00bb][et_pb_column type=\u00a0\u00bb4_4&Prime; _builder_version=\u00a0\u00bb4.5.6&Prime; _module_preset=\u00a0\u00bbdefault\u00a0\u00bb][et_pb_text _builder_version=\u00a0\u00bb4.5.6&Prime; _module_preset=\u00a0\u00bbdefault\u00a0\u00bb header_font=\u00a0\u00bb|800|||||||\u00a0\u00bb header_text_align=\u00a0\u00bbcenter\u00a0\u00bb header_text_color=\u00a0\u00bb#ffffff\u00a0\u00bb header_font_size=\u00a0\u00bb41px\u00a0\u00bb]<\/p>\n<h1>Le genre en bref<\/h1>\n<p>[\/et_pb_text][\/et_pb_column][\/et_pb_row][\/et_pb_section][et_pb_section fb_built=\u00a0\u00bb1&Prime; _builder_version=\u00a0\u00bb4.5.6&Prime; _module_preset=\u00a0\u00bbdefault\u00a0\u00bb][et_pb_row _builder_version=\u00a0\u00bb4.5.6&Prime; _module_preset=\u00a0\u00bbdefault\u00a0\u00bb][et_pb_column type=\u00a0\u00bb4_4&Prime; _builder_version=\u00a0\u00bb4.5.6&Prime; _module_preset=\u00a0\u00bbdefault\u00a0\u00bb][et_pb_text _builder_version=\u00a0\u00bb4.5.6&Prime; _module_preset=\u00a0\u00bbdefault\u00a0\u00bb header_2_font=\u00a0\u00bb|800|||||||\u00a0\u00bb header_2_text_color=\u00a0\u00bb#f36f3a\u00a0\u00bb]<\/p>\n<h2>Le genre<\/h2>\n<p>[\/et_pb_text][et_pb_divider color=\u00a0\u00bb#516bb3&Prime; divider_weight=\u00a0\u00bb6px\u00a0\u00bb _builder_version=\u00a0\u00bb4.5.6&Prime; _module_preset=\u00a0\u00bbdefault\u00a0\u00bb width=\u00a0\u00bb11%\u00a0\u00bb][\/et_pb_divider][et_pb_blurb image=\u00a0\u00bbhttps:\/\/www.csa.be\/egalitediversite\/wp-content\/uploads\/sites\/2\/2023\/04\/10ans-couleur_reduit.png\u00a0\u00bb image_max_width=\u00a0\u00bb84%\u00a0\u00bb _builder_version=\u00a0\u00bb4.5.6&Prime; _module_preset=\u00a0\u00bbdefault\u00a0\u00bb header_level=\u00a0\u00bbh3&Prime; header_text_color=\u00a0\u00bb#515151&Prime; header_font_size=\u00a0\u00bb28px\u00a0\u00bb body_font=\u00a0\u00bb|700|||||||\u00a0\u00bb body_text_color=\u00a0\u00bb#516bb3&Prime; body_font_size=\u00a0\u00bb21px\u00a0\u00bb]<\/p>\n<p><em>On enregistre une augmentation de 7,94 % des femmes entre 2011 et 2021. <span data-contrast=\"auto\"><strong><span style=\"color: #f9a980;\">(Slide 1)<\/span><\/strong><\/span><br \/><\/em><\/p>\n<p>[\/et_pb_blurb][et_pb_code _builder_version=\u00a0\u00bb4.6.6&Prime; _module_preset=\u00a0\u00bbdefault\u00a0\u00bb width=\u00a0\u00bb700px\u00a0\u00bb module_alignment=\u00a0\u00bbcenter\u00a0\u00bb]<script id=\"infogram_0_58acf05c-411f-4bb6-9811-dd02a5f58716\" title=\"Barom\u00e8tre 2021: Genre\" src=\"https:\/\/e.infogram.com\/js\/dist\/embed.js?1oZ\" type=\"text\/javascript\"><\/script>[\/et_pb_code][et_pb_text _builder_version=\u00a0\u00bb4.5.6&Prime; _module_preset=\u00a0\u00bbdefault\u00a0\u00bb header_2_font=\u00a0\u00bb|800|||||||\u00a0\u00bb header_2_text_color=\u00a0\u00bb#f36f3a\u00a0\u00bb header_3_text_color=\u00a0\u00bb#516bb3&Prime;]<\/p>\n<p><span data-contrast=\"auto\">Bien que les femmes restent sous-repr\u00e9sent\u00e9es dans les m\u00e9dias au regard de leur pr\u00e9sence dans la soci\u00e9t\u00e9, elles constituent la seule cat\u00e9gorie qui conna\u00eet une augmentation significative sur l\u2019ensemble des Barom\u00e8tres. <\/span><span data-ccp-props=\"{&quot;201341983&quot;:0,&quot;335551550&quot;:6,&quot;335551620&quot;:6,&quot;335559739&quot;:160,&quot;335559740&quot;:256}\">\u00a0<\/span><\/p>\n<p><span data-contrast=\"auto\">Cette augmentation s\u2019est notamment traduite par une pr\u00e9sence accrue au sein de certains r\u00f4les m\u00e9diatiques. Le Barom\u00e8tre 2021 signe par exemple le plus fort taux de femmes jamais atteint dans le r\u00f4le de journaliste-animatrice (46,14 %) <strong><span style=\"color: #f9a980;\"><em>(Slide 2)<\/em><\/span><\/strong>. On constate \u00e9galement sur 10 ans une augmentation importante du nombre de femmes dans le r\u00f4le d\u2019experte (+8,44 %) ou encore dans le r\u00f4le de porte-parole (+12,64 %) mais \u00e9galement dans les programmes sportifs (+9,46%) et dans l&rsquo;information (+8%) .\u00a0\u00a0<\/span><span data-ccp-props=\"{&quot;201341983&quot;:0,&quot;335551550&quot;:6,&quot;335551620&quot;:6,&quot;335559739&quot;:160,&quot;335559740&quot;:256}\"> <\/span><\/p>\n<p><span data-contrast=\"auto\">Au sein des programmes d\u2019information, on constate que les femmes sont plus nombreuses que les hommes \u00e0 appara\u00eetre dans l\u2019information locale et dans les programmes qui traitent de l\u2019enseignement, de l\u2019\u00e9ducation et des th\u00e9matiques transversales. Quant au r\u00f4le de journaliste-animatrice, en 2021, les femmes sont plus souvent journalistes-animatrices principales que les hommes.<\/span><\/p>\n<p><span data-contrast=\"auto\">Enfin, lorsque l\u2019on croise le genre \u00e0 d\u2019autres variables, certains ph\u00e9nom\u00e8nes se renforcent. On observe par exemple une forte tendance au jeunisme chez les femmes. Au cours des dix derni\u00e8res ann\u00e9es, quelle que soit l&rsquo;\u00e9dition du Barom\u00e8tre, les femmes sont proportionnellement plus nombreuses que les hommes dans les cat\u00e9gories les plus jeunes. Plus les femmes sont jeunes, plus elles apparaissent \u00e0 l\u2019\u00e9cran <strong><span style=\"color: #f9a980;\"><em>(Slide 3)<\/em><\/span><\/strong>. Par ailleurs, les femmes per\u00e7ues comme issues de la diversit\u00e9 seront proportionnellement moins nombreuses que les hommes per\u00e7us comme issus de la diversit\u00e9. <\/span><span data-ccp-props=\"{&quot;201341983&quot;:0,&quot;335551550&quot;:6,&quot;335551620&quot;:6,&quot;335559739&quot;:160,&quot;335559740&quot;:256}\">\u00a0<\/span><\/p>\n<p><span data-contrast=\"auto\">L\u2019analyse de l\u2019\u00e9volution des 10 ans de Barom\u00e8tre se conclut sur une note encourageante concernant la pr\u00e9sence des femmes \u00e0 l\u2019\u00e9cran. Toutefois, l\u2019analyse qualitative des programmes que nous avons ajout\u00e9 cette ann\u00e9e en contrepoint des donn\u00e9es quantitatives, t\u00e9moigne de la persistance de forts st\u00e9r\u00e9otypes et assignations de genre au sein des programmes.\u00a0<\/span><\/p>\n<p>&nbsp;<\/p>\n<p>[\/et_pb_text][\/et_pb_column][\/et_pb_row][et_pb_row _builder_version=\u00a0\u00bb4.6.6&Prime; _module_preset=\u00a0\u00bbdefault\u00a0\u00bb][et_pb_column type=\u00a0\u00bb4_4&Prime; _builder_version=\u00a0\u00bb4.6.6&Prime; _module_preset=\u00a0\u00bbdefault\u00a0\u00bb][et_pb_toggle title=\u00a0\u00bbSynth\u00e8se des principaux r\u00e9sultats\u00a0\u00bb _builder_version=\u00a0\u00bb4.6.6&Prime; _module_preset=\u00a0\u00bbdefault\u00a0\u00bb]<\/p>\n<p><span data-contrast=\"auto\">Concernant la repr\u00e9sentation en termes de genre, nous dressons les constats suivants\u202f:\u00a0<\/span><span data-ccp-props=\"{&quot;134233117&quot;:false,&quot;134233118&quot;:false,&quot;201341983&quot;:0,&quot;335551550&quot;:6,&quot;335551620&quot;:6,&quot;335559738&quot;:0,&quot;335559739&quot;:0,&quot;335559740&quot;:240}\">\u00a0<\/span><\/p>\n<ul>\n<li data-leveltext=\"-\" data-font=\"Segoe UI\" data-listid=\"6\" data-list-defn-props=\"{&quot;335551671&quot;:80,&quot;335552541&quot;:1,&quot;335559684&quot;:-2,&quot;335559685&quot;:720,&quot;335559991&quot;:360,&quot;469769226&quot;:&quot;Segoe UI&quot;,&quot;469769242&quot;:[8226],&quot;469777803&quot;:&quot;left&quot;,&quot;469777804&quot;:&quot;-&quot;,&quot;469777815&quot;:&quot;hybridMultilevel&quot;}\" aria-setsize=\"-1\" data-aria-posinset=\"80\" data-aria-level=\"1\"><span data-contrast=\"auto\">En 2021, les <\/span><b><span data-contrast=\"auto\">femmes repr\u00e9sentent<\/span><\/b> <b><span data-contrast=\"auto\">39,35 %<\/span><\/b><span data-contrast=\"auto\"> de la totalit\u00e9 des intervenant.e.s.<\/span><span data-contrast=\"none\">\u202f\u202f<\/span><span data-contrast=\"auto\">Au cours des dix derni\u00e8res ann\u00e9es, la proportion de femmes \u00e0 l\u2019\u00e9cran a augment\u00e9 de 7,94 % entre 2011 et 2021.<\/span><span data-contrast=\"none\">\u202f<\/span><b><span data-contrast=\"none\">Elles restent sous-repr\u00e9sent\u00e9es<\/span><\/b> <b><span data-contrast=\"none\">par rapport <\/span><\/b><b><span data-contrast=\"auto\">\u00e0 leur pr\u00e9sence dans la soci\u00e9t\u00e9 belge (51,70 % au 1<\/span><\/b><b><span data-contrast=\"auto\">er<\/span><\/b><b><span data-contrast=\"auto\"> janvier 2021).<\/span><\/b><span data-contrast=\"auto\">\u00a0<\/span><span data-ccp-props=\"{&quot;134233117&quot;:false,&quot;134233118&quot;:false,&quot;201341983&quot;:0,&quot;335551550&quot;:6,&quot;335551620&quot;:6,&quot;335559738&quot;:0,&quot;335559739&quot;:0,&quot;335559740&quot;:240}\">\u00a0<\/span><\/li>\n<li data-leveltext=\"-\" data-font=\"Segoe UI\" data-listid=\"6\" data-list-defn-props=\"{&quot;335551671&quot;:80,&quot;335552541&quot;:1,&quot;335559684&quot;:-2,&quot;335559685&quot;:720,&quot;335559991&quot;:360,&quot;469769226&quot;:&quot;Segoe UI&quot;,&quot;469769242&quot;:[8226],&quot;469777803&quot;:&quot;left&quot;,&quot;469777804&quot;:&quot;-&quot;,&quot;469777815&quot;:&quot;hybridMultilevel&quot;}\" aria-setsize=\"-1\" data-aria-posinset=\"80\" data-aria-level=\"1\"><span data-contrast=\"auto\">Au cours des dix derni\u00e8res ann\u00e9es, on constate une augmentation des femmes \u00e0 l\u2019\u00e9cran qui se traduit notamment au sein des programmes d\u2019information (+8 %), des programmes courts <\/span><span data-contrast=\"none\">(+7,28 %) <\/span><span data-contrast=\"auto\">et du sport <\/span><span data-contrast=\"none\">(+9,46 %)<\/span><span data-contrast=\"auto\">.\u202fLorsqu\u2019on se fonde sur les \u00e9chantillons de cha\u00eenes propres \u00e0 chaque \u00e9dition, on constate que la proportion d\u2019intervenantes au sein de l\u2019information conna\u00eet une augmentation constante au fil des diff\u00e9rents Barom\u00e8tres\u202f: 30,42 % en 2011, 31,20 % en 2012, 32,20 % en 2013, 37,28 % en 2017 et 38,48 % en 2021.\u00a0<\/span><span data-ccp-props=\"{&quot;134233117&quot;:false,&quot;134233118&quot;:false,&quot;201341983&quot;:0,&quot;335551550&quot;:6,&quot;335551620&quot;:6,&quot;335559738&quot;:0,&quot;335559739&quot;:0,&quot;335559740&quot;:240}\">\u00a0<\/span><span data-ccp-props=\"{&quot;134233117&quot;:false,&quot;134233118&quot;:false,&quot;201341983&quot;:0,&quot;335551550&quot;:6,&quot;335551620&quot;:6,&quot;335559738&quot;:0,&quot;335559739&quot;:0,&quot;335559740&quot;:240}\"><\/span><\/li>\n<li data-leveltext=\"-\" data-font=\"Segoe UI\" data-listid=\"6\" data-list-defn-props=\"{&quot;335551671&quot;:80,&quot;335552541&quot;:1,&quot;335559684&quot;:-2,&quot;335559685&quot;:720,&quot;335559991&quot;:360,&quot;469769226&quot;:&quot;Segoe UI&quot;,&quot;469769242&quot;:[8226],&quot;469777803&quot;:&quot;left&quot;,&quot;469777804&quot;:&quot;-&quot;,&quot;469777815&quot;:&quot;hybridMultilevel&quot;}\" aria-setsize=\"-1\" data-aria-posinset=\"80\" data-aria-level=\"1\"><span data-contrast=\"none\">En termes de r\u00f4les m\u00e9diatiques, <\/span><b><span data-contrast=\"none\">les femmes sont sous-repr\u00e9sent\u00e9es parmi les expert.e.s, et plus pr\u00e9sentes dans le r\u00f4le de journaliste-animatrice et de vox populi<\/span><\/b><span data-contrast=\"none\">. Si l\u2019on se fonde sur un \u00e9chantillon commun de cha\u00eenes entre 2017 et 2021, la proportion de femmes au sein des programmes d\u2019information diminue de 3,36 %. <\/span><b><span data-contrast=\"none\">Tous les r\u00f4les m\u00e9diatiques sont majoritairement masculins<\/span><\/b><span data-contrast=\"none\">. Comme en 2017, le r\u00f4le o\u00f9 les femmes sont les moins nombreuses est celui d\u2019expert.e (76,21 % d\u2019hommes pour 23,79 % de femmes), les r\u00f4les m\u00e9diatiques dans le<\/span><span data-contrast=\"none\">s<\/span><span data-contrast=\"none\">quel<\/span><span data-contrast=\"none\">s<\/span><span data-contrast=\"none\"> les femmes sont les plus repr\u00e9sent\u00e9es sont\u202fcelui de journaliste-animatrice (46,14 %) et de vox populi (41,68 %). Cependant, en 2021, dans le programme o\u00f9 les femmes sont le plus repr\u00e9sent\u00e9es, \u00e0 savoir\u202f: le journal t\u00e9l\u00e9vis\u00e9 (40,42 %), celles-ci sont trois fois plus nombreuses parmi les journalistes-animatrices de second plan que les journalistes-animatrices principales (ce qui est \u00e9galement le cas des hommes). Ce qui signe le plus fort taux de femmes au sein de ce r\u00f4le m\u00e9diatique au cours des dix derni\u00e8res ann\u00e9es. Depuis 2011, la pr\u00e9sence des femmes en tant que vox populi a connu une augmentation constante (+4,67 %). Le Barom\u00e8tre 2021 signe le plus fort taux<\/span> <span data-contrast=\"none\">de femmes jamais atteint au sein du r\u00f4le de vox populi. Cela nous confirme qu\u2019elles apparaissent davantage dans le registre de l\u2019affect, du \u00ab\u202fpathos\u202f\u00bb que du \u00ab\u202flogos\u202f\u00bb.\u202f\u202f<\/span><span data-contrast=\"none\">\u202f<\/span><span data-ccp-props=\"{&quot;134233117&quot;:false,&quot;134233118&quot;:false,&quot;201341983&quot;:0,&quot;335551550&quot;:6,&quot;335551620&quot;:6,&quot;335559738&quot;:0,&quot;335559739&quot;:0,&quot;335559740&quot;:240}\">\u00a0<\/span><\/li>\n<li data-leveltext=\"-\" data-font=\"Segoe UI\" data-listid=\"6\" data-list-defn-props=\"{&quot;335551671&quot;:80,&quot;335552541&quot;:1,&quot;335559684&quot;:-2,&quot;335559685&quot;:720,&quot;335559991&quot;:360,&quot;469769226&quot;:&quot;Segoe UI&quot;,&quot;469769242&quot;:[8226],&quot;469777803&quot;:&quot;left&quot;,&quot;469777804&quot;:&quot;-&quot;,&quot;469777815&quot;:&quot;hybridMultilevel&quot;}\" aria-setsize=\"-1\" data-aria-posinset=\"80\" data-aria-level=\"1\"><b><span data-contrast=\"auto\">En dix ans de Barom\u00e8tre, on note une augmentation des femmes dans le r\u00f4le de journaliste-animatrice mais qui se concentre toutefois essentiellement sur le r\u00f4le de journaliste-animatrice secondaire. <\/span><\/b><span data-contrast=\"auto\">Ainsi, la proportion de femmes journalistes-animatrices a augment\u00e9 de 9,66 % entre 2011 et 2021. N\u00e9anmoins, on remarque que la proportion de femmes journalistes-animatrices principales a diminu\u00e9 de 4,10 % entre 2013 et 2021, tandis que la proportion de femmes journalistes-animatrices secondaires augmente de 10,57 % entre 2013 et 2021.<\/span><span data-contrast=\"auto\">\u202f<\/span><span data-ccp-props=\"{&quot;134233117&quot;:false,&quot;134233118&quot;:false,&quot;201341983&quot;:0,&quot;335551550&quot;:6,&quot;335551620&quot;:6,&quot;335559738&quot;:0,&quot;335559739&quot;:0,&quot;335559740&quot;:240}\">\u00a0<\/span><\/li>\n<li data-leveltext=\"-\" data-font=\"Segoe UI\" data-listid=\"6\" data-list-defn-props=\"{&quot;335551671&quot;:80,&quot;335552541&quot;:1,&quot;335559684&quot;:-2,&quot;335559685&quot;:720,&quot;335559991&quot;:360,&quot;469769226&quot;:&quot;Segoe UI&quot;,&quot;469769242&quot;:[8226],&quot;469777803&quot;:&quot;left&quot;,&quot;469777804&quot;:&quot;-&quot;,&quot;469777815&quot;:&quot;hybridMultilevel&quot;}\" aria-setsize=\"-1\" data-aria-posinset=\"80\" data-aria-level=\"1\"><span data-contrast=\"auto\">Enfin, en dix ans de Barom\u00e8tre, on identifie <\/span><b><span data-contrast=\"auto\">une augmentation des femmes dans le r\u00f4le d\u2019expert.e et de porte-parole.<\/span><\/b><span data-contrast=\"auto\"> Ainsi, la proportion de femmes dans le r\u00f4le d\u2019expert.e a augment\u00e9 de 8,44 % entre 2011 et 2021, quant \u00e0 celui de porte-parole, elle a augment\u00e9 de 12,64 % entre 2011 et 2021. Elles sont n\u00e9anmoins sous-repr\u00e9sent\u00e9es dans ces r\u00f4les comparativement \u00e0 leur pr\u00e9sence dans la soci\u00e9t\u00e9 belge.<\/span><span data-contrast=\"auto\">\u202f<\/span><span data-ccp-props=\"{&quot;134233117&quot;:false,&quot;134233118&quot;:false,&quot;201341983&quot;:0,&quot;335551550&quot;:6,&quot;335551620&quot;:6,&quot;335559738&quot;:0,&quot;335559739&quot;:0,&quot;335559740&quot;:240}\">\u00a0<\/span><\/li>\n<\/ul>\n<p>[\/et_pb_toggle][\/et_pb_column][\/et_pb_row][\/et_pb_section]<\/p>\n","protected":false},"excerpt":{"rendered":"<p>Le genre en brefLe genreOn enregistre une augmentation de 7,94 % des femmes entre 2011 et 2021. (Slide 1)Bien que les femmes restent sous-repr\u00e9sent\u00e9es dans les m\u00e9dias au regard de leur pr\u00e9sence dans la soci\u00e9t\u00e9, elles constituent la seule cat\u00e9gorie qui conna\u00eet une augmentation significative sur l\u2019ensemble des Barom\u00e8tres. \u00a0 Cette augmentation s\u2019est notamment traduite [&hellip;]<\/p>\n","protected":false},"author":2,"featured_media":0,"parent":3463,"menu_order":0,"comment_status":"closed","ping_status":"closed","template":"","meta":{"_et_pb_use_builder":"on","_et_pb_old_content":"","_et_gb_content_width":"","footnotes":""},"class_list":["post-3312","page","type-page","status-publish","hentry"],"_links":{"self":[{"href":"https:\/\/www.csa.be\/egalitediversite\/wp-json\/wp\/v2\/pages\/3312","targetHints":{"allow":["GET"]}}],"collection":[{"href":"https:\/\/www.csa.be\/egalitediversite\/wp-json\/wp\/v2\/pages"}],"about":[{"href":"https:\/\/www.csa.be\/egalitediversite\/wp-json\/wp\/v2\/types\/page"}],"author":[{"embeddable":true,"href":"https:\/\/www.csa.be\/egalitediversite\/wp-json\/wp\/v2\/users\/2"}],"replies":[{"embeddable":true,"href":"https:\/\/www.csa.be\/egalitediversite\/wp-json\/wp\/v2\/comments?post=3312"}],"version-history":[{"count":23,"href":"https:\/\/www.csa.be\/egalitediversite\/wp-json\/wp\/v2\/pages\/3312\/revisions"}],"predecessor-version":[{"id":3610,"href":"https:\/\/www.csa.be\/egalitediversite\/wp-json\/wp\/v2\/pages\/3312\/revisions\/3610"}],"up":[{"embeddable":true,"href":"https:\/\/www.csa.be\/egalitediversite\/wp-json\/wp\/v2\/pages\/3463"}],"wp:attachment":[{"href":"https:\/\/www.csa.be\/egalitediversite\/wp-json\/wp\/v2\/media?parent=3312"}],"curies":[{"name":"wp","href":"https:\/\/api.w.org\/{rel}","templated":true}]}}