{"id":3463,"date":"2023-04-14T16:03:18","date_gmt":"2023-04-14T14:03:18","guid":{"rendered":"https:\/\/www.csa.be\/egalitediversite\/?page_id=3463"},"modified":"2023-10-10T16:47:09","modified_gmt":"2023-10-10T14:47:09","slug":"barometre-2021-accueil","status":"publish","type":"page","link":"https:\/\/www.csa.be\/egalitediversite\/barometre-2021-accueil\/","title":{"rendered":"Barom\u00e8tre 2021 : Accueil"},"content":{"rendered":"<p>[et_pb_section fb_built=\u00a0\u00bb1&Prime; _builder_version=\u00a0\u00bb4.16&Prime; _module_preset=\u00a0\u00bbdefault\u00a0\u00bb background_color=\u00a0\u00bb#f36f3a\u00a0\u00bb global_colors_info=\u00a0\u00bb{}\u00a0\u00bb][et_pb_row _builder_version=\u00a0\u00bb4.16&Prime; _module_preset=\u00a0\u00bbdefault\u00a0\u00bb global_colors_info=\u00a0\u00bb{}\u00a0\u00bb][et_pb_column type=\u00a0\u00bb4_4&Prime; _builder_version=\u00a0\u00bb4.16&Prime; _module_preset=\u00a0\u00bbdefault\u00a0\u00bb global_colors_info=\u00a0\u00bb{}\u00a0\u00bb][et_pb_menu menu_id=\u00a0\u00bb56&Prime; menu_style=\u00a0\u00bbcentered\u00a0\u00bb active_link_color=\u00a0\u00bb#ffffff\u00a0\u00bb dropdown_menu_bg_color=\u00a0\u00bb#ffffff\u00a0\u00bb dropdown_menu_line_color=\u00a0\u00bb#003160&Prime; dropdown_menu_text_color=\u00a0\u00bb#516bb3&Prime; mobile_menu_bg_color=\u00a0\u00bb#f36f3a\u00a0\u00bb _builder_version=\u00a0\u00bb4.16&Prime; _module_preset=\u00a0\u00bbdefault\u00a0\u00bb menu_text_color=\u00a0\u00bb#ffffff\u00a0\u00bb background_enable_color=\u00a0\u00bboff\u00a0\u00bb global_colors_info=\u00a0\u00bb{}\u00a0\u00bb dropdown_menu_bg_color__hover_enabled=\u00a0\u00bboff|desktop\u00a0\u00bb][\/et_pb_menu][\/et_pb_column][\/et_pb_row][et_pb_row _builder_version=\u00a0\u00bb4.16&Prime; _module_preset=\u00a0\u00bbdefault\u00a0\u00bb global_colors_info=\u00a0\u00bb{}\u00a0\u00bb][et_pb_column type=\u00a0\u00bb4_4&Prime; _builder_version=\u00a0\u00bb4.16&Prime; _module_preset=\u00a0\u00bbdefault\u00a0\u00bb global_colors_info=\u00a0\u00bb{}\u00a0\u00bb][et_pb_image src=\u00a0\u00bbhttps:\/\/www.csa.be\/egalitediversite\/wp-content\/uploads\/sites\/2\/2023\/04\/BAROMETRE-10ans-BLANC_reduit.png\u00a0\u00bb title_text=\u00a0\u00bbBAROMETRE-10ans-BLANC_reduit\u00a0\u00bb align=\u00a0\u00bbcenter\u00a0\u00bb _builder_version=\u00a0\u00bb4.16&Prime; _module_preset=\u00a0\u00bbdefault\u00a0\u00bb global_colors_info=\u00a0\u00bb{}\u00a0\u00bb][\/et_pb_image][\/et_pb_column][\/et_pb_row][\/et_pb_section][et_pb_section fb_built=\u00a0\u00bb1&Prime; _builder_version=\u00a0\u00bb4.16&Prime; _module_preset=\u00a0\u00bbdefault\u00a0\u00bb global_colors_info=\u00a0\u00bb{}\u00a0\u00bb][et_pb_row _builder_version=\u00a0\u00bb4.16&Prime; _module_preset=\u00a0\u00bbdefault\u00a0\u00bb global_colors_info=\u00a0\u00bb{}\u00a0\u00bb][et_pb_column type=\u00a0\u00bb4_4&Prime; _builder_version=\u00a0\u00bb4.16&Prime; _module_preset=\u00a0\u00bbdefault\u00a0\u00bb global_colors_info=\u00a0\u00bb{}\u00a0\u00bb][et_pb_text _builder_version=\u00a0\u00bb4.16&Prime; _module_preset=\u00a0\u00bbdefault\u00a0\u00bb header_2_font=\u00a0\u00bb|800|||||||\u00a0\u00bb header_2_text_color=\u00a0\u00bb#f36f3a\u00a0\u00bb header_3_font=\u00a0\u00bb|800|||on|||#4a6bb4|\u00a0\u00bb global_colors_info=\u00a0\u00bb{}\u00a0\u00bb]<\/p>\n<p><strong><span style=\"color: #f36f3a;\">Le Barom\u00e8tre du CSA est un \u00e9tat des lieux de la place et de la repr\u00e9sentation de l\u2019\u00e9galit\u00e9 et la diversit\u00e9 dans les m\u00e9dias audiovisuels de la F\u00e9d\u00e9ration Wallonie-Bruxelles.<\/span><\/strong><\/p>\n<p>Ce site vous pr\u00e9sente les r\u00e9sultats de la nouvelle \u00e9tude portant sur l&rsquo;\u00e9galit\u00e9 et la diversit\u00e9 dans les services t\u00e9l\u00e9visuels de FWB en 2021 et les met en parall\u00e8le des pr\u00e9c\u00e9dentes \u00e9ditions men\u00e9es au cours des dix derni\u00e8res ann\u00e9es.<\/p>\n<p>&nbsp;<\/p>\n<h2>Pourquoi un Barom\u00e8tre ?<\/h2>\n<p>L\u2019objectif des Barom\u00e8tres du CSA est de dresser un \u00e9tat des lieux de l\u2019\u00e9galit\u00e9 et de la diversit\u00e9 dans les diff\u00e9rents services de m\u00e9dias audiovisuels actifs en F\u00e9d\u00e9ration Wallonie-Bruxelles \u00e0 la lumi\u00e8re des crit\u00e8res de genre, d\u2019origine, d\u2019\u00e2ge, de cat\u00e9gorie socio-professionnelle et de handicap. Avec ce nouveau Barom\u00e8tre sur des donn\u00e9es r\u00e9colt\u00e9es en 2021, il s\u2019agit de la cinqui\u00e8me \u00e9dition portant sur les services t\u00e9l\u00e9visuels depuis sa premi\u00e8re r\u00e9alisation en 2011.<\/p>\n<p style=\"text-align: justify;\">\u00a0Cette \u00e9tude <span>propose donc d\u2019une part les r\u00e9sultats portant sur un \u00e9chantillon de programmes de l&rsquo;ann\u00e9e 2021 mais \u00e9galement un \u00e9tat des lieux de l&rsquo;\u00e9volution de l&rsquo;\u00e9galit\u00e9 et de la diversit\u00e9 dans les programmes t\u00e9l\u00e9visuels apr\u00e8s dix ann\u00e9es de photographies r\u00e9guli\u00e8res des diff\u00e9rentes variables. <\/span><\/p>\n<p><span>Les constats dress\u00e9s dans cette \u00e9dition historique <\/span><span>t\u00e9moignent de peu d&rsquo;\u00e9volutions en mati\u00e8re d&rsquo;\u00e9galit\u00e9 et de diversit\u00e9 \u00e0 l&rsquo;\u00e9cran.<\/span><\/p>\n<p>Depuis 2016, le Barom\u00e8tre de l\u2019Egalit\u00e9 et de la Diversit\u00e9 s\u2019inscrit dans le cadre des missions confi\u00e9es au CSA par le l\u00e9gislateur. En effet, depuis cette ann\u00e9e-l\u00e0, l\u2019article 9.1.2-3. &#8211; \u00a71 15\u00b0 du D\u00e9cret coordonn\u00e9 sur les services de m\u00e9dias audiovisuels et services de partage de vid\u00e9os confie au Coll\u00e8ge d\u2019autorisation et de contr\u00f4le du CSA, la mission \u00ab\u00a0de participer \u00e0 la r\u00e9alisation d\u2019une analyse p\u00e9riodique comportant des recommandations sp\u00e9cifiques et encourageant la diffusion <span>des bonnes pratiques<\/span> concernant la repr\u00e9sentation \u00e9quilibr\u00e9e des femmes et des hommes\u00a0\u00bb. Toutefois, convaincu de l\u2019utilit\u00e9 sociale de ce Barom\u00e8tre qui participe \u00e0 mettre la question de la diversit\u00e9 et de l\u2019\u00e9galit\u00e9 \u00e0 l\u2019agenda des politiques publiques, de la r\u00e9gulation audiovisuelle et des m\u00e9dias, le CSA poursuit l\u2019analyse des diff\u00e9rents crit\u00e8res d\u2019\u00e9galit\u00e9 et de diversit\u00e9 au-del\u00e0 des obligations d\u00e9cr\u00e9tales en mati\u00e8re d\u2019\u00e9galit\u00e9 entre les femmes et les hommes.<\/p>\n<p>\u00a0<a href=\"https:\/\/www.csa.be\/egalitediversite\/10ans-couleur_reduit\/\"><img loading=\"lazy\" decoding=\"async\" src=\"https:\/\/www.csa.be\/egalitediversite\/wp-content\/uploads\/sites\/2\/2023\/04\/10ans-couleur_reduit.png\" alt=\"\" class=\"wp-image-3322 aligncenter size-full\" style=\"display: block; margin-left: auto; margin-right: auto;\" width=\"113\" height=\"114\" \/><\/a><\/p>\n<h2 style=\"text-align: center;\">10 ans de Barom\u00e8tres<\/h2>\n<p><span style=\"color: #4a6bb4;\"><strong><span style=\"text-decoration: underline;\"><\/span><\/strong><\/span><\/p>\n<p>&nbsp;<\/p>\n<p>[\/et_pb_text][et_pb_text _builder_version=\u00a0\u00bb4.16&Prime; _module_preset=\u00a0\u00bbdefault\u00a0\u00bb global_colors_info=\u00a0\u00bb{}\u00a0\u00bb]<\/p>\n<p><span style=\"color: #4a6bb4;\"><strong><span style=\"text-decoration: underline;\">Les \u00e9ditions consacr\u00e9es aux programmes des services t\u00e9l\u00e9visuels:<\/span><\/strong><\/span><\/p>\n<p>[\/et_pb_text][\/et_pb_column][\/et_pb_row][et_pb_row column_structure=\u00a0\u00bb1_5,1_5,1_5,1_5,1_5&Prime; _builder_version=\u00a0\u00bb4.16&Prime; _module_preset=\u00a0\u00bbdefault\u00a0\u00bb global_colors_info=\u00a0\u00bb{}\u00a0\u00bb][et_pb_column type=\u00a0\u00bb1_5&Prime; _builder_version=\u00a0\u00bb4.16&Prime; _module_preset=\u00a0\u00bbdefault\u00a0\u00bb global_colors_info=\u00a0\u00bb{}\u00a0\u00bb][et_pb_image src=\u00a0\u00bbhttps:\/\/www.csa.be\/egalitediversite\/wp-content\/uploads\/sites\/2\/2023\/04\/BAROMETRE2011-scaled.jpg\u00a0\u00bb title_text=\u00a0\u00bbBAROMETRE2011&Prime; url=\u00a0\u00bbhttps:\/\/www.csa.be\/document\/barometre-de-la-diversite-et-de-legalite-dans-les-medias-audiovisuels-de-la-communaute-francaise-mars-2011\/\u00a0\u00bb _builder_version=\u00a0\u00bb4.16&Prime; _module_preset=\u00a0\u00bbdefault\u00a0\u00bb box_shadow_style=\u00a0\u00bbpreset3&Prime; global_colors_info=\u00a0\u00bb{}\u00a0\u00bb][\/et_pb_image][\/et_pb_column][et_pb_column type=\u00a0\u00bb1_5&Prime; _builder_version=\u00a0\u00bb4.16&Prime; _module_preset=\u00a0\u00bbdefault\u00a0\u00bb global_colors_info=\u00a0\u00bb{}\u00a0\u00bb][et_pb_image src=\u00a0\u00bbhttps:\/\/www.csa.be\/egalitediversite\/wp-content\/uploads\/sites\/2\/2023\/04\/Barometre2012-scaled.jpg\u00a0\u00bb title_text=\u00a0\u00bbBarom\u00e8tre2012&Prime; url=\u00a0\u00bbhttps:\/\/www.csa.be\/document\/2e-barometre-de-la-diversite-et-de-legalite-mars-2012\/\u00a0\u00bb _builder_version=\u00a0\u00bb4.16&Prime; _module_preset=\u00a0\u00bbdefault\u00a0\u00bb box_shadow_style=\u00a0\u00bbpreset3&Prime; global_colors_info=\u00a0\u00bb{}\u00a0\u00bb][\/et_pb_image][\/et_pb_column][et_pb_column type=\u00a0\u00bb1_5&Prime; _builder_version=\u00a0\u00bb4.16&Prime; _module_preset=\u00a0\u00bbdefault\u00a0\u00bb global_colors_info=\u00a0\u00bb{}\u00a0\u00bb][et_pb_image src=\u00a0\u00bbhttps:\/\/www.csa.be\/egalitediversite\/wp-content\/uploads\/sites\/2\/2023\/04\/Barometre-2013-scaled.jpg\u00a0\u00bb title_text=\u00a0\u00bbBarom\u00e8tre 2013&Prime; url=\u00a0\u00bbhttps:\/\/www.csa.be\/document\/3e-barometre-de-legalite-et-de-la-diversite-dans-les-medias-audiovisuels-mars-2013\/\u00a0\u00bb _builder_version=\u00a0\u00bb4.16&Prime; _module_preset=\u00a0\u00bbdefault\u00a0\u00bb box_shadow_style=\u00a0\u00bbpreset3&Prime; global_colors_info=\u00a0\u00bb{}\u00a0\u00bb][\/et_pb_image][\/et_pb_column][et_pb_column type=\u00a0\u00bb1_5&Prime; _builder_version=\u00a0\u00bb4.16&Prime; _module_preset=\u00a0\u00bbdefault\u00a0\u00bb global_colors_info=\u00a0\u00bb{}\u00a0\u00bb][et_pb_image src=\u00a0\u00bbhttps:\/\/www.csa.be\/egalitediversite\/wp-content\/uploads\/sites\/2\/2023\/04\/barometre2017-scaled.jpg\u00a0\u00bb title_text=\u00a0\u00bbbarometre2017&Prime; url=\u00a0\u00bbhttps:\/\/www.csa.be\/document\/barometre-diversite-et-egalite-2017-programme-tv\/\u00a0\u00bb _builder_version=\u00a0\u00bb4.16&Prime; _module_preset=\u00a0\u00bbdefault\u00a0\u00bb box_shadow_style=\u00a0\u00bbpreset3&Prime; global_colors_info=\u00a0\u00bb{}\u00a0\u00bb][\/et_pb_image][\/et_pb_column][et_pb_column type=\u00a0\u00bb1_5&Prime; _builder_version=\u00a0\u00bb4.16&Prime; _module_preset=\u00a0\u00bbdefault\u00a0\u00bb global_colors_info=\u00a0\u00bb{}\u00a0\u00bb][et_pb_image src=\u00a0\u00bbhttps:\/\/www.csa.be\/egalitediversite\/wp-content\/uploads\/sites\/2\/2023\/04\/barometre2021-10ANS-scaled.jpg\u00a0\u00bb title_text=\u00a0\u00bbbarometre2021-10ANS\u00a0\u00bb url=\u00a0\u00bbhttps:\/\/www.csa.be\/wp-content\/uploads\/2023\/10\/CSA_barometre-10ANS-2023-WEB.pdf\u00a0\u00bb _builder_version=\u00a0\u00bb4.21.0&Prime; _module_preset=\u00a0\u00bbdefault\u00a0\u00bb hover_enabled=\u00a0\u00bb0&Prime; box_shadow_style=\u00a0\u00bbpreset3&Prime; global_colors_info=\u00a0\u00bb{}\u00a0\u00bb sticky_enabled=\u00a0\u00bb0&Prime;][\/et_pb_image][\/et_pb_column][\/et_pb_row][et_pb_row _builder_version=\u00a0\u00bb4.16&Prime; _module_preset=\u00a0\u00bbdefault\u00a0\u00bb global_colors_info=\u00a0\u00bb{}\u00a0\u00bb][et_pb_column type=\u00a0\u00bb4_4&Prime; _builder_version=\u00a0\u00bb4.16&Prime; _module_preset=\u00a0\u00bbdefault\u00a0\u00bb global_colors_info=\u00a0\u00bb{}\u00a0\u00bb][et_pb_text _builder_version=\u00a0\u00bb4.16&Prime; _module_preset=\u00a0\u00bbdefault\u00a0\u00bb global_colors_info=\u00a0\u00bb{}\u00a0\u00bb]<\/p>\n<p><span style=\"color: #4a6bb4;\"><strong><span style=\"text-decoration: underline;\">Les \u00e9ditions consacr\u00e9es aux publicit\u00e9s:<\/span><\/strong><\/span><\/p>\n<p>[\/et_pb_text][\/et_pb_column][\/et_pb_row][et_pb_row column_structure=\u00a0\u00bb1_5,1_5,1_5,1_5,1_5&Prime; _builder_version=\u00a0\u00bb4.16&Prime; _module_preset=\u00a0\u00bbdefault\u00a0\u00bb global_colors_info=\u00a0\u00bb{}\u00a0\u00bb][et_pb_column type=\u00a0\u00bb1_5&Prime; _builder_version=\u00a0\u00bb4.16&Prime; _module_preset=\u00a0\u00bbdefault\u00a0\u00bb global_colors_info=\u00a0\u00bb{}\u00a0\u00bb][et_pb_image src=\u00a0\u00bbhttps:\/\/www.csa.be\/egalitediversite\/wp-content\/uploads\/sites\/2\/2023\/04\/barometre2017-partiecomcommerciale-scaled.jpg\u00a0\u00bb title_text=\u00a0\u00bbbarometre2017-partiecomcommerciale\u00a0\u00bb url=\u00a0\u00bbhttps:\/\/www.csa.be\/wp-content\/uploads\/documents-csa\/CSA_barometre2017-partiecomcommerciale.pdf\u00a0\u00bb _builder_version=\u00a0\u00bb4.16&Prime; _module_preset=\u00a0\u00bbdefault\u00a0\u00bb box_shadow_style=\u00a0\u00bbpreset3&Prime; global_colors_info=\u00a0\u00bb{}\u00a0\u00bb][\/et_pb_image][et_pb_text _builder_version=\u00a0\u00bb4.16&Prime; _module_preset=\u00a0\u00bbdefault\u00a0\u00bb global_colors_info=\u00a0\u00bb{}\u00a0\u00bb]<\/p>\n<p style=\"text-align: center;\"><strong><span style=\"color: #4a6bb4;\">2017<\/span><\/strong><\/p>\n<p style=\"text-align: center;\"><span style=\"color: #4a6bb4;\">La communication commerciale en TV<\/span><\/p>\n<p>[\/et_pb_text][\/et_pb_column][et_pb_column type=\u00a0\u00bb1_5&Prime; _builder_version=\u00a0\u00bb4.16&Prime; _module_preset=\u00a0\u00bbdefault\u00a0\u00bb global_colors_info=\u00a0\u00bb{}\u00a0\u00bb][et_pb_image src=\u00a0\u00bbhttps:\/\/www.csa.be\/egalitediversite\/wp-content\/uploads\/sites\/2\/2023\/04\/CSA_Barometre_Pub_2019-1-1-scaled.jpg\u00a0\u00bb title_text=\u00a0\u00bbCSA_Barometre_Pub_2019-1&Prime; url=\u00a0\u00bbhttps:\/\/www.csa.be\/document\/barometre-2019-publicites-radios\/\u00a0\u00bb _builder_version=\u00a0\u00bb4.16&Prime; _module_preset=\u00a0\u00bbdefault\u00a0\u00bb box_shadow_style=\u00a0\u00bbpreset3&Prime; global_colors_info=\u00a0\u00bb{}\u00a0\u00bb][\/et_pb_image][et_pb_text _builder_version=\u00a0\u00bb4.16&Prime; _module_preset=\u00a0\u00bbdefault\u00a0\u00bb global_colors_info=\u00a0\u00bb{}\u00a0\u00bb]<\/p>\n<p style=\"text-align: center;\"><strong><span style=\"color: #4a6bb4;\">2019<\/span><\/strong><\/p>\n<p style=\"text-align: center;\"><span style=\"color: #4a6bb4;\">La communication commerciale en radio<\/span><\/p>\n<p>[\/et_pb_text][\/et_pb_column][et_pb_column type=\u00a0\u00bb1_5&Prime; _builder_version=\u00a0\u00bb4.16&Prime; _module_preset=\u00a0\u00bbdefault\u00a0\u00bb global_colors_info=\u00a0\u00bb{}\u00a0\u00bb][\/et_pb_column][et_pb_column type=\u00a0\u00bb1_5&Prime; _builder_version=\u00a0\u00bb4.16&Prime; _module_preset=\u00a0\u00bbdefault\u00a0\u00bb global_colors_info=\u00a0\u00bb{}\u00a0\u00bb][\/et_pb_column][et_pb_column type=\u00a0\u00bb1_5&Prime; _builder_version=\u00a0\u00bb4.16&Prime; _module_preset=\u00a0\u00bbdefault\u00a0\u00bb global_colors_info=\u00a0\u00bb{}\u00a0\u00bb][\/et_pb_column][\/et_pb_row][et_pb_row _builder_version=\u00a0\u00bb4.16&Prime; _module_preset=\u00a0\u00bbdefault\u00a0\u00bb global_colors_info=\u00a0\u00bb{}\u00a0\u00bb][et_pb_column type=\u00a0\u00bb4_4&Prime; _builder_version=\u00a0\u00bb4.16&Prime; _module_preset=\u00a0\u00bbdefault\u00a0\u00bb global_colors_info=\u00a0\u00bb{}\u00a0\u00bb][et_pb_text _builder_version=\u00a0\u00bb4.16&Prime; _module_preset=\u00a0\u00bbdefault\u00a0\u00bb global_colors_info=\u00a0\u00bb{}\u00a0\u00bb]<\/p>\n<p><span style=\"color: #4a6bb4;\"><strong><span style=\"text-decoration: underline;\">Les \u00e9ditions consacr\u00e9es aux programmes en radio:<\/span><\/strong><\/span><\/p>\n<p>[\/et_pb_text][\/et_pb_column][\/et_pb_row][et_pb_row column_structure=\u00a0\u00bb1_5,1_5,1_5,1_5,1_5&Prime; _builder_version=\u00a0\u00bb4.16&Prime; _module_preset=\u00a0\u00bbdefault\u00a0\u00bb global_colors_info=\u00a0\u00bb{}\u00a0\u00bb][et_pb_column type=\u00a0\u00bb1_5&Prime; _builder_version=\u00a0\u00bb4.16&Prime; _module_preset=\u00a0\u00bbdefault\u00a0\u00bb global_colors_info=\u00a0\u00bb{}\u00a0\u00bb][et_pb_image src=\u00a0\u00bbhttps:\/\/www.csa.be\/egalitediversite\/wp-content\/uploads\/sites\/2\/2023\/04\/barometre-RADIO-Programme-2019&#8211;scaled.jpg\u00a0\u00bb title_text=\u00a0\u00bbbarometre-RADIO-Programme-2019-\u00a0\u00bb url=\u00a0\u00bbhttps:\/\/www.csa.be\/egalitediversite\/wp-content\/uploads\/sites\/2\/2021\/09\/CSA_barometre-RADIO-Programme-2019-WEB.pdf\u00a0\u00bb _builder_version=\u00a0\u00bb4.16&Prime; _module_preset=\u00a0\u00bbdefault\u00a0\u00bb box_shadow_style=\u00a0\u00bbpreset3&Prime; global_colors_info=\u00a0\u00bb{}\u00a0\u00bb][\/et_pb_image][\/et_pb_column][et_pb_column type=\u00a0\u00bb1_5&Prime; _builder_version=\u00a0\u00bb4.16&Prime; _module_preset=\u00a0\u00bbdefault\u00a0\u00bb global_colors_info=\u00a0\u00bb{}\u00a0\u00bb][\/et_pb_column][et_pb_column type=\u00a0\u00bb1_5&Prime; _builder_version=\u00a0\u00bb4.16&Prime; _module_preset=\u00a0\u00bbdefault\u00a0\u00bb global_colors_info=\u00a0\u00bb{}\u00a0\u00bb][\/et_pb_column][et_pb_column type=\u00a0\u00bb1_5&Prime; _builder_version=\u00a0\u00bb4.16&Prime; _module_preset=\u00a0\u00bbdefault\u00a0\u00bb global_colors_info=\u00a0\u00bb{}\u00a0\u00bb][\/et_pb_column][et_pb_column type=\u00a0\u00bb1_5&Prime; _builder_version=\u00a0\u00bb4.16&Prime; _module_preset=\u00a0\u00bbdefault\u00a0\u00bb global_colors_info=\u00a0\u00bb{}\u00a0\u00bb][\/et_pb_column][\/et_pb_row][\/et_pb_section]<\/p>\n","protected":false},"excerpt":{"rendered":"<p>Le Barom\u00e8tre du CSA est un \u00e9tat des lieux de la place et de la repr\u00e9sentation de l\u2019\u00e9galit\u00e9 et la diversit\u00e9 dans les m\u00e9dias audiovisuels de la F\u00e9d\u00e9ration Wallonie-Bruxelles. Ce site vous pr\u00e9sente les r\u00e9sultats de la nouvelle \u00e9tude portant sur l&rsquo;\u00e9galit\u00e9 et la diversit\u00e9 dans les services t\u00e9l\u00e9visuels de FWB en 2021 et les [&hellip;]<\/p>\n","protected":false},"author":2,"featured_media":0,"parent":0,"menu_order":0,"comment_status":"closed","ping_status":"closed","template":"","meta":{"_et_pb_use_builder":"on","_et_pb_old_content":"","_et_gb_content_width":"","footnotes":""},"class_list":["post-3463","page","type-page","status-publish","hentry"],"_links":{"self":[{"href":"https:\/\/www.csa.be\/egalitediversite\/wp-json\/wp\/v2\/pages\/3463","targetHints":{"allow":["GET"]}}],"collection":[{"href":"https:\/\/www.csa.be\/egalitediversite\/wp-json\/wp\/v2\/pages"}],"about":[{"href":"https:\/\/www.csa.be\/egalitediversite\/wp-json\/wp\/v2\/types\/page"}],"author":[{"embeddable":true,"href":"https:\/\/www.csa.be\/egalitediversite\/wp-json\/wp\/v2\/users\/2"}],"replies":[{"embeddable":true,"href":"https:\/\/www.csa.be\/egalitediversite\/wp-json\/wp\/v2\/comments?post=3463"}],"version-history":[{"count":20,"href":"https:\/\/www.csa.be\/egalitediversite\/wp-json\/wp\/v2\/pages\/3463\/revisions"}],"predecessor-version":[{"id":3631,"href":"https:\/\/www.csa.be\/egalitediversite\/wp-json\/wp\/v2\/pages\/3463\/revisions\/3631"}],"wp:attachment":[{"href":"https:\/\/www.csa.be\/egalitediversite\/wp-json\/wp\/v2\/media?parent=3463"}],"curies":[{"name":"wp","href":"https:\/\/api.w.org\/{rel}","templated":true}]}}