{"id":722,"date":"2023-10-25T18:20:24","date_gmt":"2023-10-25T16:20:24","guid":{"rendered":"https:\/\/www.csa.be\/elections\/?page_id=722"},"modified":"2025-10-09T09:56:40","modified_gmt":"2025-10-09T07:56:40","slug":"2024-accueil","status":"publish","type":"page","link":"https:\/\/www.csa.be\/elections\/","title":{"rendered":"2024: Accueil"},"content":{"rendered":"<p>[et_pb_section fb_built=\u00a0\u00bb1&Prime; admin_label=\u00a0\u00bbHeader\u00a0\u00bb _builder_version=\u00a0\u00bb4.21.0&Prime; custom_margin=\u00a0\u00bb||0px||false|false\u00a0\u00bb custom_margin_tablet=\u00a0\u00bb||0px||false|false\u00a0\u00bb custom_margin_phone=\u00a0\u00bb\u00a0\u00bb custom_margin_last_edited=\u00a0\u00bbon|desktop\u00a0\u00bb custom_padding=\u00a0\u00bb0px||||false|false\u00a0\u00bb bottom_divider_style=\u00a0\u00bbarrow\u00a0\u00bb bottom_divider_color=\u00a0\u00bb#FFFFFF\u00a0\u00bb global_colors_info=\u00a0\u00bb{}\u00a0\u00bb][et_pb_row column_structure=\u00a0\u00bb3_5,2_5&Prime; _builder_version=\u00a0\u00bb4.21.0&Prime; custom_padding=\u00a0\u00bb0px||0px||false|false\u00a0\u00bb border_width_left=\u00a0\u00bb150px\u00a0\u00bb border_color_left=\u00a0\u00bbrgba(0,0,0,0)\u00a0\u00bb border_width_left_tablet=\u00a0\u00bb0px\u00a0\u00bb border_width_left_phone=\u00a0\u00bb\u00a0\u00bb border_width_left_last_edited=\u00a0\u00bbon|desktop\u00a0\u00bb global_colors_info=\u00a0\u00bb{}\u00a0\u00bb][et_pb_column type=\u00a0\u00bb3_5&Prime; _builder_version=\u00a0\u00bb4.21.0&Prime; background_color=\u00a0\u00bb#f5be2f\u00a0\u00bb background_color_gradient_direction=\u00a0\u00bb90deg\u00a0\u00bb transform_translate_linked=\u00a0\u00bboff\u00a0\u00bb custom_padding=\u00a0\u00bb60px|40px|||false|false\u00a0\u00bb custom_padding_tablet=\u00a0\u00bb40px|40px||40px|false|true\u00a0\u00bb custom_padding_phone=\u00a0\u00bb|20px||20px|false|true\u00a0\u00bb custom_padding_last_edited=\u00a0\u00bbon|phone\u00a0\u00bb box_shadow_vertical_tablet=\u00a0\u00bb-200px\u00a0\u00bb box_shadow_vertical_phone=\u00a0\u00bb-100px\u00a0\u00bb box_shadow_vertical_last_edited=\u00a0\u00bbon|phone\u00a0\u00bb global_colors_info=\u00a0\u00bb{}\u00a0\u00bb][et_pb_text _builder_version=\u00a0\u00bb4.21.0&Prime; header_font=\u00a0\u00bbPrompt|900|||||||\u00a0\u00bb header_text_color=\u00a0\u00bb#000000&Prime; header_font_size=\u00a0\u00bb122px\u00a0\u00bb header_letter_spacing=\u00a0\u00bb7px\u00a0\u00bb z_index=\u00a0\u00bb1&Prime; custom_margin=\u00a0\u00bb|||-150px|false|false\u00a0\u00bb custom_margin_tablet=\u00a0\u00bb|||0px|false|false\u00a0\u00bb custom_margin_phone=\u00a0\u00bb\u00a0\u00bb custom_margin_last_edited=\u00a0\u00bbon|desktop\u00a0\u00bb header_font_size_tablet=\u00a0\u00bb80px\u00a0\u00bb header_font_size_phone=\u00a0\u00bb60px\u00a0\u00bb header_font_size_last_edited=\u00a0\u00bbon|phone\u00a0\u00bb header_letter_spacing_tablet=\u00a0\u00bb0px\u00a0\u00bb header_letter_spacing_phone=\u00a0\u00bb\u00a0\u00bb header_letter_spacing_last_edited=\u00a0\u00bbon|tablet\u00a0\u00bb global_colors_info=\u00a0\u00bb{}\u00a0\u00bb]<\/p>\n<h1><span class=\"ILfuVd\" lang=\"fr\"><span class=\"hgKElc\">\u00c9<\/span><\/span>lections 2024<\/h1>\n<p>[\/et_pb_text][et_pb_image src=\u00a0\u00bbhttps:\/\/www.csa.be\/elections\/wp-content\/uploads\/sites\/5\/2023\/10\/vote-crayon-2.png\u00a0\u00bb alt=\u00a0\u00bbImage d&rsquo;un crayon rouge\u00a0\u00bb title_text=\u00a0\u00bbvote-crayon\u00a0\u00bb _builder_version=\u00a0\u00bb4.21.0&Prime; transform_scale_tablet=\u00a0\u00bb\u00a0\u00bb transform_scale_phone=\u00a0\u00bb\u00a0\u00bb transform_scale_last_edited=\u00a0\u00bbon|desktop\u00a0\u00bb transform_translate=\u00a0\u00bb120px|0px\u00a0\u00bb transform_translate_tablet=\u00a0\u00bb0px|0px\u00a0\u00bb transform_translate_phone=\u00a0\u00bb\u00a0\u00bb transform_translate_last_edited=\u00a0\u00bbon|tablet\u00a0\u00bb transform_translate_linked=\u00a0\u00bboff\u00a0\u00bb transform_rotate_tablet=\u00a0\u00bb\u00a0\u00bb transform_rotate_phone=\u00a0\u00bb\u00a0\u00bb transform_rotate_last_edited=\u00a0\u00bbon|desktop\u00a0\u00bb transform_skew_tablet=\u00a0\u00bb\u00a0\u00bb transform_skew_phone=\u00a0\u00bb\u00a0\u00bb transform_skew_last_edited=\u00a0\u00bbon|desktop\u00a0\u00bb transform_origin_tablet=\u00a0\u00bb\u00a0\u00bb transform_origin_phone=\u00a0\u00bb\u00a0\u00bb transform_origin_last_edited=\u00a0\u00bbon|desktop\u00a0\u00bb transform_styles_last_edited=\u00a0\u00bbon|tablet\u00a0\u00bb max_width=\u00a0\u00bb400px\u00a0\u00bb max_width_tablet=\u00a0\u00bb250px\u00a0\u00bb max_width_phone=\u00a0\u00bb180px\u00a0\u00bb max_width_last_edited=\u00a0\u00bbon|desktop\u00a0\u00bb module_alignment=\u00a0\u00bbright\u00a0\u00bb custom_margin=\u00a0\u00bb-440px||-260px||false|false\u00a0\u00bb custom_margin_tablet=\u00a0\u00bb-50px||-160px||false|false\u00a0\u00bb custom_margin_phone=\u00a0\u00bb||-110px||false|false\u00a0\u00bb custom_margin_last_edited=\u00a0\u00bbon|phone\u00a0\u00bb transform_styles_tablet=\u00a0\u00bb\u00a0\u00bb transform_styles_phone=\u00a0\u00bb\u00a0\u00bb module_alignment_tablet=\u00a0\u00bbcenter\u00a0\u00bb module_alignment_phone=\u00a0\u00bb\u00a0\u00bb module_alignment_last_edited=\u00a0\u00bbon|desktop\u00a0\u00bb global_colors_info=\u00a0\u00bb{}\u00a0\u00bb][\/et_pb_image][\/et_pb_column][et_pb_column type=\u00a0\u00bb2_5&Prime; _builder_version=\u00a0\u00bb4.21.0&Prime; global_colors_info=\u00a0\u00bb{}\u00a0\u00bb][et_pb_text _builder_version=\u00a0\u00bb4.21.0&Prime; text_font=\u00a0\u00bb||||||||\u00a0\u00bb text_line_height=\u00a0\u00bb1.6em\u00a0\u00bb header_font=\u00a0\u00bb||||||||\u00a0\u00bb header_2_font=\u00a0\u00bb||||||||\u00a0\u00bb header_4_font=\u00a0\u00bbPrompt|600||on|||||\u00a0\u00bb header_4_font_size=\u00a0\u00bb12px\u00a0\u00bb header_4_letter_spacing=\u00a0\u00bb2px\u00a0\u00bb header_4_line_height=\u00a0\u00bb1.2em\u00a0\u00bb background_color=\u00a0\u00bb#46afab\u00a0\u00bb z_index=\u00a0\u00bb1&Prime; background_layout=\u00a0\u00bbdark\u00a0\u00bb custom_margin=\u00a0\u00bb|-4vw|||false|false\u00a0\u00bb custom_margin_tablet=\u00a0\u00bb|0vw|||false|false\u00a0\u00bb custom_margin_phone=\u00a0\u00bb\u00a0\u00bb custom_margin_last_edited=\u00a0\u00bbon|tablet\u00a0\u00bb custom_padding=\u00a0\u00bb20px|40px|60px|40px|false|true\u00a0\u00bb custom_padding_tablet=\u00a0\u00bb\u00a0\u00bb custom_padding_phone=\u00a0\u00bb40px|20px|40px|20px|true|true\u00a0\u00bb custom_padding_last_edited=\u00a0\u00bbon|phone\u00a0\u00bb hover_enabled=\u00a0\u00bb0&Prime; locked=\u00a0\u00bboff\u00a0\u00bb global_colors_info=\u00a0\u00bb{}\u00a0\u00bb sticky_enabled=\u00a0\u00bb0&Prime;]<\/p>\n<p><span style=\"font-size: x-large;\">Pr\u00e9c\u00e9dents scrutins<\/span>:<\/p>\n<ul>\n<li><span style=\"text-decoration: underline;\">Dimanche 9 juin 2024:<\/span> \u00e9lections f\u00e9d\u00e9rales, r\u00e9gionales et europ\u00e9ennes<\/li>\n<\/ul>\n<p style=\"text-align: left;\">P\u00e9riode \u00e9lectorale pour l&rsquo;application du r\u00e8glement \u00e0 partir du <span style=\"color: #ffcc00;\"><strong>9 f\u00e9vrier 2024<\/strong><\/span><\/p>\n<ul>\n<li><span style=\"text-decoration: underline;\">Dimanche 13 octobre 2024:<\/span> \u00e9lections communales et provinciales<\/li>\n<\/ul>\n<p>P\u00e9riode \u00e9lectorale pour l&rsquo;application du r\u00e8glement \u00e0 partir du <span style=\"color: #ffcc00;\"><strong>13 juillet 2024<\/strong><\/span><\/p>\n<p>[\/et_pb_text][et_pb_text _builder_version=\u00a0\u00bb4.21.0&Prime; text_font=\u00a0\u00bb||||||||\u00a0\u00bb text_font_size=\u00a0\u00bb16px\u00a0\u00bb text_line_height=\u00a0\u00bb1.6em\u00a0\u00bb header_font=\u00a0\u00bb||||||||\u00a0\u00bb header_2_font=\u00a0\u00bbPrompt|800|||||||\u00a0\u00bb header_2_text_color=\u00a0\u00bb#f76538&Prime; header_2_font_size=\u00a0\u00bb40px\u00a0\u00bb header_2_line_height=\u00a0\u00bb1.2em\u00a0\u00bb z_index=\u00a0\u00bb1&Prime; text_orientation=\u00a0\u00bbright\u00a0\u00bb custom_margin=\u00a0\u00bb80px||||false|false\u00a0\u00bb custom_margin_tablet=\u00a0\u00bb0px||||false|false\u00a0\u00bb custom_margin_phone=\u00a0\u00bb\u00a0\u00bb custom_margin_last_edited=\u00a0\u00bbon|desktop\u00a0\u00bb custom_padding=\u00a0\u00bb|||40px|false|false\u00a0\u00bb custom_padding_tablet=\u00a0\u00bb|||0px|false|false\u00a0\u00bb custom_padding_phone=\u00a0\u00bb\u00a0\u00bb custom_padding_last_edited=\u00a0\u00bbon|desktop\u00a0\u00bb header_2_font_size_tablet=\u00a0\u00bb30px\u00a0\u00bb header_2_font_size_phone=\u00a0\u00bb20px\u00a0\u00bb header_2_font_size_last_edited=\u00a0\u00bbon|phone\u00a0\u00bb text_text_align=\u00a0\u00bbright\u00a0\u00bb locked=\u00a0\u00bboff\u00a0\u00bb global_colors_info=\u00a0\u00bb{}\u00a0\u00bb text_text_align_tablet=\u00a0\u00bbleft\u00a0\u00bb text_text_align_last_edited=\u00a0\u00bbon|desktop\u00a0\u00bb text_text_align_phone=\u00a0\u00bbleft\u00a0\u00bb]<\/p>\n<h2 style=\"text-align: left;\">Un r\u00e8glement<\/h2>\n<p style=\"text-align: left;\">Le r\u00e8glement du Coll\u00e8ge d&rsquo;avis du CSA encadre le traitement m\u00e9diatique des \u00e9lections par les \u00e9diteurs de services de m\u00e9dias audiovisuels<span style=\"color: #ffffff;\"><\/span><\/p>\n<p>[\/et_pb_text][et_pb_button button_url=\u00a0\u00bbhttps:\/\/www.csa.be\/elections\/2024-reglement\/\u00a0\u00bb button_text=\u00a0\u00bbLire\u00a0\u00bb button_alignment=\u00a0\u00bbright\u00a0\u00bb button_alignment_tablet=\u00a0\u00bbleft\u00a0\u00bb button_alignment_phone=\u00a0\u00bb\u00a0\u00bb button_alignment_last_edited=\u00a0\u00bbon|desktop\u00a0\u00bb _builder_version=\u00a0\u00bb4.21.0&Prime; custom_button=\u00a0\u00bbon\u00a0\u00bb button_text_size=\u00a0\u00bb14px\u00a0\u00bb button_text_color=\u00a0\u00bb#ffffff\u00a0\u00bb button_bg_color=\u00a0\u00bb#000000&Prime; button_border_width=\u00a0\u00bb0px\u00a0\u00bb button_border_radius=\u00a0\u00bb0px\u00a0\u00bb button_letter_spacing=\u00a0\u00bb2px\u00a0\u00bb button_font=\u00a0\u00bbPrompt|||on|||||\u00a0\u00bb button_use_icon=\u00a0\u00bboff\u00a0\u00bb custom_padding=\u00a0\u00bb15px|30px|15px|30px|true|true\u00a0\u00bb button_bg_color_last_edited=\u00a0\u00bboff|desktop\u00a0\u00bb locked=\u00a0\u00bboff\u00a0\u00bb global_colors_info=\u00a0\u00bb{}\u00a0\u00bb button_bg_color__hover_enabled=\u00a0\u00bbon\u00a0\u00bb button_bg_color__hover=\u00a0\u00bb#ff6f7e\u00a0\u00bb button_bg_enable_color__hover=\u00a0\u00bbon\u00a0\u00bb button_text_color__hover=\u00a0\u00bb#ffffff\u00a0\u00bb button_border_color__hover=\u00a0\u00bbrgba(0,0,0,0)\u00a0\u00bb][\/et_pb_button][\/et_pb_column][\/et_pb_row][\/et_pb_section][et_pb_section fb_built=\u00a0\u00bb1&Prime; admin_label=\u00a0\u00bbAbout\u00a0\u00bb _builder_version=\u00a0\u00bb4.21.0&Prime; background_color=\u00a0\u00bb#FFFFFF\u00a0\u00bb use_background_color_gradient=\u00a0\u00bbon\u00a0\u00bb background_color_gradient_stops=\u00a0\u00bb#ffffff 86%|#f4f4f4 100%\u00a0\u00bb background_color_gradient_start=\u00a0\u00bb#ffffff\u00a0\u00bb background_color_gradient_start_position=\u00a0\u00bb86%\u00a0\u00bb background_color_gradient_end=\u00a0\u00bb#f4f4f4&Prime; custom_margin=\u00a0\u00bb||||false|false\u00a0\u00bb custom_padding=\u00a0\u00bb||10vw||false|false\u00a0\u00bb bottom_divider_color=\u00a0\u00bb#ffffff\u00a0\u00bb bottom_divider_height=\u00a0\u00bb10vw\u00a0\u00bb global_colors_info=\u00a0\u00bb{}\u00a0\u00bb][et_pb_row _builder_version=\u00a0\u00bb4.16&Prime; custom_padding=\u00a0\u00bb||0px|||\u00a0\u00bb global_colors_info=\u00a0\u00bb{}\u00a0\u00bb][et_pb_column type=\u00a0\u00bb4_4&Prime; _builder_version=\u00a0\u00bb4.16&Prime; global_colors_info=\u00a0\u00bb{}\u00a0\u00bb][et_pb_text _builder_version=\u00a0\u00bb4.21.0&Prime; header_font=\u00a0\u00bb||||||||\u00a0\u00bb header_2_font=\u00a0\u00bbPrompt|200|||||||\u00a0\u00bb header_2_font_size=\u00a0\u00bb60px\u00a0\u00bb header_2_line_height=\u00a0\u00bb1.2em\u00a0\u00bb header_4_font=\u00a0\u00bbPrompt|600||on|||||\u00a0\u00bb header_4_font_size=\u00a0\u00bb14px\u00a0\u00bb header_4_letter_spacing=\u00a0\u00bb2px\u00a0\u00bb header_4_line_height=\u00a0\u00bb1.2em\u00a0\u00bb z_index=\u00a0\u00bb1&Prime; text_orientation=\u00a0\u00bbcenter\u00a0\u00bb max_width=\u00a0\u00bb800px\u00a0\u00bb module_alignment=\u00a0\u00bbcenter\u00a0\u00bb header_2_font_size_tablet=\u00a0\u00bb40px\u00a0\u00bb header_2_font_size_phone=\u00a0\u00bb25px\u00a0\u00bb header_2_font_size_last_edited=\u00a0\u00bbon|phone\u00a0\u00bb text_orientation_tablet=\u00a0\u00bbleft\u00a0\u00bb text_orientation_phone=\u00a0\u00bb\u00a0\u00bb text_orientation_last_edited=\u00a0\u00bbon|desktop\u00a0\u00bb locked=\u00a0\u00bboff\u00a0\u00bb global_colors_info=\u00a0\u00bb{}\u00a0\u00bb]<\/p>\n<h2><strong>Le site \u00e9lections du CSA<br \/><\/strong><\/h2>\n<h2>Un outil \u00e0 destination des services de m\u00e9dias audiovisuels et du public<\/h2>\n<p>[\/et_pb_text][\/et_pb_column][\/et_pb_row][et_pb_row _builder_version=\u00a0\u00bb4.16&Prime; custom_padding=\u00a0\u00bb25px|||||\u00a0\u00bb global_colors_info=\u00a0\u00bb{}\u00a0\u00bb][et_pb_column type=\u00a0\u00bb4_4&Prime; _builder_version=\u00a0\u00bb4.16&Prime; global_colors_info=\u00a0\u00bb{}\u00a0\u00bb][et_pb_text _builder_version=\u00a0\u00bb4.21.0&Prime; text_font=\u00a0\u00bb||||||||\u00a0\u00bb text_font_size=\u00a0\u00bb16px\u00a0\u00bb text_line_height=\u00a0\u00bb1.8em\u00a0\u00bb text_font_size_tablet=\u00a0\u00bb\u00a0\u00bb text_font_size_phone=\u00a0\u00bb14px\u00a0\u00bb text_font_size_last_edited=\u00a0\u00bbon|desktop\u00a0\u00bb global_colors_info=\u00a0\u00bb{}\u00a0\u00bb]<\/p>\n<p style=\"text-align: justify;\">\u00a0nesLes \u00e9lections constituent un moment particulier de la vie d\u00e9mocratique et un moment important pour les m\u00e9dias audiovisuels de la F\u00e9d\u00e9ration Wallonie-Bruxelles qui assurent leur couverture.<\/p>\n<p style=\"text-align: justify;\">Bien souvent, les citoyens et citoyennes privil\u00e9gient ces canaux pour acc\u00e9der \u00e0 l\u2019information n\u00e9cessaire \u00e0 fa\u00e7onner leur point de vue et \u00e0 effectuer leur choix en pleine connaissance de cause. De ce fait, la responsabilit\u00e9 des m\u00e9dias dans la couverture des \u00e9lections est fondamentale.<\/p>\n<p style=\"text-align: justify;\">Afin d\u2019assurer cette responsabilit\u00e9, les m\u00e9dias audiovisuels sont tenus de respecter un r\u00e8glement. Certains principes de celui-ci s&rsquo;appliquent \u00e9galement aux \u00e9diteurs qui ne couvrent pas les \u00e9lections et ne diffusent pas de programme d&rsquo;information.<\/p>\n<p style=\"text-align: justify;\">Ce r\u00e8glement, adopt\u00e9 par le Coll\u00e8ge d\u2019avis du CSA qui repr\u00e9sente le secteur audiovisuel, impose d\u2019adopter un dispositif \u00e9lectoral pour chaque cha\u00eene de radio, de t\u00e9l\u00e9vision ou de m\u00e9dias en ligne (podcast, vid\u00e9os, etc\u2026) qui souhaite couvrir les \u00e9lections.<\/p>\n<p style=\"text-align: justify;\">Ce dispositif \u00e9lectoral d\u00e9crit la mani\u00e8re dont ils vont couvrir les \u00e9lections car il leur revient de d\u00e9finir les modalit\u00e9s de cette couverture compte tenu de leur libert\u00e9 \u00e9ditoriale.<\/p>\n<p style=\"text-align: justify;\">N\u00e9anmoins, ces modalit\u00e9s doivent respecter certains principes (\u00e9quilibre, repr\u00e9sentativit\u00e9, l\u2019interdiction de diffuser des propos ou des images incitant \u00e0 la haine et \u00e0 la discrimination,\u2026) qui sous-tendent l\u2019esprit d\u00e9mocratique pr\u00e9valant en toute p\u00e9riode \u00e9lectorale.<\/p>\n<p style=\"text-align: justify;\">Il est important de pr\u00e9ciser que l\u2019adoption d\u2019un dispositif est certes obligatoire mais qu\u2019elle est aussi destin\u00e9e \u00e0 faciliter le travail des m\u00e9dias qui couvrent les \u00e9lections. En effet, un dispositif bien r\u00e9fl\u00e9chi et r\u00e9dig\u00e9, par rapport aux grands principes du r\u00e8glement, diminue fortement le risque de contestations de la part des candidats et candidates, des partis, des listes et des \u00e9lecteurs et \u00e9lectrices puisqu\u2019il garantit la transparence des d\u00e9bats.<\/p>\n<p><strong>Ce site permet aux \u00e9diteurs et au grand public de mieux comprendre les r\u00e8gles qui s&rsquo;appliquent aux m\u00e9dias durant les p\u00e9riodes \u00e9lectorales. Les contenus qu&rsquo;il propose ne dispensent donc pas les \u00e9diteurs de prendre connaissance de l\u2019enti\u00e8ret\u00e9 du \u00ab\u202f<a href=\"https:\/\/www.csa.be\/elections\/2024-reglement\/\">r\u00e8glement \u00e9lectio<\/a><a href=\"https:\/\/www.csa.be\/elections\/2024-reglement\/\">ns<\/a>\u202f\u00bb afin de prendre leurs dispositions pour respecter le cadre l\u00e9gal durant ces p\u00e9riodes. Les \u00e9diteurs qui ont choisi de ne pas couvrir la p\u00e9riode \u00e9lectorale sont enfin \u00e9galement concern\u00e9s par certaines obligations.\u00a0<\/strong><\/p>\n<p><span data-ccp-props=\"{&quot;201341983&quot;:0,&quot;335557856&quot;:16777215,&quot;335559739&quot;:0,&quot;335559740&quot;:240}\">\u00a0<\/span><\/p>\n<p style=\"text-align: justify;\">\n<p><o:p><\/o:p><\/p>\n<p>[\/et_pb_text][\/et_pb_column][\/et_pb_row][\/et_pb_section]<\/p>\n","protected":false},"excerpt":{"rendered":"<p>\u00c9lections 2024Pr\u00e9c\u00e9dents scrutins: Dimanche 9 juin 2024: \u00e9lections f\u00e9d\u00e9rales, r\u00e9gionales et europ\u00e9ennes P\u00e9riode \u00e9lectorale pour l&rsquo;application du r\u00e8glement \u00e0 partir du 9 f\u00e9vrier 2024 Dimanche 13 octobre 2024: \u00e9lections communales et provinciales P\u00e9riode \u00e9lectorale pour l&rsquo;application du r\u00e8glement \u00e0 partir du 13 juillet 2024Un r\u00e8glement Le r\u00e8glement du Coll\u00e8ge d&rsquo;avis du CSA encadre le traitement [&hellip;]<\/p>\n","protected":false},"author":2,"featured_media":0,"parent":0,"menu_order":0,"comment_status":"closed","ping_status":"closed","template":"","meta":{"_et_pb_use_builder":"on","_et_pb_old_content":"","_et_gb_content_width":"","footnotes":""},"class_list":["post-722","page","type-page","status-publish","hentry"],"_links":{"self":[{"href":"https:\/\/www.csa.be\/elections\/wp-json\/wp\/v2\/pages\/722","targetHints":{"allow":["GET"]}}],"collection":[{"href":"https:\/\/www.csa.be\/elections\/wp-json\/wp\/v2\/pages"}],"about":[{"href":"https:\/\/www.csa.be\/elections\/wp-json\/wp\/v2\/types\/page"}],"author":[{"embeddable":true,"href":"https:\/\/www.csa.be\/elections\/wp-json\/wp\/v2\/users\/2"}],"replies":[{"embeddable":true,"href":"https:\/\/www.csa.be\/elections\/wp-json\/wp\/v2\/comments?post=722"}],"version-history":[{"count":26,"href":"https:\/\/www.csa.be\/elections\/wp-json\/wp\/v2\/pages\/722\/revisions"}],"predecessor-version":[{"id":1295,"href":"https:\/\/www.csa.be\/elections\/wp-json\/wp\/v2\/pages\/722\/revisions\/1295"}],"wp:attachment":[{"href":"https:\/\/www.csa.be\/elections\/wp-json\/wp\/v2\/media?parent=722"}],"curies":[{"name":"wp","href":"https:\/\/api.w.org\/{rel}","templated":true}]}}