{"id":1185,"date":"2022-11-08T14:33:49","date_gmt":"2022-11-08T13:33:49","guid":{"rendered":"https:\/\/www.csa.be\/map\/?page_id=1185"},"modified":"2022-11-16T20:10:30","modified_gmt":"2022-11-16T19:10:30","slug":"map-2022-la-vod-gagne-du-terrain","status":"publish","type":"page","link":"https:\/\/www.csa.be\/map\/map-2022-accueil\/map-2022-la-vod-gagne-du-terrain\/","title":{"rendered":"MAP 2022 &#8211; La VOD gagne du terrain"},"content":{"rendered":"<p>[et_pb_section fb_built=\u00a0\u00bb1&Prime; _builder_version=\u00a0\u00bb4.6.6&Prime; _module_preset=\u00a0\u00bbdefault\u00a0\u00bb width=\u00a0\u00bb100%\u00a0\u00bb max_width=\u00a0\u00bb100%\u00a0\u00bb custom_css_main_element=\u00a0\u00bbmin-height:100vh \u00ab\u00a0][et_pb_row column_structure=\u00a0\u00bb2_5,3_5&Prime; _builder_version=\u00a0\u00bb4.6.6&Prime; _module_preset=\u00a0\u00bbdefault\u00a0\u00bb width=\u00a0\u00bb90%\u00a0\u00bb max_width=\u00a0\u00bb100%\u00a0\u00bb][et_pb_column type=\u00a0\u00bb2_5&Prime; _builder_version=\u00a0\u00bb4.6.6&Prime; _module_preset=\u00a0\u00bbdefault\u00a0\u00bb][et_pb_text _builder_version=\u00a0\u00bb4.6.6&Prime; text_font=\u00a0\u00bbVarela Round||||||||\u00a0\u00bb text_text_color=\u00a0\u00bb#ef7d00&Prime; header_font=\u00a0\u00bb||||||||\u00a0\u00bb header_text_color=\u00a0\u00bb#ef7d00&Prime; header_2_font=\u00a0\u00bb|700|||||||\u00a0\u00bb header_2_text_color=\u00a0\u00bb#ef7d00&Prime; header_2_font_size=\u00a0\u00bb36px\u00a0\u00bb header_2_line_height=\u00a0\u00bb1.3em\u00a0\u00bb custom_margin=\u00a0\u00bb||20px|\u00a0\u00bb animation_style=\u00a0\u00bbslide\u00a0\u00bb animation_direction=\u00a0\u00bbbottom\u00a0\u00bb animation_intensity_slide=\u00a0\u00bb10%\u00a0\u00bb locked=\u00a0\u00bboff\u00a0\u00bb header_font_size__hover=\u00a0\u00bb30px\u00a0\u00bb header_font_size__hover_enabled=\u00a0\u00bb30px\u00a0\u00bb header_letter_spacing__hover=\u00a0\u00bb0px\u00a0\u00bb header_letter_spacing__hover_enabled=\u00a0\u00bb0px\u00a0\u00bb header_text_shadow_style__hover=\u00a0\u00bbnone\u00a0\u00bb header_text_shadow_style__hover_enabled=\u00a0\u00bbnone\u00a0\u00bb header_text_shadow_color__hover=\u00a0\u00bbrgba(0,0,0,0.4)\u00a0\u00bb header_text_shadow_color__hover_enabled=\u00a0\u00bbrgba(0,0,0,0.4)\u00a0\u00bb]<\/p>\n<h2><strong>La VOD gagne du terrain ann\u00e9es apr\u00e8s ann\u00e9es<\/strong>.<\/h2>\n<p>[\/et_pb_text][et_pb_divider color=\u00a0\u00bb#f0aa00&Prime; divider_weight=\u00a0\u00bb4px\u00a0\u00bb disabled_on=\u00a0\u00bbon|on|off\u00a0\u00bb _builder_version=\u00a0\u00bb4.6.6&Prime; background_size=\u00a0\u00bbinitial\u00a0\u00bb background_position=\u00a0\u00bbtop_left\u00a0\u00bb background_repeat=\u00a0\u00bbrepeat\u00a0\u00bb max_width=\u00a0\u00bb40px\u00a0\u00bb module_alignment=\u00a0\u00bbleft\u00a0\u00bb custom_margin=\u00a0\u00bb||10px|\u00a0\u00bb animation_style=\u00a0\u00bbzoom\u00a0\u00bb animation_direction=\u00a0\u00bbleft\u00a0\u00bb saved_tabs=\u00a0\u00bball\u00a0\u00bb locked=\u00a0\u00bboff\u00a0\u00bb][\/et_pb_divider][et_pb_text _builder_version=\u00a0\u00bb4.6.6&Prime; _module_preset=\u00a0\u00bbdefault\u00a0\u00bb text_font_size=\u00a0\u00bb18px\u00a0\u00bb]<\/p>\n<p style=\"text-align: justify;\">En 2021, 56,8% des r\u00e9pondant.e.s en consomment, en partie de mani\u00e8re combin\u00e9e \u00e0 la t\u00e9l\u00e9vision. (Slide 1)<\/p>\n<p style=\"text-align: justify;\">Ils \u00e9taient 53,4% en 2019, de sorte qu\u2019on rel\u00e8ve une augmentation de +3,4% (Slide 2). En outre, en 2021, 21,5% des personnes regardent de la vid\u00e9o \u00e0 la demande uniquement (contre 19% en 2019, c\u2019est-\u00e0-dire une augmentation de +2,5%). (Slide 3)<\/p>\n<p style=\"text-align: justify;\">Malgr\u00e9 ce caract\u00e8re incontournable, le visionnage quotidien de la vid\u00e9o \u00e0 la demande chez soi reste moins fr\u00e9quent que celui de la t\u00e9l\u00e9vision, qui est regard\u00e9e quotidiennement par 84,2% de ses consommateur.trice.s (contre 43,8% pour la VOD payante et 39,6% pour la VOD gratuite<a href=\"#_ftn3\" name=\"_ftnref3\"><span><\/span><\/a>). (Slide 4) Sur la p\u00e9riode de 2019 \u00e0 2021, le visionnage quotidien de VOD payante chez soi a augment\u00e9 de +8%.<\/p>\n<p>[\/et_pb_text][\/et_pb_column][et_pb_column type=\u00a0\u00bb3_5&Prime; _builder_version=\u00a0\u00bb4.6.6&Prime; _module_preset=\u00a0\u00bbdefault\u00a0\u00bb background_color=\u00a0\u00bb#F1F1F1&Prime; custom_padding=\u00a0\u00bb25px|25px|25px|25px|false|false\u00a0\u00bb box_shadow_style=\u00a0\u00bbpreset3&Prime;][et_pb_text admin_label=\u00a0\u00bbTexte\u00a0\u00bb _builder_version=\u00a0\u00bb4.6.6&Prime; _module_preset=\u00a0\u00bbdefault\u00a0\u00bb background_enable_color=\u00a0\u00bboff\u00a0\u00bb]<\/p>\n<div class=\"infogram-embed\" data-id=\"a80e1b95-ab06-4535-a909-243ec80ef758\" data-type=\"interactive\" data-title=\"MAP 2022-2\"><\/div>\n<p><script>!function(e,i,n,s){var t=\"InfogramEmbeds\",d=e.getElementsByTagName(\"script\")[0];if(window[t]&&window[t].initialized)window[t].process&&window[t].process();else if(!e.getElementById(n)){var o=e.createElement(\"script\");o.async=1,o.id=n,o.src=\"https:\/\/e.infogram.com\/js\/dist\/embed-loader-min.js\",d.parentNode.insertBefore(o,d)}}(document,0,\"infogram-async\");<\/script>[\/et_pb_text][\/et_pb_column][\/et_pb_row][et_pb_row _builder_version=\u00a0\u00bb4.6.6&Prime; _module_preset=\u00a0\u00bbdefault\u00a0\u00bb][et_pb_column type=\u00a0\u00bb4_4&Prime; _builder_version=\u00a0\u00bb4.6.6&Prime; _module_preset=\u00a0\u00bbdefault\u00a0\u00bb][et_pb_image src=\u00a0\u00bbhttps:\/\/www.csa.be\/map\/wp-content\/uploads\/sites\/6\/2022\/11\/vod_couple_canape.png\u00a0\u00bb title_text=\u00a0\u00bbvod_couple_canape\u00a0\u00bb align=\u00a0\u00bbcenter\u00a0\u00bb _builder_version=\u00a0\u00bb4.6.6&Prime; _module_preset=\u00a0\u00bbdefault\u00a0\u00bb][\/et_pb_image][\/et_pb_column][\/et_pb_row][\/et_pb_section]<\/p>\n","protected":false},"excerpt":{"rendered":"<p>La VOD gagne du terrain ann\u00e9es apr\u00e8s ann\u00e9es.En 2021, 56,8% des r\u00e9pondant.e.s en consomment, en partie de mani\u00e8re combin\u00e9e \u00e0 la t\u00e9l\u00e9vision. (Slide 1) Ils \u00e9taient 53,4% en 2019, de sorte qu\u2019on rel\u00e8ve une augmentation de +3,4% (Slide 2). En outre, en 2021, 21,5% des personnes regardent de la vid\u00e9o \u00e0 la demande uniquement (contre [&hellip;]<\/p>\n","protected":false},"author":2,"featured_media":0,"parent":1100,"menu_order":0,"comment_status":"closed","ping_status":"closed","template":"","meta":{"_et_pb_use_builder":"on","_et_pb_old_content":"","_et_gb_content_width":"","footnotes":""},"class_list":["post-1185","page","type-page","status-publish","hentry"],"_links":{"self":[{"href":"https:\/\/www.csa.be\/map\/wp-json\/wp\/v2\/pages\/1185","targetHints":{"allow":["GET"]}}],"collection":[{"href":"https:\/\/www.csa.be\/map\/wp-json\/wp\/v2\/pages"}],"about":[{"href":"https:\/\/www.csa.be\/map\/wp-json\/wp\/v2\/types\/page"}],"author":[{"embeddable":true,"href":"https:\/\/www.csa.be\/map\/wp-json\/wp\/v2\/users\/2"}],"replies":[{"embeddable":true,"href":"https:\/\/www.csa.be\/map\/wp-json\/wp\/v2\/comments?post=1185"}],"version-history":[{"count":9,"href":"https:\/\/www.csa.be\/map\/wp-json\/wp\/v2\/pages\/1185\/revisions"}],"predecessor-version":[{"id":1484,"href":"https:\/\/www.csa.be\/map\/wp-json\/wp\/v2\/pages\/1185\/revisions\/1484"}],"up":[{"embeddable":true,"href":"https:\/\/www.csa.be\/map\/wp-json\/wp\/v2\/pages\/1100"}],"wp:attachment":[{"href":"https:\/\/www.csa.be\/map\/wp-json\/wp\/v2\/media?parent=1185"}],"curies":[{"name":"wp","href":"https:\/\/api.w.org\/{rel}","templated":true}]}}

<p>[et_pb_section fb_built= »1&Prime; _builder_version= »4.6.6&Prime; _module_preset= »default » width= »100% » max_width= »100% » custom_css_main_element= »min-height:100vh « ][et_pb_row column_structure= »2_5,3_5&Prime; _builder_version= »4.6.6&Prime; _module_preset= »default » width= »90% » max_width= »100% »][et_pb_column type= »2_5&Prime; _builder_version= »4.6.6&Prime; _module_preset= »default »][et_pb_text _builder_version= »4.6.6&Prime; text_font= »Varela Round|||||||| » text_text_color= »#ef7d00&Prime; header_font= »|||||||| » header_text_color= »#ef7d00&Prime; header_2_font= »|700||||||| » header_2_text_color= »#ef7d00&Prime; header_2_font_size= »36px » header_2_line_height= »1.3em » custom_margin= »||20px| » animation_style= »slide » animation_direction= »bottom » animation_intensity_slide= »10% » locked= »off » header_font_size__hover= »30px » header_font_size__hover_enabled= »30px » header_letter_spacing__hover= »0px » header_letter_spacing__hover_enabled= »0px » header_text_shadow_style__hover= »none » header_text_shadow_style__hover_enabled= »none » header_text_shadow_color__hover= »rgba(0,0,0,0.4) » header_text_shadow_color__hover_enabled= »rgba(0,0,0,0.4) »]</p>
<h2><strong>La VOD gagne du terrain années après années</strong>.</h2>
<p>[/et_pb_text][et_pb_divider color= »#f0aa00&Prime; divider_weight= »4px » disabled_on= »on|on|off » _builder_version= »4.6.6&Prime; background_size= »initial » background_position= »top_left » background_repeat= »repeat » max_width= »40px » module_alignment= »left » custom_margin= »||10px| » animation_style= »zoom » animation_direction= »left » saved_tabs= »all » locked= »off »][/et_pb_divider][et_pb_text _builder_version= »4.6.6&Prime; _module_preset= »default » text_font_size= »18px »]</p>
<p style="text-align: justify;">En 2021, 56,8% des répondant.e.s en consomment, en partie de manière combinée à la télévision. (Slide 1)</p>
<p style="text-align: justify;">Ils étaient 53,4% en 2019, de sorte qu’on relève une augmentation de +3,4% (Slide 2). En outre, en 2021, 21,5% des personnes regardent de la vidéo à la demande uniquement (contre 19% en 2019, c’est-à-dire une augmentation de +2,5%). (Slide 3)</p>
<p style="text-align: justify;">Malgré ce caractère incontournable, le visionnage quotidien de la vidéo à la demande chez soi reste moins fréquent que celui de la télévision, qui est regardée quotidiennement par 84,2% de ses consommateur.trice.s (contre 43,8% pour la VOD payante et 39,6% pour la VOD gratuite<a href="#_ftn3" name="_ftnref3"><span></span></a>). (Slide 4) Sur la période de 2019 à 2021, le visionnage quotidien de VOD payante chez soi a augmenté de +8%.</p>
<p>[/et_pb_text][/et_pb_column][et_pb_column type= »3_5&Prime; _builder_version= »4.6.6&Prime; _module_preset= »default » background_color= »#F1F1F1&Prime; custom_padding= »25px|25px|25px|25px|false|false » box_shadow_style= »preset3&Prime;][et_pb_text admin_label= »Texte » _builder_version= »4.6.6&Prime; _module_preset= »default » background_enable_color= »off »]</p>
<div class="infogram-embed" data-id="a80e1b95-ab06-4535-a909-243ec80ef758" data-type="interactive" data-title="MAP 2022-2"></div>
<p><script>!function(e,i,n,s){var t="InfogramEmbeds",d=e.getElementsByTagName("script")[0];if(window[t]&&window[t].initialized)window[t].process&&window[t].process();else if(!e.getElementById(n)){var o=e.createElement("script");o.async=1,o.id=n,o.src="https://e.infogram.com/js/dist/embed-loader-min.js",d.parentNode.insertBefore(o,d)}}(document,0,"infogram-async");</script>[/et_pb_text][/et_pb_column][/et_pb_row][et_pb_row _builder_version= »4.6.6&Prime; _module_preset= »default »][et_pb_column type= »4_4&Prime; _builder_version= »4.6.6&Prime; _module_preset= »default »][et_pb_image src= »https://www.csa.be/map/wp-content/uploads/sites/6/2022/11/vod_couple_canape.png » title_text= »vod_couple_canape » align= »center » _builder_version= »4.6.6&Prime; _module_preset= »default »][/et_pb_image][/et_pb_column][/et_pb_row][/et_pb_section]</p>

<p>La VOD gagne du terrain années après années.En 2021, 56,8% des répondant.e.s en consomment, en partie de manière combinée à la télévision. (Slide 1) Ils étaient 53,4% en 2019, de sorte qu’on relève une augmentation de +3,4% (Slide 2). En outre, en 2021, 21,5% des personnes regardent de la vidéo à la demande uniquement (contre [&hellip;]</p>
