{"id":1203,"date":"2022-11-08T14:38:19","date_gmt":"2022-11-08T13:38:19","guid":{"rendered":"https:\/\/www.csa.be\/map\/?page_id=1203"},"modified":"2022-11-17T12:17:14","modified_gmt":"2022-11-17T11:17:14","slug":"map2022-les-15-19-ans-consomment-davantage-de-television","status":"publish","type":"page","link":"https:\/\/www.csa.be\/map\/map-2022-accueil\/map2022-les-15-19-ans-consomment-davantage-de-television\/","title":{"rendered":"MAP2022 &#8211; les 15-19 ans consomment davantage de t\u00e9l\u00e9vision"},"content":{"rendered":"<p>[et_pb_section fb_built=\u00a0\u00bb1&Prime; _builder_version=\u00a0\u00bb4.6.6&Prime; _module_preset=\u00a0\u00bbdefault\u00a0\u00bb width=\u00a0\u00bb100%\u00a0\u00bb max_width=\u00a0\u00bb100%\u00a0\u00bb custom_css_main_element=\u00a0\u00bbmin-height:100vh \u00ab\u00a0][et_pb_row column_structure=\u00a0\u00bb2_5,3_5&Prime; _builder_version=\u00a0\u00bb4.6.6&Prime; _module_preset=\u00a0\u00bbdefault\u00a0\u00bb width=\u00a0\u00bb90%\u00a0\u00bb max_width=\u00a0\u00bb100%\u00a0\u00bb][et_pb_column type=\u00a0\u00bb2_5&Prime; _builder_version=\u00a0\u00bb4.6.6&Prime; _module_preset=\u00a0\u00bbdefault\u00a0\u00bb][et_pb_text _builder_version=\u00a0\u00bb4.6.6&Prime; text_font=\u00a0\u00bbVarela Round||||||||\u00a0\u00bb text_text_color=\u00a0\u00bb#ef7d00&Prime; header_font=\u00a0\u00bb||||||||\u00a0\u00bb header_text_color=\u00a0\u00bb#ef7d00&Prime; header_2_font=\u00a0\u00bb|700|||||||\u00a0\u00bb header_2_text_color=\u00a0\u00bb#ef7d00&Prime; header_2_font_size=\u00a0\u00bb36px\u00a0\u00bb header_2_line_height=\u00a0\u00bb1.3em\u00a0\u00bb custom_margin=\u00a0\u00bb||20px|\u00a0\u00bb animation_style=\u00a0\u00bbslide\u00a0\u00bb animation_direction=\u00a0\u00bbbottom\u00a0\u00bb animation_intensity_slide=\u00a0\u00bb10%\u00a0\u00bb locked=\u00a0\u00bboff\u00a0\u00bb header_font_size__hover=\u00a0\u00bb30px\u00a0\u00bb header_font_size__hover_enabled=\u00a0\u00bb30px\u00a0\u00bb header_letter_spacing__hover=\u00a0\u00bb0px\u00a0\u00bb header_letter_spacing__hover_enabled=\u00a0\u00bb0px\u00a0\u00bb header_text_shadow_style__hover=\u00a0\u00bbnone\u00a0\u00bb header_text_shadow_style__hover_enabled=\u00a0\u00bbnone\u00a0\u00bb header_text_shadow_color__hover=\u00a0\u00bbrgba(0,0,0,0.4)\u00a0\u00bb header_text_shadow_color__hover_enabled=\u00a0\u00bbrgba(0,0,0,0.4)\u00a0\u00bb]<\/p>\n<h2>Impact de l&rsquo;\u00e2ge dans la consommation de la t\u00e9l\u00e9vision et de la vid\u00e9o \u00e0 la demande (quelques chiffres)<\/h2>\n<p><a href=\"https:\/\/www.csa.be\/map\/age\/\"><img loading=\"lazy\" decoding=\"async\" class=\"wp-image-1230 aligncenter size-full\" src=\"https:\/\/www.csa.be\/map\/wp-content\/uploads\/sites\/6\/2022\/11\/age.png\" alt=\"\" width=\"329\" height=\"222\" style=\"display: block; margin-left: auto; margin-right: auto;\" srcset=\"https:\/\/www.csa.be\/map\/wp-content\/uploads\/sites\/6\/2022\/11\/age.png 474w, https:\/\/www.csa.be\/map\/wp-content\/uploads\/sites\/6\/2022\/11\/age-300x203.png 300w\" sizes=\"auto, (max-width: 329px) 100vw, 329px\" \/><\/a><\/p>\n<p>&nbsp;<\/p>\n<p>[\/et_pb_text][et_pb_divider color=\u00a0\u00bb#f0aa00&Prime; divider_weight=\u00a0\u00bb4px\u00a0\u00bb disabled_on=\u00a0\u00bbon|on|off\u00a0\u00bb _builder_version=\u00a0\u00bb4.6.6&Prime; background_size=\u00a0\u00bbinitial\u00a0\u00bb background_position=\u00a0\u00bbtop_left\u00a0\u00bb background_repeat=\u00a0\u00bbrepeat\u00a0\u00bb max_width=\u00a0\u00bb40px\u00a0\u00bb module_alignment=\u00a0\u00bbleft\u00a0\u00bb custom_margin=\u00a0\u00bb||10px|\u00a0\u00bb animation_style=\u00a0\u00bbzoom\u00a0\u00bb animation_direction=\u00a0\u00bbleft\u00a0\u00bb saved_tabs=\u00a0\u00bball\u00a0\u00bb locked=\u00a0\u00bboff\u00a0\u00bb][\/et_pb_divider][et_pb_text _builder_version=\u00a0\u00bb4.6.6&Prime; _module_preset=\u00a0\u00bbdefault\u00a0\u00bb text_font_size=\u00a0\u00bb18px\u00a0\u00bb]<\/p>\n<p><!--StartFragment --><\/p>\n<p class=\"pf0\" style=\"text-align: justify;\"><span class=\"cf0\">En ce qui concerne la <strong>consommation de <\/strong><\/span><strong><span class=\"cf1\">t\u00e9l\u00e9vision<\/span><\/strong><span class=\"cf0\">, on observe que celle-ci augmente globalement avec la classe d\u2019\u00e2ge . Cette augmentation connait cependant une exception\u00a0: les r\u00e9pondant.e.s \u00e2g\u00e9.e.s de 15 \u00e0 19 ans consomment l\u00e9g\u00e8rement plus de t\u00e9l\u00e9vision (53,6%) que les 20-29 ans (43,4%). \u00c0 partir de 30 ans, la consommation de t\u00e9l\u00e9vision augmente progressivement pour chaque classe d\u2019\u00e2ge, passant de 59,7% parmi les 30-39 ans \u00e0 96,7% parmi les 70 ans et plus.<\/span><\/p>\n<p class=\"pf0\" style=\"text-align: justify;\"><span class=\"cf0\">Entre 2019 et 2021, la consommation de t\u00e9l\u00e9vision augmente chez les plus jeunes (15-19 ans) et dans toutes les classes d\u2019\u00e2ge \u00e0 partir de 50 ans. Cette augmentation est particuli\u00e8rement marqu\u00e9e parmi les 60-69 ans (+5,5%) et les 70 ans et plus (+ 6,6%). En revanche, la consommation de t\u00e9l\u00e9vision diminue parmi les r\u00e9pondant.e.s \u00e2g\u00e9.e.s de 20 \u00e0 49 ans. Les diminutions les plus nettes sont observ\u00e9es pour les 20-29 ans (-6,7%) et les 40-49 ans (-8,1%).<\/span><!--EndFragment -->\u00a0<strong>(Slide 1)<\/strong><\/p>\n<p style=\"text-align: justify;\">Entre 2019 et 2021, en termes de fr\u00e9quence de consommation, le visionnage <span style=\"text-decoration: underline;\">quotidien<\/span> de t\u00e9l\u00e9vision diminue parmi les r\u00e9pondant.e.s \u00e2g\u00e9.e.s de moins de 60 ans, avec -3,6% parmi les 30-59 ans et -2,2% parmi les moins de 30 ans. Il progresse en revanche l\u00e9g\u00e8rement parmi les 60 ans et plus, avec +1,8%. <strong>(Slide 2)<\/strong><\/p>\n<p class=\"pf0\" style=\"text-align: justify;\"><span class=\"cf0\"><strong>La consommation de vid\u00e9o \u00e0 la demande<\/strong> s\u2019inscrit dans la dynamique inverse\u00a0: elle diminue avec la classe d\u2019\u00e2ge. On observe nettement plus de r\u00e9pondant.e.s qui regardent de la VOD parmi les moins de 50 ans\u00a0: entre 67,9% et 86%, selon les classes d\u2019\u00e2ge. \u00c0 l\u2019inverse, on observe nettement moins de r\u00e9pondant.e.s qui en regardent parmi les 50 ans et plus\u00a0: entre 12,1% et 49,8%, selon les classes d\u2019\u00e2ge.<\/span><span class=\"cf0\"> <\/span><!--EndFragment --><strong>(Slide 3)<\/strong><\/p>\n<p style=\"text-align: justify;\">En ce qui concerne la fr\u00e9quence de consommation, les \u00e9volutions sont \u00e9galement importantes concernant\u00a0 le visionnage <span style=\"text-decoration: underline;\">quotidien<\/span> de VOD payante : celui-ci est en forte augmentation parmi tous les groupes d\u2019\u00e2ge :\u00a0+11,8% parmi les plus jeunes, +13,7% parmi les 30-59 ans et +13,6% parmi les plus \u00e2g\u00e9.e.s. <strong>(Slide 4)\u00a0<\/strong><\/p>\n<p style=\"text-align: justify;\">On observe, pour finir, que le visionnage quotidien de VOD gratuite est \u00e9galement \u00e0 la hausse au sein de tous les groupes d\u2019\u00e2ge. Cette augmentation est particuli\u00e8rement marqu\u00e9es parmi les r\u00e9pondant.e.s les plus \u00e2g\u00e9.e.s. Elle rel\u00e8ve ainsi +18,8% parmi les 60 ans et plus, +10,8% parmi les 30-59 ans et +3,1% parmi les moins de 30 ans. <strong>(Slide 5)<\/strong><\/p>\n<p style=\"text-align: justify;\">\n<p>[\/et_pb_text][\/et_pb_column][et_pb_column type=\u00a0\u00bb3_5&Prime; _builder_version=\u00a0\u00bb4.6.6&Prime; _module_preset=\u00a0\u00bbdefault\u00a0\u00bb background_color=\u00a0\u00bb#F1F1F1&Prime; custom_padding=\u00a0\u00bb25px|25px|25px|25px|false|false\u00a0\u00bb box_shadow_style=\u00a0\u00bbpreset3&Prime;][et_pb_text admin_label=\u00a0\u00bbTexte\u00a0\u00bb _builder_version=\u00a0\u00bb4.6.6&Prime; _module_preset=\u00a0\u00bbdefault\u00a0\u00bb background_enable_color=\u00a0\u00bboff\u00a0\u00bb]<\/p>\n<div class=\"infogram-embed\" data-id=\"12da3cd4-eb87-4f6a-893f-4477e41e7b6c\" data-type=\"interactive\" data-title=\"MAP 2022-impact de l&amp;#39;age\"><\/div>\n<p><script>!function(e,i,n,s){var t=\"InfogramEmbeds\",d=e.getElementsByTagName(\"script\")[0];if(window[t]&&window[t].initialized)window[t].process&&window[t].process();else if(!e.getElementById(n)){var o=e.createElement(\"script\");o.async=1,o.id=n,o.src=\"https:\/\/e.infogram.com\/js\/dist\/embed-loader-min.js\",d.parentNode.insertBefore(o,d)}}(document,0,\"infogram-async\");<\/script>[\/et_pb_text][\/et_pb_column][\/et_pb_row][\/et_pb_section]<\/p>\n","protected":false},"excerpt":{"rendered":"<p>Impact de l&rsquo;\u00e2ge dans la consommation de la t\u00e9l\u00e9vision et de la vid\u00e9o \u00e0 la demande (quelques chiffres) &nbsp; En ce qui concerne la consommation de t\u00e9l\u00e9vision, on observe que celle-ci augmente globalement avec la classe d\u2019\u00e2ge . Cette augmentation connait cependant une exception\u00a0: les r\u00e9pondant.e.s \u00e2g\u00e9.e.s de 15 \u00e0 19 ans consomment l\u00e9g\u00e8rement plus [&hellip;]<\/p>\n","protected":false},"author":2,"featured_media":0,"parent":1100,"menu_order":0,"comment_status":"closed","ping_status":"closed","template":"","meta":{"_et_pb_use_builder":"on","_et_pb_old_content":"","_et_gb_content_width":"","footnotes":""},"class_list":["post-1203","page","type-page","status-publish","hentry"],"_links":{"self":[{"href":"https:\/\/www.csa.be\/map\/wp-json\/wp\/v2\/pages\/1203","targetHints":{"allow":["GET"]}}],"collection":[{"href":"https:\/\/www.csa.be\/map\/wp-json\/wp\/v2\/pages"}],"about":[{"href":"https:\/\/www.csa.be\/map\/wp-json\/wp\/v2\/types\/page"}],"author":[{"embeddable":true,"href":"https:\/\/www.csa.be\/map\/wp-json\/wp\/v2\/users\/2"}],"replies":[{"embeddable":true,"href":"https:\/\/www.csa.be\/map\/wp-json\/wp\/v2\/comments?post=1203"}],"version-history":[{"count":16,"href":"https:\/\/www.csa.be\/map\/wp-json\/wp\/v2\/pages\/1203\/revisions"}],"predecessor-version":[{"id":1514,"href":"https:\/\/www.csa.be\/map\/wp-json\/wp\/v2\/pages\/1203\/revisions\/1514"}],"up":[{"embeddable":true,"href":"https:\/\/www.csa.be\/map\/wp-json\/wp\/v2\/pages\/1100"}],"wp:attachment":[{"href":"https:\/\/www.csa.be\/map\/wp-json\/wp\/v2\/media?parent=1203"}],"curies":[{"name":"wp","href":"https:\/\/api.w.org\/{rel}","templated":true}]}}

MAP2022 &#8211; les 15-19 ans consomment davantage de télévision

<p>[et_pb_section fb_built= »1&Prime; _builder_version= »4.6.6&Prime; _module_preset= »default » width= »100% » max_width= »100% » custom_css_main_element= »min-height:100vh « ][et_pb_row column_structure= »2_5,3_5&Prime; _builder_version= »4.6.6&Prime; _module_preset= »default » width= »90% » max_width= »100% »][et_pb_column type= »2_5&Prime; _builder_version= »4.6.6&Prime; _module_preset= »default »][et_pb_text _builder_version= »4.6.6&Prime; text_font= »Varela Round|||||||| » text_text_color= »#ef7d00&Prime; header_font= »|||||||| » header_text_color= »#ef7d00&Prime; header_2_font= »|700||||||| » header_2_text_color= »#ef7d00&Prime; header_2_font_size= »36px » header_2_line_height= »1.3em » custom_margin= »||20px| » animation_style= »slide » animation_direction= »bottom » animation_intensity_slide= »10% » locked= »off » header_font_size__hover= »30px » header_font_size__hover_enabled= »30px » header_letter_spacing__hover= »0px » header_letter_spacing__hover_enabled= »0px » header_text_shadow_style__hover= »none » header_text_shadow_style__hover_enabled= »none » header_text_shadow_color__hover= »rgba(0,0,0,0.4) » header_text_shadow_color__hover_enabled= »rgba(0,0,0,0.4) »]</p>
<h2>Impact de l&rsquo;âge dans la consommation de la télévision et de la vidéo à la demande (quelques chiffres)</h2>
<p><a href="https://www.csa.be/map/age/"><img loading="lazy" decoding="async" class="wp-image-1230 aligncenter size-full" src="https://www.csa.be/map/wp-content/uploads/sites/6/2022/11/age.png" alt="" width="329" height="222" style="display: block; margin-left: auto; margin-right: auto;" srcset="https://www.csa.be/map/wp-content/uploads/sites/6/2022/11/age.png 474w, https://www.csa.be/map/wp-content/uploads/sites/6/2022/11/age-300x203.png 300w" sizes="auto, (max-width: 329px) 100vw, 329px" /></a></p>
<p>&nbsp;</p>
<p>[/et_pb_text][et_pb_divider color= »#f0aa00&Prime; divider_weight= »4px » disabled_on= »on|on|off » _builder_version= »4.6.6&Prime; background_size= »initial » background_position= »top_left » background_repeat= »repeat » max_width= »40px » module_alignment= »left » custom_margin= »||10px| » animation_style= »zoom » animation_direction= »left » saved_tabs= »all » locked= »off »][/et_pb_divider][et_pb_text _builder_version= »4.6.6&Prime; _module_preset= »default » text_font_size= »18px »]</p>
<p><!--StartFragment --></p>
<p class="pf0" style="text-align: justify;"><span class="cf0">En ce qui concerne la <strong>consommation de </strong></span><strong><span class="cf1">télévision</span></strong><span class="cf0">, on observe que celle-ci augmente globalement avec la classe d’âge . Cette augmentation connait cependant une exception : les répondant.e.s âgé.e.s de 15 à 19 ans consomment légèrement plus de télévision (53,6%) que les 20-29 ans (43,4%). À partir de 30 ans, la consommation de télévision augmente progressivement pour chaque classe d’âge, passant de 59,7% parmi les 30-39 ans à 96,7% parmi les 70 ans et plus.</span></p>
<p class="pf0" style="text-align: justify;"><span class="cf0">Entre 2019 et 2021, la consommation de télévision augmente chez les plus jeunes (15-19 ans) et dans toutes les classes d’âge à partir de 50 ans. Cette augmentation est particulièrement marquée parmi les 60-69 ans (+5,5%) et les 70 ans et plus (+ 6,6%). En revanche, la consommation de télévision diminue parmi les répondant.e.s âgé.e.s de 20 à 49 ans. Les diminutions les plus nettes sont observées pour les 20-29 ans (-6,7%) et les 40-49 ans (-8,1%).</span><!--EndFragment --> <strong>(Slide 1)</strong></p>
<p style="text-align: justify;">Entre 2019 et 2021, en termes de fréquence de consommation, le visionnage <span style="text-decoration: underline;">quotidien</span> de télévision diminue parmi les répondant.e.s âgé.e.s de moins de 60 ans, avec -3,6% parmi les 30-59 ans et -2,2% parmi les moins de 30 ans. Il progresse en revanche légèrement parmi les 60 ans et plus, avec +1,8%. <strong>(Slide 2)</strong></p>
<p class="pf0" style="text-align: justify;"><span class="cf0"><strong>La consommation de vidéo à la demande</strong> s’inscrit dans la dynamique inverse : elle diminue avec la classe d’âge. On observe nettement plus de répondant.e.s qui regardent de la VOD parmi les moins de 50 ans : entre 67,9% et 86%, selon les classes d’âge. À l’inverse, on observe nettement moins de répondant.e.s qui en regardent parmi les 50 ans et plus : entre 12,1% et 49,8%, selon les classes d’âge.</span><span class="cf0"> </span><!--EndFragment --><strong>(Slide 3)</strong></p>
<p style="text-align: justify;">En ce qui concerne la fréquence de consommation, les évolutions sont également importantes concernant  le visionnage <span style="text-decoration: underline;">quotidien</span> de VOD payante : celui-ci est en forte augmentation parmi tous les groupes d’âge : +11,8% parmi les plus jeunes, +13,7% parmi les 30-59 ans et +13,6% parmi les plus âgé.e.s. <strong>(Slide 4) </strong></p>
<p style="text-align: justify;">On observe, pour finir, que le visionnage quotidien de VOD gratuite est également à la hausse au sein de tous les groupes d’âge. Cette augmentation est particulièrement marquées parmi les répondant.e.s les plus âgé.e.s. Elle relève ainsi +18,8% parmi les 60 ans et plus, +10,8% parmi les 30-59 ans et +3,1% parmi les moins de 30 ans. <strong>(Slide 5)</strong></p>
<p style="text-align: justify;">
<p>[/et_pb_text][/et_pb_column][et_pb_column type= »3_5&Prime; _builder_version= »4.6.6&Prime; _module_preset= »default » background_color= »#F1F1F1&Prime; custom_padding= »25px|25px|25px|25px|false|false » box_shadow_style= »preset3&Prime;][et_pb_text admin_label= »Texte » _builder_version= »4.6.6&Prime; _module_preset= »default » background_enable_color= »off »]</p>
<div class="infogram-embed" data-id="12da3cd4-eb87-4f6a-893f-4477e41e7b6c" data-type="interactive" data-title="MAP 2022-impact de l&amp;#39;age"></div>
<p><script>!function(e,i,n,s){var t="InfogramEmbeds",d=e.getElementsByTagName("script")[0];if(window[t]&&window[t].initialized)window[t].process&&window[t].process();else if(!e.getElementById(n)){var o=e.createElement("script");o.async=1,o.id=n,o.src="https://e.infogram.com/js/dist/embed-loader-min.js",d.parentNode.insertBefore(o,d)}}(document,0,"infogram-async");</script>[/et_pb_text][/et_pb_column][/et_pb_row][/et_pb_section]</p>

<p>Impact de l&rsquo;âge dans la consommation de la télévision et de la vidéo à la demande (quelques chiffres) &nbsp; En ce qui concerne la consommation de télévision, on observe que celle-ci augmente globalement avec la classe d’âge . Cette augmentation connait cependant une exception : les répondant.e.s âgé.e.s de 15 à 19 ans consomment légèrement plus [&hellip;]</p>
