{"id":1296,"date":"2022-11-09T10:44:54","date_gmt":"2022-11-09T09:44:54","guid":{"rendered":"https:\/\/www.csa.be\/map\/?page_id=1296"},"modified":"2022-11-16T20:07:54","modified_gmt":"2022-11-16T19:07:54","slug":"map2-consommation-simultanee","status":"publish","type":"page","link":"https:\/\/www.csa.be\/map\/map-2022-accueil\/map2-consommation-simultanee\/","title":{"rendered":"MAP 2022 &#8211; Consommation simultan\u00e9e"},"content":{"rendered":"<p>[et_pb_section fb_built=\u00a0\u00bb1&Prime; _builder_version=\u00a0\u00bb4.6.6&Prime; _module_preset=\u00a0\u00bbdefault\u00a0\u00bb width=\u00a0\u00bb100%\u00a0\u00bb max_width=\u00a0\u00bb100%\u00a0\u00bb custom_css_main_element=\u00a0\u00bbmin-height:100vh \u00ab\u00a0][et_pb_row column_structure=\u00a0\u00bb2_5,3_5&Prime; _builder_version=\u00a0\u00bb4.6.6&Prime; _module_preset=\u00a0\u00bbdefault\u00a0\u00bb width=\u00a0\u00bb90%\u00a0\u00bb max_width=\u00a0\u00bb100%\u00a0\u00bb][et_pb_column type=\u00a0\u00bb2_5&Prime; _builder_version=\u00a0\u00bb4.6.6&Prime; _module_preset=\u00a0\u00bbdefault\u00a0\u00bb][et_pb_text _builder_version=\u00a0\u00bb4.6.6&Prime; text_font=\u00a0\u00bbVarela Round||||||||\u00a0\u00bb text_text_color=\u00a0\u00bb#ef7d00&Prime; header_font=\u00a0\u00bb||||||||\u00a0\u00bb header_text_color=\u00a0\u00bb#ef7d00&Prime; header_2_font=\u00a0\u00bb|700|||||||\u00a0\u00bb header_2_text_color=\u00a0\u00bb#ef7d00&Prime; header_2_font_size=\u00a0\u00bb36px\u00a0\u00bb header_2_line_height=\u00a0\u00bb1.3em\u00a0\u00bb custom_margin=\u00a0\u00bb||20px|\u00a0\u00bb animation_style=\u00a0\u00bbslide\u00a0\u00bb animation_direction=\u00a0\u00bbbottom\u00a0\u00bb animation_intensity_slide=\u00a0\u00bb10%\u00a0\u00bb locked=\u00a0\u00bboff\u00a0\u00bb header_font_size__hover=\u00a0\u00bb30px\u00a0\u00bb header_font_size__hover_enabled=\u00a0\u00bb30px\u00a0\u00bb header_letter_spacing__hover=\u00a0\u00bb0px\u00a0\u00bb header_letter_spacing__hover_enabled=\u00a0\u00bb0px\u00a0\u00bb header_text_shadow_style__hover=\u00a0\u00bbnone\u00a0\u00bb header_text_shadow_style__hover_enabled=\u00a0\u00bbnone\u00a0\u00bb header_text_shadow_color__hover=\u00a0\u00bbrgba(0,0,0,0.4)\u00a0\u00bb header_text_shadow_color__hover_enabled=\u00a0\u00bbrgba(0,0,0,0.4)\u00a0\u00bb]<\/p>\n<h2><strong>Plus de la moiti\u00e9 des r\u00e9pondant.e.s pratiquent une exposition (multi)m\u00e9dia simultan\u00e9e<\/strong><\/h2>\n<p>[\/et_pb_text][et_pb_divider color=\u00a0\u00bb#f0aa00&Prime; divider_weight=\u00a0\u00bb4px\u00a0\u00bb disabled_on=\u00a0\u00bbon|on|off\u00a0\u00bb _builder_version=\u00a0\u00bb4.6.6&Prime; background_size=\u00a0\u00bbinitial\u00a0\u00bb background_position=\u00a0\u00bbtop_left\u00a0\u00bb background_repeat=\u00a0\u00bbrepeat\u00a0\u00bb max_width=\u00a0\u00bb40px\u00a0\u00bb module_alignment=\u00a0\u00bbleft\u00a0\u00bb custom_margin=\u00a0\u00bb||10px|\u00a0\u00bb animation_style=\u00a0\u00bbzoom\u00a0\u00bb animation_direction=\u00a0\u00bbleft\u00a0\u00bb saved_tabs=\u00a0\u00bball\u00a0\u00bb locked=\u00a0\u00bboff\u00a0\u00bb][\/et_pb_divider][et_pb_text _builder_version=\u00a0\u00bb4.6.6&Prime; _module_preset=\u00a0\u00bbdefault\u00a0\u00bb text_font_size=\u00a0\u00bb18px\u00a0\u00bb]<\/p>\n<p style=\"text-align: justify;\">Plus d\u2019un.e r\u00e9pondant.e sur deux (55,6%) d\u00e9clare pratiquer une forme d\u2019exposition (multi)m\u00e9dia simultan\u00e9e \u2013 soit l\u2019utilisation d\u2019un smartphone, d\u2019un ordinateur portable ou d\u2019une tablette pendant la consommation de t\u00e9l\u00e9vision, VOD payante ou gratuit.<\/p>\n<p style=\"text-align: justify;\"><!--StartFragment --><span class=\"cf0\">Par rapport \u00e0 2019, les pratiques d\u2019exposition (multi)m\u00e9dia simultan\u00e9e sont en augmentation statistiquement significative de +8%. Alors que, lors de la premi\u00e8re \u00e9tude MAP, une l\u00e9g\u00e8re minorit\u00e9 de r\u00e9pondant.e.s d\u00e9claraient utiliser un autre \u00e9quipement en parall\u00e8le de leur consommation audiovisuelle (47,6%), ils.elles sont maintenant une l\u00e9g\u00e8re majorit\u00e9 (55,6%) \u00e0 le faire<\/span><!--EndFragment --><strong>. (Slide 1 )<\/strong><\/p>\n<p style=\"text-align: justify;\">Concernant le type d\u2019exposition simultan\u00e9e, parmi les r\u00e9pondant.e.s qui pratiquent l&rsquo;exposition (multi)m\u00e9dia simultan\u00e9e, sept r\u00e9pondant.e.s sur dix (69,5%) le font pendant qu\u2019ils.elles regardent la t\u00e9l\u00e9vision. C\u2019est, de loin, le mode de consommation pour lequel l\u2019exposition (multi)m\u00e9dia simultan\u00e9e est la plus r\u00e9pandue. Vient ensuite la vid\u00e9o \u00e0 la demande gratuite : parmi ces consommateur.trice.s, un.e r\u00e9pondant.e sur deux (49,8%) pratique l\u2019exposition (multi)m\u00e9dia simultan\u00e9e. Celle-ci ne concerne en revanche que moins d\u2019un.e r\u00e9pondant.e consommant de la vid\u00e9o \u00e0 la demande payante sur trois (28,9%). <strong>(Slide 2)<\/strong><\/p>\n<p style=\"text-align: justify;\">On s\u2019est \u00e9galement int\u00e9ress\u00e9 aux types d\u2019activit\u00e9s que les r\u00e9pondant.e.s r\u00e9alisent en parall\u00e8le \u00e0 leur consommation audiovisuelle, qu\u2019il s\u2019agisse de t\u00e9l\u00e9vision, de VOD payante ou de VOD gratuite, parmi les r\u00e9pondant.e.s qui pratiquent l\u2019exposition simultan\u00e9e, 27,4% effectuent une activit\u00e9 non li\u00e9e aux m\u00e9dias et 44,8% d\u00e9clarent utiliser leur smartphone pendant qu\u2019ils.elles regardent la t\u00e9l\u00e9vision (contre 39,4% en 2019, soit une augmentation de +5,4% entre 2019 et 2021). <strong>(Slide3)<\/strong><\/p>\n<p style=\"text-align: justify;\">[\/et_pb_text][\/et_pb_column][et_pb_column type=\u00a0\u00bb3_5&Prime; _builder_version=\u00a0\u00bb4.6.6&Prime; _module_preset=\u00a0\u00bbdefault\u00a0\u00bb background_color=\u00a0\u00bb#F1F1F1&Prime; custom_padding=\u00a0\u00bb25px|25px|25px|25px|false|false\u00a0\u00bb box_shadow_style=\u00a0\u00bbpreset3&Prime;][et_pb_text admin_label=\u00a0\u00bbTexte\u00a0\u00bb _builder_version=\u00a0\u00bb4.6.6&Prime; _module_preset=\u00a0\u00bbdefault\u00a0\u00bb background_enable_color=\u00a0\u00bboff\u00a0\u00bb]<\/p>\n<div class=\"infogram-embed\" data-id=\"5ac747ce-5250-4da7-b20d-0422a1703bdb\" data-type=\"interactive\" data-title=\"MAP2Consommation simultan\u00e9e\"><\/div>\n<p><script>!function(e,i,n,s){var t=\"InfogramEmbeds\",d=e.getElementsByTagName(\"script\")[0];if(window[t]&&window[t].initialized)window[t].process&&window[t].process();else if(!e.getElementById(n)){var o=e.createElement(\"script\");o.async=1,o.id=n,o.src=\"https:\/\/e.infogram.com\/js\/dist\/embed-loader-min.js\",d.parentNode.insertBefore(o,d)}}(document,0,\"infogram-async\");<\/script>[\/et_pb_text][\/et_pb_column][\/et_pb_row][et_pb_row _builder_version=\u00a0\u00bb4.6.6&Prime; _module_preset=\u00a0\u00bbdefault\u00a0\u00bb][et_pb_column type=\u00a0\u00bb4_4&Prime; _builder_version=\u00a0\u00bb4.6.6&Prime; _module_preset=\u00a0\u00bbdefault\u00a0\u00bb][et_pb_image src=\u00a0\u00bbhttps:\/\/www.csa.be\/map\/wp-content\/uploads\/sites\/6\/2022\/11\/Simultanee.png\u00a0\u00bb title_text=\u00a0\u00bbSimultan\u00e9e\u00a0\u00bb align=\u00a0\u00bbcenter\u00a0\u00bb _builder_version=\u00a0\u00bb4.6.6&Prime; _module_preset=\u00a0\u00bbdefault\u00a0\u00bb width=\u00a0\u00bb33%\u00a0\u00bb][\/et_pb_image][\/et_pb_column][\/et_pb_row][\/et_pb_section]<\/p>\n","protected":false},"excerpt":{"rendered":"<p>Plus de la moiti\u00e9 des r\u00e9pondant.e.s pratiquent une exposition (multi)m\u00e9dia simultan\u00e9ePlus d\u2019un.e r\u00e9pondant.e sur deux (55,6%) d\u00e9clare pratiquer une forme d\u2019exposition (multi)m\u00e9dia simultan\u00e9e \u2013 soit l\u2019utilisation d\u2019un smartphone, d\u2019un ordinateur portable ou d\u2019une tablette pendant la consommation de t\u00e9l\u00e9vision, VOD payante ou gratuit. Par rapport \u00e0 2019, les pratiques d\u2019exposition (multi)m\u00e9dia simultan\u00e9e sont en augmentation [&hellip;]<\/p>\n","protected":false},"author":2,"featured_media":0,"parent":1100,"menu_order":0,"comment_status":"closed","ping_status":"closed","template":"","meta":{"_et_pb_use_builder":"on","_et_pb_old_content":"","_et_gb_content_width":"","footnotes":""},"class_list":["post-1296","page","type-page","status-publish","hentry"],"_links":{"self":[{"href":"https:\/\/www.csa.be\/map\/wp-json\/wp\/v2\/pages\/1296","targetHints":{"allow":["GET"]}}],"collection":[{"href":"https:\/\/www.csa.be\/map\/wp-json\/wp\/v2\/pages"}],"about":[{"href":"https:\/\/www.csa.be\/map\/wp-json\/wp\/v2\/types\/page"}],"author":[{"embeddable":true,"href":"https:\/\/www.csa.be\/map\/wp-json\/wp\/v2\/users\/2"}],"replies":[{"embeddable":true,"href":"https:\/\/www.csa.be\/map\/wp-json\/wp\/v2\/comments?post=1296"}],"version-history":[{"count":12,"href":"https:\/\/www.csa.be\/map\/wp-json\/wp\/v2\/pages\/1296\/revisions"}],"predecessor-version":[{"id":1479,"href":"https:\/\/www.csa.be\/map\/wp-json\/wp\/v2\/pages\/1296\/revisions\/1479"}],"up":[{"embeddable":true,"href":"https:\/\/www.csa.be\/map\/wp-json\/wp\/v2\/pages\/1100"}],"wp:attachment":[{"href":"https:\/\/www.csa.be\/map\/wp-json\/wp\/v2\/media?parent=1296"}],"curies":[{"name":"wp","href":"https:\/\/api.w.org\/{rel}","templated":true}]}}

MAP 2022 &#8211; Consommation simultanée

<p>[et_pb_section fb_built= »1&Prime; _builder_version= »4.6.6&Prime; _module_preset= »default » width= »100% » max_width= »100% » custom_css_main_element= »min-height:100vh « ][et_pb_row column_structure= »2_5,3_5&Prime; _builder_version= »4.6.6&Prime; _module_preset= »default » width= »90% » max_width= »100% »][et_pb_column type= »2_5&Prime; _builder_version= »4.6.6&Prime; _module_preset= »default »][et_pb_text _builder_version= »4.6.6&Prime; text_font= »Varela Round|||||||| » text_text_color= »#ef7d00&Prime; header_font= »|||||||| » header_text_color= »#ef7d00&Prime; header_2_font= »|700||||||| » header_2_text_color= »#ef7d00&Prime; header_2_font_size= »36px » header_2_line_height= »1.3em » custom_margin= »||20px| » animation_style= »slide » animation_direction= »bottom » animation_intensity_slide= »10% » locked= »off » header_font_size__hover= »30px » header_font_size__hover_enabled= »30px » header_letter_spacing__hover= »0px » header_letter_spacing__hover_enabled= »0px » header_text_shadow_style__hover= »none » header_text_shadow_style__hover_enabled= »none » header_text_shadow_color__hover= »rgba(0,0,0,0.4) » header_text_shadow_color__hover_enabled= »rgba(0,0,0,0.4) »]</p>
<h2><strong>Plus de la moitié des répondant.e.s pratiquent une exposition (multi)média simultanée</strong></h2>
<p>[/et_pb_text][et_pb_divider color= »#f0aa00&Prime; divider_weight= »4px » disabled_on= »on|on|off » _builder_version= »4.6.6&Prime; background_size= »initial » background_position= »top_left » background_repeat= »repeat » max_width= »40px » module_alignment= »left » custom_margin= »||10px| » animation_style= »zoom » animation_direction= »left » saved_tabs= »all » locked= »off »][/et_pb_divider][et_pb_text _builder_version= »4.6.6&Prime; _module_preset= »default » text_font_size= »18px »]</p>
<p style="text-align: justify;">Plus d’un.e répondant.e sur deux (55,6%) déclare pratiquer une forme d’exposition (multi)média simultanée – soit l’utilisation d’un smartphone, d’un ordinateur portable ou d’une tablette pendant la consommation de télévision, VOD payante ou gratuit.</p>
<p style="text-align: justify;"><!--StartFragment --><span class="cf0">Par rapport à 2019, les pratiques d’exposition (multi)média simultanée sont en augmentation statistiquement significative de +8%. Alors que, lors de la première étude MAP, une légère minorité de répondant.e.s déclaraient utiliser un autre équipement en parallèle de leur consommation audiovisuelle (47,6%), ils.elles sont maintenant une légère majorité (55,6%) à le faire</span><!--EndFragment --><strong>. (Slide 1 )</strong></p>
<p style="text-align: justify;">Concernant le type d’exposition simultanée, parmi les répondant.e.s qui pratiquent l&rsquo;exposition (multi)média simultanée, sept répondant.e.s sur dix (69,5%) le font pendant qu’ils.elles regardent la télévision. C’est, de loin, le mode de consommation pour lequel l’exposition (multi)média simultanée est la plus répandue. Vient ensuite la vidéo à la demande gratuite : parmi ces consommateur.trice.s, un.e répondant.e sur deux (49,8%) pratique l’exposition (multi)média simultanée. Celle-ci ne concerne en revanche que moins d’un.e répondant.e consommant de la vidéo à la demande payante sur trois (28,9%). <strong>(Slide 2)</strong></p>
<p style="text-align: justify;">On s’est également intéressé aux types d’activités que les répondant.e.s réalisent en parallèle à leur consommation audiovisuelle, qu’il s’agisse de télévision, de VOD payante ou de VOD gratuite, parmi les répondant.e.s qui pratiquent l’exposition simultanée, 27,4% effectuent une activité non liée aux médias et 44,8% déclarent utiliser leur smartphone pendant qu’ils.elles regardent la télévision (contre 39,4% en 2019, soit une augmentation de +5,4% entre 2019 et 2021). <strong>(Slide3)</strong></p>
<p style="text-align: justify;">[/et_pb_text][/et_pb_column][et_pb_column type= »3_5&Prime; _builder_version= »4.6.6&Prime; _module_preset= »default » background_color= »#F1F1F1&Prime; custom_padding= »25px|25px|25px|25px|false|false » box_shadow_style= »preset3&Prime;][et_pb_text admin_label= »Texte » _builder_version= »4.6.6&Prime; _module_preset= »default » background_enable_color= »off »]</p>
<div class="infogram-embed" data-id="5ac747ce-5250-4da7-b20d-0422a1703bdb" data-type="interactive" data-title="MAP2Consommation simultanée"></div>
<p><script>!function(e,i,n,s){var t="InfogramEmbeds",d=e.getElementsByTagName("script")[0];if(window[t]&&window[t].initialized)window[t].process&&window[t].process();else if(!e.getElementById(n)){var o=e.createElement("script");o.async=1,o.id=n,o.src="https://e.infogram.com/js/dist/embed-loader-min.js",d.parentNode.insertBefore(o,d)}}(document,0,"infogram-async");</script>[/et_pb_text][/et_pb_column][/et_pb_row][et_pb_row _builder_version= »4.6.6&Prime; _module_preset= »default »][et_pb_column type= »4_4&Prime; _builder_version= »4.6.6&Prime; _module_preset= »default »][et_pb_image src= »https://www.csa.be/map/wp-content/uploads/sites/6/2022/11/Simultanee.png » title_text= »Simultanée » align= »center » _builder_version= »4.6.6&Prime; _module_preset= »default » width= »33% »][/et_pb_image][/et_pb_column][/et_pb_row][/et_pb_section]</p>

<p>Plus de la moitié des répondant.e.s pratiquent une exposition (multi)média simultanéePlus d’un.e répondant.e sur deux (55,6%) déclare pratiquer une forme d’exposition (multi)média simultanée – soit l’utilisation d’un smartphone, d’un ordinateur portable ou d’une tablette pendant la consommation de télévision, VOD payante ou gratuit. Par rapport à 2019, les pratiques d’exposition (multi)média simultanée sont en augmentation [&hellip;]</p>
