{"id":1304,"date":"2022-11-09T10:55:11","date_gmt":"2022-11-09T09:55:11","guid":{"rendered":"https:\/\/www.csa.be\/map\/?page_id=1304"},"modified":"2022-11-16T20:11:01","modified_gmt":"2022-11-16T19:11:01","slug":"map-2022-le-revenu-des-menages-impacte-les-choix","status":"publish","type":"page","link":"https:\/\/www.csa.be\/map\/map-2022-accueil\/map-2022-le-revenu-des-menages-impacte-les-choix\/","title":{"rendered":"MAP 2022 &#8211; Le revenu des m\u00e9nages impacte les choix"},"content":{"rendered":"<p>[et_pb_section fb_built=\u00a0\u00bb1&Prime; _builder_version=\u00a0\u00bb4.6.6&Prime; _module_preset=\u00a0\u00bbdefault\u00a0\u00bb width=\u00a0\u00bb100%\u00a0\u00bb max_width=\u00a0\u00bb100%\u00a0\u00bb custom_css_main_element=\u00a0\u00bbmin-height:100vh \u00ab\u00a0][et_pb_row column_structure=\u00a0\u00bb2_5,3_5&Prime; _builder_version=\u00a0\u00bb4.6.6&Prime; _module_preset=\u00a0\u00bbdefault\u00a0\u00bb width=\u00a0\u00bb90%\u00a0\u00bb max_width=\u00a0\u00bb100%\u00a0\u00bb][et_pb_column type=\u00a0\u00bb2_5&Prime; _builder_version=\u00a0\u00bb4.6.6&Prime; _module_preset=\u00a0\u00bbdefault\u00a0\u00bb][et_pb_text _builder_version=\u00a0\u00bb4.6.6&Prime; text_font=\u00a0\u00bbVarela Round||||||||\u00a0\u00bb text_text_color=\u00a0\u00bb#ef7d00&Prime; header_font=\u00a0\u00bb||||||||\u00a0\u00bb header_text_color=\u00a0\u00bb#ef7d00&Prime; header_2_font=\u00a0\u00bb|700|||||||\u00a0\u00bb header_2_text_color=\u00a0\u00bb#ef7d00&Prime; header_2_font_size=\u00a0\u00bb36px\u00a0\u00bb header_2_line_height=\u00a0\u00bb1.3em\u00a0\u00bb custom_margin=\u00a0\u00bb||20px|\u00a0\u00bb animation_style=\u00a0\u00bbslide\u00a0\u00bb animation_direction=\u00a0\u00bbbottom\u00a0\u00bb animation_intensity_slide=\u00a0\u00bb10%\u00a0\u00bb locked=\u00a0\u00bboff\u00a0\u00bb header_font_size__hover=\u00a0\u00bb30px\u00a0\u00bb header_font_size__hover_enabled=\u00a0\u00bb30px\u00a0\u00bb header_letter_spacing__hover=\u00a0\u00bb0px\u00a0\u00bb header_letter_spacing__hover_enabled=\u00a0\u00bb0px\u00a0\u00bb header_text_shadow_style__hover=\u00a0\u00bbnone\u00a0\u00bb header_text_shadow_style__hover_enabled=\u00a0\u00bbnone\u00a0\u00bb header_text_shadow_color__hover=\u00a0\u00bbrgba(0,0,0,0.4)\u00a0\u00bb header_text_shadow_color__hover_enabled=\u00a0\u00bbrgba(0,0,0,0.4)\u00a0\u00bb]<\/p>\n<h2><strong>Ce sont surtout les m\u00e9nages qui disposent des revenus les plus faibles qui ne consomment ni t\u00e9l\u00e9vision ni VOD<\/strong><strong>\u00a0<\/strong><\/h2>\n<p>[\/et_pb_text][et_pb_divider color=\u00a0\u00bb#f0aa00&Prime; divider_weight=\u00a0\u00bb4px\u00a0\u00bb disabled_on=\u00a0\u00bbon|on|off\u00a0\u00bb _builder_version=\u00a0\u00bb4.6.6&Prime; background_size=\u00a0\u00bbinitial\u00a0\u00bb background_position=\u00a0\u00bbtop_left\u00a0\u00bb background_repeat=\u00a0\u00bbrepeat\u00a0\u00bb max_width=\u00a0\u00bb40px\u00a0\u00bb module_alignment=\u00a0\u00bbleft\u00a0\u00bb custom_margin=\u00a0\u00bb||10px|\u00a0\u00bb animation_style=\u00a0\u00bbzoom\u00a0\u00bb animation_direction=\u00a0\u00bbleft\u00a0\u00bb saved_tabs=\u00a0\u00bball\u00a0\u00bb locked=\u00a0\u00bboff\u00a0\u00bb][\/et_pb_divider][et_pb_text _builder_version=\u00a0\u00bb4.6.6&Prime; _module_preset=\u00a0\u00bbdefault\u00a0\u00bb text_font_size=\u00a0\u00bb18px\u00a0\u00bb]<\/p>\n<p style=\"text-align: justify;\">En 2021 comme en 2019, le choix du mode de consommation d\u00e9pend de la classe de revenus du m\u00e9nage. Cette association \u00e9tait et reste tr\u00e8s significative. On observe n\u00e9anmoins certaines diff\u00e9rences dans les tendances:<\/p>\n<p style=\"text-align: justify;\">Alors qu&rsquo;en 2019, la consommation de t\u00e9l\u00e9vision ne variait pas en fonction du revenu, on observe, en 2021, qu\u2019elle augmente globalement avec la classe de revenus \u2013 \u00e0 l\u2019exception des individus dont le m\u00e9nage dispose de revenus compris entre 2501 et 3500\u20ac, qui sont l\u00e9g\u00e8rement plus nombreux que ceux de la classe 1501-2500\u20ac \u00e0 consommer de la t\u00e9l\u00e9vision.<em>(Slide1)<\/em><\/p>\n<p style=\"text-align: justify;\">En ce qui concerne la consommation de VOD, on notait une forte augmentation de sa consommation \u00e0 partir de 2501\u20ac de revenus en 2019. En 2021, l\u2019augmentation se fait de mani\u00e8re plus r\u00e9guli\u00e8re entre les diff\u00e9rentes classes de revenu.<em>(Slide 2)<\/em><\/p>\n<p style=\"text-align: justify;\">Finalement, l\u2019absence de consommation de m\u00e9dias audiovisuels \u00e9tait surtout le fait des individus avec un revenu inf\u00e9rieur \u00e0 2501\u20ac en 2019. En 2021, ce sont surtout les individus dont le m\u00e9nage dispose de revenus inf\u00e9rieurs \u00e0 1500\u20ac qui ne consomment ni t\u00e9l\u00e9vision ni VOD.<em>(Slide 3)<\/em><\/p>\n<p>[\/et_pb_text][\/et_pb_column][et_pb_column type=\u00a0\u00bb3_5&Prime; _builder_version=\u00a0\u00bb4.6.6&Prime; _module_preset=\u00a0\u00bbdefault\u00a0\u00bb background_color=\u00a0\u00bb#F1F1F1&Prime; custom_padding=\u00a0\u00bb25px|25px|25px|25px|false|false\u00a0\u00bb box_shadow_style=\u00a0\u00bbpreset3&Prime;][et_pb_text admin_label=\u00a0\u00bbTexte\u00a0\u00bb _builder_version=\u00a0\u00bb4.6.6&Prime; _module_preset=\u00a0\u00bbdefault\u00a0\u00bb background_enable_color=\u00a0\u00bboff\u00a0\u00bb]<\/p>\n<div class=\"infogram-embed\" data-id=\"ed87f829-cb09-4e72-80e8-2e83326f10a9\" data-type=\"interactive\" data-title=\"MAP 2022-10\"><\/div>\n<p><script>!function(e,i,n,s){var t=\"InfogramEmbeds\",d=e.getElementsByTagName(\"script\")[0];if(window[t]&&window[t].initialized)window[t].process&&window[t].process();else if(!e.getElementById(n)){var o=e.createElement(\"script\");o.async=1,o.id=n,o.src=\"https:\/\/e.infogram.com\/js\/dist\/embed-loader-min.js\",d.parentNode.insertBefore(o,d)}}(document,0,\"infogram-async\");<\/script>[\/et_pb_text][\/et_pb_column][\/et_pb_row][et_pb_row _builder_version=\u00a0\u00bb4.6.6&Prime; _module_preset=\u00a0\u00bbdefault\u00a0\u00bb][et_pb_column type=\u00a0\u00bb4_4&Prime; _builder_version=\u00a0\u00bb4.6.6&Prime; _module_preset=\u00a0\u00bbdefault\u00a0\u00bb][et_pb_image src=\u00a0\u00bbhttps:\/\/www.csa.be\/map\/wp-content\/uploads\/sites\/6\/2022\/11\/groupeindividus_portefeuille.png\u00a0\u00bb title_text=\u00a0\u00bbgroupeindividus_portefeuille\u00a0\u00bb align=\u00a0\u00bbcenter\u00a0\u00bb _builder_version=\u00a0\u00bb4.6.6&Prime; _module_preset=\u00a0\u00bbdefault\u00a0\u00bb width=\u00a0\u00bb29%\u00a0\u00bb][\/et_pb_image][\/et_pb_column][\/et_pb_row][\/et_pb_section]<\/p>\n","protected":false},"excerpt":{"rendered":"<p>Ce sont surtout les m\u00e9nages qui disposent des revenus les plus faibles qui ne consomment ni t\u00e9l\u00e9vision ni VOD\u00a0En 2021 comme en 2019, le choix du mode de consommation d\u00e9pend de la classe de revenus du m\u00e9nage. Cette association \u00e9tait et reste tr\u00e8s significative. On observe n\u00e9anmoins certaines diff\u00e9rences dans les tendances: Alors qu&rsquo;en 2019, [&hellip;]<\/p>\n","protected":false},"author":2,"featured_media":0,"parent":1100,"menu_order":0,"comment_status":"closed","ping_status":"closed","template":"","meta":{"_et_pb_use_builder":"on","_et_pb_old_content":"","_et_gb_content_width":"","footnotes":""},"class_list":["post-1304","page","type-page","status-publish","hentry"],"_links":{"self":[{"href":"https:\/\/www.csa.be\/map\/wp-json\/wp\/v2\/pages\/1304","targetHints":{"allow":["GET"]}}],"collection":[{"href":"https:\/\/www.csa.be\/map\/wp-json\/wp\/v2\/pages"}],"about":[{"href":"https:\/\/www.csa.be\/map\/wp-json\/wp\/v2\/types\/page"}],"author":[{"embeddable":true,"href":"https:\/\/www.csa.be\/map\/wp-json\/wp\/v2\/users\/2"}],"replies":[{"embeddable":true,"href":"https:\/\/www.csa.be\/map\/wp-json\/wp\/v2\/comments?post=1304"}],"version-history":[{"count":13,"href":"https:\/\/www.csa.be\/map\/wp-json\/wp\/v2\/pages\/1304\/revisions"}],"predecessor-version":[{"id":1485,"href":"https:\/\/www.csa.be\/map\/wp-json\/wp\/v2\/pages\/1304\/revisions\/1485"}],"up":[{"embeddable":true,"href":"https:\/\/www.csa.be\/map\/wp-json\/wp\/v2\/pages\/1100"}],"wp:attachment":[{"href":"https:\/\/www.csa.be\/map\/wp-json\/wp\/v2\/media?parent=1304"}],"curies":[{"name":"wp","href":"https:\/\/api.w.org\/{rel}","templated":true}]}}

MAP 2022 &#8211; Le revenu des ménages impacte les choix

<p>[et_pb_section fb_built= »1&Prime; _builder_version= »4.6.6&Prime; _module_preset= »default » width= »100% » max_width= »100% » custom_css_main_element= »min-height:100vh « ][et_pb_row column_structure= »2_5,3_5&Prime; _builder_version= »4.6.6&Prime; _module_preset= »default » width= »90% » max_width= »100% »][et_pb_column type= »2_5&Prime; _builder_version= »4.6.6&Prime; _module_preset= »default »][et_pb_text _builder_version= »4.6.6&Prime; text_font= »Varela Round|||||||| » text_text_color= »#ef7d00&Prime; header_font= »|||||||| » header_text_color= »#ef7d00&Prime; header_2_font= »|700||||||| » header_2_text_color= »#ef7d00&Prime; header_2_font_size= »36px » header_2_line_height= »1.3em » custom_margin= »||20px| » animation_style= »slide » animation_direction= »bottom » animation_intensity_slide= »10% » locked= »off » header_font_size__hover= »30px » header_font_size__hover_enabled= »30px » header_letter_spacing__hover= »0px » header_letter_spacing__hover_enabled= »0px » header_text_shadow_style__hover= »none » header_text_shadow_style__hover_enabled= »none » header_text_shadow_color__hover= »rgba(0,0,0,0.4) » header_text_shadow_color__hover_enabled= »rgba(0,0,0,0.4) »]</p>
<h2><strong>Ce sont surtout les ménages qui disposent des revenus les plus faibles qui ne consomment ni télévision ni VOD</strong><strong> </strong></h2>
<p>[/et_pb_text][et_pb_divider color= »#f0aa00&Prime; divider_weight= »4px » disabled_on= »on|on|off » _builder_version= »4.6.6&Prime; background_size= »initial » background_position= »top_left » background_repeat= »repeat » max_width= »40px » module_alignment= »left » custom_margin= »||10px| » animation_style= »zoom » animation_direction= »left » saved_tabs= »all » locked= »off »][/et_pb_divider][et_pb_text _builder_version= »4.6.6&Prime; _module_preset= »default » text_font_size= »18px »]</p>
<p style="text-align: justify;">En 2021 comme en 2019, le choix du mode de consommation dépend de la classe de revenus du ménage. Cette association était et reste très significative. On observe néanmoins certaines différences dans les tendances:</p>
<p style="text-align: justify;">Alors qu&rsquo;en 2019, la consommation de télévision ne variait pas en fonction du revenu, on observe, en 2021, qu’elle augmente globalement avec la classe de revenus – à l’exception des individus dont le ménage dispose de revenus compris entre 2501 et 3500€, qui sont légèrement plus nombreux que ceux de la classe 1501-2500€ à consommer de la télévision.<em>(Slide1)</em></p>
<p style="text-align: justify;">En ce qui concerne la consommation de VOD, on notait une forte augmentation de sa consommation à partir de 2501€ de revenus en 2019. En 2021, l’augmentation se fait de manière plus régulière entre les différentes classes de revenu.<em>(Slide 2)</em></p>
<p style="text-align: justify;">Finalement, l’absence de consommation de médias audiovisuels était surtout le fait des individus avec un revenu inférieur à 2501€ en 2019. En 2021, ce sont surtout les individus dont le ménage dispose de revenus inférieurs à 1500€ qui ne consomment ni télévision ni VOD.<em>(Slide 3)</em></p>
<p>[/et_pb_text][/et_pb_column][et_pb_column type= »3_5&Prime; _builder_version= »4.6.6&Prime; _module_preset= »default » background_color= »#F1F1F1&Prime; custom_padding= »25px|25px|25px|25px|false|false » box_shadow_style= »preset3&Prime;][et_pb_text admin_label= »Texte » _builder_version= »4.6.6&Prime; _module_preset= »default » background_enable_color= »off »]</p>
<div class="infogram-embed" data-id="ed87f829-cb09-4e72-80e8-2e83326f10a9" data-type="interactive" data-title="MAP 2022-10"></div>
<p><script>!function(e,i,n,s){var t="InfogramEmbeds",d=e.getElementsByTagName("script")[0];if(window[t]&&window[t].initialized)window[t].process&&window[t].process();else if(!e.getElementById(n)){var o=e.createElement("script");o.async=1,o.id=n,o.src="https://e.infogram.com/js/dist/embed-loader-min.js",d.parentNode.insertBefore(o,d)}}(document,0,"infogram-async");</script>[/et_pb_text][/et_pb_column][/et_pb_row][et_pb_row _builder_version= »4.6.6&Prime; _module_preset= »default »][et_pb_column type= »4_4&Prime; _builder_version= »4.6.6&Prime; _module_preset= »default »][et_pb_image src= »https://www.csa.be/map/wp-content/uploads/sites/6/2022/11/groupeindividus_portefeuille.png » title_text= »groupeindividus_portefeuille » align= »center » _builder_version= »4.6.6&Prime; _module_preset= »default » width= »29% »][/et_pb_image][/et_pb_column][/et_pb_row][/et_pb_section]</p>

<p>Ce sont surtout les ménages qui disposent des revenus les plus faibles qui ne consomment ni télévision ni VOD En 2021 comme en 2019, le choix du mode de consommation dépend de la classe de revenus du ménage. Cette association était et reste très significative. On observe néanmoins certaines différences dans les tendances: Alors qu&rsquo;en 2019, [&hellip;]</p>
