{"id":1170,"date":"2024-01-05T09:45:23","date_gmt":"2024-01-05T08:45:23","guid":{"rendered":"https:\/\/www.csa.be\/plandefrequences\/?page_id=1170"},"modified":"2024-03-06T16:02:26","modified_gmt":"2024-03-06T15:02:26","slug":"dab2024-aide","status":"publish","type":"page","link":"https:\/\/www.csa.be\/plandefrequences\/dab2024-aide\/","title":{"rendered":"DAB2024 &#8211; Aide"},"content":{"rendered":"<p>[et_pb_section fb_built=\u00a0\u00bb1&Prime; _builder_version=\u00a0\u00bb4.16&Prime; global_colors_info=\u00a0\u00bb{}\u00a0\u00bb][et_pb_row _builder_version=\u00a0\u00bb4.16&Prime; background_size=\u00a0\u00bbinitial\u00a0\u00bb background_position=\u00a0\u00bbtop_left\u00a0\u00bb background_repeat=\u00a0\u00bbrepeat\u00a0\u00bb global_colors_info=\u00a0\u00bb{}\u00a0\u00bb][et_pb_column type=\u00a0\u00bb4_4&Prime; _builder_version=\u00a0\u00bb4.16&Prime; custom_padding=\u00a0\u00bb|||\u00a0\u00bb global_colors_info=\u00a0\u00bb{}\u00a0\u00bb custom_padding__hover=\u00a0\u00bb|||\u00a0\u00bb][et_pb_text _builder_version=\u00a0\u00bb4.21.0&Prime; header_font=\u00a0\u00bbABeeZee||||||||\u00a0\u00bb header_text_color=\u00a0\u00bb#52284e\u00a0\u00bb header_2_font=\u00a0\u00bbABeeZee||||||||\u00a0\u00bb header_2_text_color=\u00a0\u00bb#ad3a65&Prime; global_colors_info=\u00a0\u00bb{}\u00a0\u00bb]<\/p>\n<p>&nbsp;<\/p>\n<div class=\"et_pb_text et_pb_module et_pb_bg_layout_light et_pb_text_align_left et_pb_text_0\">\n<div class=\"et_pb_text_inner\">\n<h1 style=\"text-align: center;\">Aide<\/h1>\n<p>&nbsp;<\/p>\n<h2>Questions concernant cet appel d&rsquo;offres<\/h2>\n<p>Afin d\u2019assurer l\u2019\u00e9galit\u00e9 de traitement des candidats ainsi que la transparence de la proc\u00e9dure, aucune information ne sera donn\u00e9e par t\u00e9l\u00e9phone. Vous pouvez prendre contact avec les gestionnaires de l\u2019appel d\u2019offre \u00e0 l\u2019adresse <a href=\"mailto:info@csa.be\"><span style=\"text-decoration: underline;\">radio@csa.be<\/span>.<\/a> Les questions qui sont pos\u00e9es par ce biais et que ne trouvent pas de r\u00e9ponse sur ce site seront ajout\u00e9es au fur et \u00e0 mesure sur cette page avec une r\u00e9ponse disponible pour tous les candidats potentiels.<o:p><\/o:p><\/p>\n<h2><\/h2>\n<h2>Document d&rsquo;aide<\/h2>\n<p>Vous trouverez sur la page \u00ab D\u00e9posez votre candidature \u00bb le formulaire de candidature et un guide d\u2019aide au remplissage qui, pour chaque question du formulaire, donne des explications vous permettant de compl\u00e9ter celui-ci.<br \/>Sur la page \u00ab Documents \u00bb vous trouverez tous les documents li\u00e9s \u00e0 cette proc\u00e9dure d\u2019appel d\u2019offres ( Arr\u00eat\u00e9s, Recommandations du Coll\u00e8ge d\u2019autorisation et de contr\u00f4le, D\u00e9cret coordonn\u00e9 sur les services de m\u00e9dias audiovisuels.<\/p>\n<h2><\/h2>\n<h2>Restez inform\u00e9s sur cet appel d&rsquo;offres<\/h2>\n<p>Vous pouvez vous abonner \u00e0 une newsletter enti\u00e8rement d\u00e9di\u00e9e \u00e0 l\u2019appel d\u2019offres actuellement en cours. Les mises \u00e0 jour de ce site et autres informations seront communiqu\u00e9es de cette mani\u00e8re.<\/p>\n<p><a href=\"http:\/\/eepurl.com\/iHq2bk\" target=\"_blank\" rel=\"noopener noreferrer\"><span style=\"text-decoration: underline;\">Je m&rsquo;abonne \u00e0 la newsletter de cet appel d&rsquo;offres<\/span><span style=\"color: #ff0000;\"><\/span><\/a><\/p>\n<h2><\/h2>\n<h2>S\u00e9ances d&rsquo;information<\/h2>\n<p>Aucune s\u00e9ance d&rsquo;information n&rsquo;est programm\u00e9e pour cet appel d&rsquo;offres.<\/p>\n<\/div>\n<\/div>\n<h2 style=\"text-align: left;\"><span style=\"font-size: x-large;\">Questions du public<\/span><\/h2>\n<p style=\"background: white;\"><b><span style=\"font-size: 11.0pt; color: black;\"><\/span><\/b><\/p>\n<p style=\"background: white;\"><b><span style=\"font-size: 11.0pt; color: black;\"><\/span><\/b><\/p>\n<p style=\"background: white;\"><b><span style=\"font-size: 11.0pt; color: black;\"><\/span><\/b><\/p>\n<p style=\"background: white;\"><b><span style=\"font-size: 11.0pt; color: black;\"><em>(ajout\u00e9e le 6\/03\/2024)<\/em> Nous avons choisi de cr\u00e9er une nouvelle soci\u00e9t\u00e9 pour postuler \u00e0 l&rsquo;appel d&rsquo;offre, mais les statuts de celle-ci sont en attente de publication au Moniteur. Comment postuler dans ces conditions?<\/span><\/b><o:p><\/o:p><\/p>\n<p style=\"background: white;\"><span style=\"font-size: 11.0pt; color: black;\">Une candidature \u00e0 l&rsquo;appel d&rsquo;offre sera consid\u00e9r\u00e9e comme recevable \u00e0 partir du moment o\u00f9 la soci\u00e9t\u00e9 dispose d&rsquo;un num\u00e9ro d&rsquo;entreprise et figure dans la base de donn\u00e9es de la Banque Carrefour des Entreprise. Veillez \u00e0 joindre \u00e0 votre dossier de candidature la preuve de l&rsquo;enregistrement de la soci\u00e9t\u00e9 et une copie des statuts.<\/span><o:p><\/o:p><\/p>\n<p><strong><br \/><\/strong><o:p><\/o:p><\/p>\n<p>&nbsp;<\/p>\n<p>[\/et_pb_text][\/et_pb_column][\/et_pb_row][\/et_pb_section]<\/p>\n","protected":false},"excerpt":{"rendered":"<p>&nbsp; Aide &nbsp; Questions concernant cet appel d&rsquo;offres Afin d\u2019assurer l\u2019\u00e9galit\u00e9 de traitement des candidats ainsi que la transparence de la proc\u00e9dure, aucune information ne sera donn\u00e9e par t\u00e9l\u00e9phone. Vous pouvez prendre contact avec les gestionnaires de l\u2019appel d\u2019offre \u00e0 l\u2019adresse radio@csa.be. Les questions qui sont pos\u00e9es par ce biais et que ne trouvent pas [&hellip;]<\/p>\n","protected":false},"author":2,"featured_media":0,"parent":0,"menu_order":0,"comment_status":"closed","ping_status":"closed","template":"","meta":{"_et_pb_use_builder":"on","_et_pb_old_content":"","_et_gb_content_width":"","footnotes":""},"class_list":["post-1170","page","type-page","status-publish","hentry"],"_links":{"self":[{"href":"https:\/\/www.csa.be\/plandefrequences\/wp-json\/wp\/v2\/pages\/1170","targetHints":{"allow":["GET"]}}],"collection":[{"href":"https:\/\/www.csa.be\/plandefrequences\/wp-json\/wp\/v2\/pages"}],"about":[{"href":"https:\/\/www.csa.be\/plandefrequences\/wp-json\/wp\/v2\/types\/page"}],"author":[{"embeddable":true,"href":"https:\/\/www.csa.be\/plandefrequences\/wp-json\/wp\/v2\/users\/2"}],"replies":[{"embeddable":true,"href":"https:\/\/www.csa.be\/plandefrequences\/wp-json\/wp\/v2\/comments?post=1170"}],"version-history":[{"count":9,"href":"https:\/\/www.csa.be\/plandefrequences\/wp-json\/wp\/v2\/pages\/1170\/revisions"}],"predecessor-version":[{"id":1251,"href":"https:\/\/www.csa.be\/plandefrequences\/wp-json\/wp\/v2\/pages\/1170\/revisions\/1251"}],"wp:attachment":[{"href":"https:\/\/www.csa.be\/plandefrequences\/wp-json\/wp\/v2\/media?parent=1170"}],"curies":[{"name":"wp","href":"https:\/\/api.w.org\/{rel}","templated":true}]}}

<p>[et_pb_section fb_built= »1&Prime; _builder_version= »4.16&Prime; global_colors_info= »{} »][et_pb_row _builder_version= »4.16&Prime; background_size= »initial » background_position= »top_left » background_repeat= »repeat » global_colors_info= »{} »][et_pb_column type= »4_4&Prime; _builder_version= »4.16&Prime; custom_padding= »||| » global_colors_info= »{} » custom_padding__hover= »||| »][et_pb_text _builder_version= »4.21.0&Prime; header_font= »ABeeZee|||||||| » header_text_color= »#52284e » header_2_font= »ABeeZee|||||||| » header_2_text_color= »#ad3a65&Prime; global_colors_info= »{} »]</p>
<p>&nbsp;</p>
<div class="et_pb_text et_pb_module et_pb_bg_layout_light et_pb_text_align_left et_pb_text_0">
<div class="et_pb_text_inner">
<h1 style="text-align: center;">Aide</h1>
<p>&nbsp;</p>
<h2>Questions concernant cet appel d&rsquo;offres</h2>
<p>Afin d’assurer l’égalité de traitement des candidats ainsi que la transparence de la procédure, aucune information ne sera donnée par téléphone. Vous pouvez prendre contact avec les gestionnaires de l’appel d’offre à l’adresse <a href="mailto:info@csa.be"><span style="text-decoration: underline;">radio@csa.be</span>.</a> Les questions qui sont posées par ce biais et que ne trouvent pas de réponse sur ce site seront ajoutées au fur et à mesure sur cette page avec une réponse disponible pour tous les candidats potentiels.<o:p></o:p></p>
<h2></h2>
<h2>Document d&rsquo;aide</h2>
<p>Vous trouverez sur la page « Déposez votre candidature » le formulaire de candidature et un guide d’aide au remplissage qui, pour chaque question du formulaire, donne des explications vous permettant de compléter celui-ci.<br />Sur la page « Documents » vous trouverez tous les documents liés à cette procédure d’appel d’offres ( Arrêtés, Recommandations du Collège d’autorisation et de contrôle, Décret coordonné sur les services de médias audiovisuels.</p>
<h2></h2>
<h2>Restez informés sur cet appel d&rsquo;offres</h2>
<p>Vous pouvez vous abonner à une newsletter entièrement dédiée à l’appel d’offres actuellement en cours. Les mises à jour de ce site et autres informations seront communiquées de cette manière.</p>
<p><a href="http://eepurl.com/iHq2bk" target="_blank" rel="noopener noreferrer"><span style="text-decoration: underline;">Je m&rsquo;abonne à la newsletter de cet appel d&rsquo;offres</span><span style="color: #ff0000;"></span></a></p>
<h2></h2>
<h2>Séances d&rsquo;information</h2>
<p>Aucune séance d&rsquo;information n&rsquo;est programmée pour cet appel d&rsquo;offres.</p>
</div>
</div>
<h2 style="text-align: left;"><span style="font-size: x-large;">Questions du public</span></h2>
<p style="background: white;"><b><span style="font-size: 11.0pt; color: black;"></span></b></p>
<p style="background: white;"><b><span style="font-size: 11.0pt; color: black;"></span></b></p>
<p style="background: white;"><b><span style="font-size: 11.0pt; color: black;"></span></b></p>
<p style="background: white;"><b><span style="font-size: 11.0pt; color: black;"><em>(ajoutée le 6/03/2024)</em> Nous avons choisi de créer une nouvelle société pour postuler à l&rsquo;appel d&rsquo;offre, mais les statuts de celle-ci sont en attente de publication au Moniteur. Comment postuler dans ces conditions?</span></b><o:p></o:p></p>
<p style="background: white;"><span style="font-size: 11.0pt; color: black;">Une candidature à l&rsquo;appel d&rsquo;offre sera considérée comme recevable à partir du moment où la société dispose d&rsquo;un numéro d&rsquo;entreprise et figure dans la base de données de la Banque Carrefour des Entreprise. Veillez à joindre à votre dossier de candidature la preuve de l&rsquo;enregistrement de la société et une copie des statuts.</span><o:p></o:p></p>
<p><strong><br /></strong><o:p></o:p></p>
<p>&nbsp;</p>
<p>[/et_pb_text][/et_pb_column][/et_pb_row][/et_pb_section]</p>

<p>&nbsp; Aide &nbsp; Questions concernant cet appel d&rsquo;offres Afin d’assurer l’égalité de traitement des candidats ainsi que la transparence de la procédure, aucune information ne sera donnée par téléphone. Vous pouvez prendre contact avec les gestionnaires de l’appel d’offre à l’adresse radio@csa.be. Les questions qui sont posées par ce biais et que ne trouvent pas [&hellip;]</p>
