{"id":1183,"date":"2024-01-05T10:04:08","date_gmt":"2024-01-05T09:04:08","guid":{"rendered":"https:\/\/www.csa.be\/plandefrequences\/?page_id=1183"},"modified":"2024-02-02T14:27:03","modified_gmt":"2024-02-02T13:27:03","slug":"dab2024-documents","status":"publish","type":"page","link":"https:\/\/www.csa.be\/plandefrequences\/dab2024-documents\/","title":{"rendered":"DAB2024 &#8211; Documents"},"content":{"rendered":"<p>[et_pb_section fb_built=\u00a0\u00bb1&Prime; _builder_version=\u00a0\u00bb4.16&Prime; custom_padding=\u00a0\u00bb|||0px||\u00a0\u00bb global_colors_info=\u00a0\u00bb{}\u00a0\u00bb][et_pb_row _builder_version=\u00a0\u00bb4.16&Prime; background_size=\u00a0\u00bbinitial\u00a0\u00bb background_position=\u00a0\u00bbtop_left\u00a0\u00bb background_repeat=\u00a0\u00bbrepeat\u00a0\u00bb global_colors_info=\u00a0\u00bb{}\u00a0\u00bb][et_pb_column type=\u00a0\u00bb4_4&Prime; _builder_version=\u00a0\u00bb4.16&Prime; custom_padding=\u00a0\u00bb|||\u00a0\u00bb global_colors_info=\u00a0\u00bb{}\u00a0\u00bb custom_padding__hover=\u00a0\u00bb|||\u00a0\u00bb][et_pb_text _builder_version=\u00a0\u00bb4.21.0&Prime; header_text_color=\u00a0\u00bb#52284e\u00a0\u00bb header_2_text_color=\u00a0\u00bb#ad3a65&Prime; hover_enabled=\u00a0\u00bb0&Prime; global_colors_info=\u00a0\u00bb{}\u00a0\u00bb sticky_enabled=\u00a0\u00bb0&Prime;]<\/p>\n<h1 style=\"text-align: center;\">Documents<\/h1>\n<p style=\"text-align: center;\">Retrouvez ci-dessous l&rsquo;ensemble des documents li\u00e9s \u00e0 l&rsquo;appel d&rsquo;offre.<\/p>\n<h3><\/h3>\n<h2>Formulaires et guide de remplissage:<\/h2>\n<ul>\n<li style=\"list-style-type: none;\">\n<ul>\n<li><a href=\"https:\/\/www.csa.be\/wp-content\/uploads\/2024\/01\/DAB2024-Annexe-3-Formulaire-de-candidature-C11.docx\">Formulaire de candidature (vierge)<\/a><\/li>\n<li><a href=\"https:\/\/www.csa.be\/wp-content\/uploads\/2024\/01\/DAB2024-Guide-remplissage.docx\" target=\"_blank\" rel=\"noopener noreferrer\">Guide d&rsquo;aide au remplissage du formulaire<\/a><span style=\"color: #000000;\"><a href=\"https:\/\/www.csa.be\/plandefrequences\/wp-content\/uploads\/sites\/3\/2021\/08\/FM2021-Guide-remplissage-FINAL.docx\" target=\"_blank\" rel=\"noopener noreferrer\"><span style=\"color: #ff0000;\"><\/span><\/a><\/span><\/li>\n<\/ul>\n<\/li>\n<\/ul>\n<h2>Arr\u00eat\u00e9s:<\/h2>\n<p><a href=\"https:\/\/www.csa.be\/plandefrequences\/wp-content\/uploads\/sites\/3\/2022\/10\/GCF_220908_A16_Arrete-radiofrequence-Jupille_signe.pdf\" target=\"_blank\" rel=\"noopener noreferrer\"><\/a><\/p>\n<ul>\n<li style=\"list-style-type: none;\">\n<ul>\n<li><a href=\"https:\/\/www.csa.be\/wp-content\/uploads\/2023\/12\/Appel_d_offre_reseau_communautaire_C11_exploitation_radio_en_reseau_2023.pdf\">Arr\u00eat\u00e9 du Gouvernement de la Communaut\u00e9 fran\u00e7aise fixant un appel d\u2019offre pour l\u2019attribution de radiofr\u00e9quences destin\u00e9es \u00e0 la diffusion d\u2019un service sonore en mode num\u00e9rique du 14 d\u00e9cembre 2023<\/a>.<\/li>\n<li><a href=\"https:\/\/www.csa.be\/document\/arrete-du-gouvernement-de-la-communaute-francaise-fixant-une-liste-de-radiofrequences-attribuables-pour-la-diffusion-de-service-sonore-en-mode-analogique-par-voie-hertzienne-terrestre\/\">Arr\u00eat\u00e9 du Gouvernement de la Communaut\u00e9 fran\u00e7aise fixant une liste de radiofr\u00e9quences attribuables pour la diffusion de service sonore en mode analogique par voie hertzienne terrestre du 7 f\u00e9vrier 2018.<\/a><\/li>\n<li><a href=\"https:\/\/www.csa.be\/wp-content\/uploads\/documents-csa\/Moniteur_arrete_liste_frequences_analogiques.pdf\">Arr\u00eat\u00e9 du Gouvernement de la Communaut\u00e9 fran\u00e7aise du 21 d\u00e9cembre 2018 fixant, pour la diffusion en mode analogique, la liste des radiosfr\u00e9quences assignables aux radios ind\u00e9pendantes ainsi que le nombre de radios en r\u00e9seau, leurs zones de service th\u00e9oriques et les radiofr\u00e9quences assignables qui les composent.<\/a><\/li>\n<\/ul>\n<\/li>\n<\/ul>\n<p><a href=\"https:\/\/www.csa.be\/plandefrequences\/wp-content\/uploads\/sites\/3\/2022\/10\/GCF_220908_A16_Arrete-radiofrequence-Jupille_signe.pdf\" target=\"_blank\" rel=\"noopener noreferrer\"><\/a><\/p>\n<h2><\/h2>\n<h2>Recommandations du Coll\u00e8ge d&rsquo;autorisation et de contr\u00f4le:<\/h2>\n<ul><\/ul>\n<p><span style=\"color: #ff0000;\"><\/span><\/p>\n<ul>\n<li style=\"list-style-type: none;\">\n<ul>\n<li class=\"et_pb_module_header\"><span style=\"color: #ff0000;\"><a href=\"https:\/\/www.csa.be\/wp-content\/uploads\/2024\/02\/20240125_UR_DAB2024_Recom_art3.1.3-4_formats_zones_FINAL.pdf\">Recommandation relative \u00e0 la diversit\u00e9 du paysage radiophonique, \u00e0 l\u2019\u00e9quilibre des formats (<em>publi\u00e9e le 2 f\u00e9vrier 2024<\/em>)<\/a><span style=\"color: #00ffff;\">.<em><\/em><\/span><br \/><\/span><\/li>\n<\/ul>\n<\/li>\n<\/ul>\n<h2><\/h2>\n<h2>Vade-mecum:<\/h2>\n<ul>\n<li style=\"list-style-type: none;\">\n<ul>\n<li><a href=\"https:\/\/www.csa.be\/wp-content\/uploads\/2024\/02\/20240125_UR_vademecum_complet_DAB2024_FINAL.pdf\">Vade-mecum relatif au traitement des offres en r\u00e9ponse \u00e0 l\u2019arr\u00eat\u00e9 du 14 d\u00e9cembre 2023 fixant le pr\u00e9sent appel d&rsquo;offre <em>(publi\u00e9 le 2 f\u00e9vrier 2024 ).<\/em><\/a><a href=\"https:\/\/www.csa.be\/wp-content\/uploads\/2021\/08\/20210824_UR_vademecum_FM2021.pdf\"><span style=\"color: #ff0000;\"><em><\/em><\/span><\/a><\/li>\n<\/ul>\n<\/li>\n<\/ul>\n<h2><\/h2>\n<h2>D\u00e9cret:<\/h2>\n<ul>\n<li style=\"list-style-type: none;\">\n<ul>\n<li>\u00a0<a href=\"https:\/\/www.csa.be\/wp-content\/uploads\/2021\/03\/Nouveau-decret-SMA-du-4-fevrier-2021-Publication-au-MB.pdf\">D\u00e9cret relatif aux services de m\u00e9dias audiovisuels et aux services de partage de vid\u00e9os<\/a><\/li>\n<\/ul>\n<\/li>\n<\/ul>\n<p>[\/et_pb_text][\/et_pb_column][\/et_pb_row][\/et_pb_section]<\/p>\n","protected":false},"excerpt":{"rendered":"<p>Documents Retrouvez ci-dessous l&rsquo;ensemble des documents li\u00e9s \u00e0 l&rsquo;appel d&rsquo;offre. Formulaires et guide de remplissage: Formulaire de candidature (vierge) Guide d&rsquo;aide au remplissage du formulaire Arr\u00eat\u00e9s: Arr\u00eat\u00e9 du Gouvernement de la Communaut\u00e9 fran\u00e7aise fixant un appel d\u2019offre pour l\u2019attribution de radiofr\u00e9quences destin\u00e9es \u00e0 la diffusion d\u2019un service sonore en mode num\u00e9rique du 14 d\u00e9cembre 2023. [&hellip;]<\/p>\n","protected":false},"author":2,"featured_media":0,"parent":0,"menu_order":0,"comment_status":"closed","ping_status":"closed","template":"","meta":{"_et_pb_use_builder":"on","_et_pb_old_content":"","_et_gb_content_width":"","footnotes":""},"class_list":["post-1183","page","type-page","status-publish","hentry"],"_links":{"self":[{"href":"https:\/\/www.csa.be\/plandefrequences\/wp-json\/wp\/v2\/pages\/1183","targetHints":{"allow":["GET"]}}],"collection":[{"href":"https:\/\/www.csa.be\/plandefrequences\/wp-json\/wp\/v2\/pages"}],"about":[{"href":"https:\/\/www.csa.be\/plandefrequences\/wp-json\/wp\/v2\/types\/page"}],"author":[{"embeddable":true,"href":"https:\/\/www.csa.be\/plandefrequences\/wp-json\/wp\/v2\/users\/2"}],"replies":[{"embeddable":true,"href":"https:\/\/www.csa.be\/plandefrequences\/wp-json\/wp\/v2\/comments?post=1183"}],"version-history":[{"count":7,"href":"https:\/\/www.csa.be\/plandefrequences\/wp-json\/wp\/v2\/pages\/1183\/revisions"}],"predecessor-version":[{"id":1247,"href":"https:\/\/www.csa.be\/plandefrequences\/wp-json\/wp\/v2\/pages\/1183\/revisions\/1247"}],"wp:attachment":[{"href":"https:\/\/www.csa.be\/plandefrequences\/wp-json\/wp\/v2\/media?parent=1183"}],"curies":[{"name":"wp","href":"https:\/\/api.w.org\/{rel}","templated":true}]}}