{"id":17,"date":"2018-11-06T11:40:43","date_gmt":"2018-11-06T10:40:43","guid":{"rendered":"https:\/\/cdoc-csa.be\/pfrequence\/?page_id=17"},"modified":"2018-11-06T11:40:43","modified_gmt":"2018-11-06T10:40:43","slug":"attribution-des-frequences","status":"publish","type":"page","link":"https:\/\/www.csa.be\/plandefrequences\/attribution-des-frequences\/","title":{"rendered":"Fr\u00e9quences mises en appel d&rsquo;offres"},"content":{"rendered":"<p>[et_pb_section fb_built=\u00a0\u00bb1&Prime; admin_label=\u00a0\u00bbsection\u00a0\u00bb _builder_version=\u00a0\u00bb3.0.47&Prime;][et_pb_row admin_label=\u00a0\u00bbrow\u00a0\u00bb _builder_version=\u00a0\u00bb3.0.47&Prime; background_size=\u00a0\u00bbinitial\u00a0\u00bb background_position=\u00a0\u00bbtop_left\u00a0\u00bb background_repeat=\u00a0\u00bbrepeat\u00a0\u00bb][et_pb_column type=\u00a0\u00bb4_4&Prime; _builder_version=\u00a0\u00bb3.0.47&Prime; parallax=\u00a0\u00bboff\u00a0\u00bb parallax_method=\u00a0\u00bbon\u00a0\u00bb][et_pb_text admin_label=\u00a0\u00bbText\u00a0\u00bb _builder_version=\u00a0\u00bb3.0.47&Prime; background_size=\u00a0\u00bbinitial\u00a0\u00bb background_position=\u00a0\u00bbtop_left\u00a0\u00bb background_repeat=\u00a0\u00bbrepeat\u00a0\u00bb]<\/p>\n<p>RADIOFREQUENCES ANALOGIQUES ET RESEAUX MIXTES<\/p>\n<ul>\n<li>82 radiofr\u00e9quences FM de port\u00e9e locale pour les radios ind\u00e9pendantes (annexe 2 de l\u2019arr\u00eat\u00e9 appel d\u2019offre) : <a href=\"liste-des-frequences-pour-les-radios-independantes\/\">consulter la liste des fr\u00e9quences<\/a><\/li>\n<li>6 r\u00e9seaux mixtes FM\/DAB+ qui couvrent en tout ou partie Bruxelles et la Wallonie (annexe 1 de l\u2019arr\u00eat\u00e9 appel d\u2019offre)<\/li>\n<li>4 r\u00e9seaux mixtes qui couvrent les provinces (Brabant wallon et Bruxelles (en num\u00e9rique uniquement), Hainaut, Li\u00e8ge, Namur et Luxembourg (ensemble)) (annexe 1 de l\u2019arr\u00eat\u00e9 appel d\u2019offre)<\/li>\n<li>Les caract\u00e9ristiques techniques de toutes les radiofr\u00e9quences FM sont consultables dans l\u2019<a href=\"http:\/\/www.csa.be\/system\/documents_files\/2965\/original\/Arrete_frequences_analogiques.pdf?1547210696\">arr\u00eat\u00e9 du 7 f\u00e9vrier 2018<\/a>.<\/li>\n<li><a href=\"http:\/\/www.audiovisuel.cfwb.be\/index.php?id=avm_appel_offre_2019\">Les cartes de couverture des fr\u00e9quences locales et des r\u00e9seaux communautaires, urbains et provinciaux, <span style=\"text-decoration: underline\">fournies \u00e0 titre purement indicatif<\/span>, sont consultables en cliquant sur le pr\u00e9sent lien.<\/a><\/li>\n<\/ul>\n<p>&nbsp;<\/p>\n<p>RADIOFREQUENCES NUMERIQUES<\/p>\n<ul>\n<li>12 multiplex de port\u00e9e locale pour les radios ind\u00e9pendantes (annexe 4 de l\u2019arr\u00eat\u00e9 appel d\u2019offre)<\/li>\n<li>5 r\u00e9seaux DAB+ qui couvrent Bruxelles et la Wallonie (annexe 3 de l\u2019arr\u00eat\u00e9 appel d\u2019offre)<\/li>\n<li>Les caract\u00e9ristiques techniques de toutes les radiofr\u00e9quences num\u00e9riques sont consultables dans l\u2019<a href=\"http:\/\/www.csa.be\/system\/documents_files\/2966\/original\/Arrete_frequences_attribuables_numeriques.pdf?1547210828\">arr\u00eat\u00e9 du 17 octobre 2018<\/a>.<\/li>\n<li><a href=\"http:\/\/www.audiovisuel.cfwb.be\/index.php?id=avm_appel_offre_2019\">Les cartes de couverture des multiplex locaux et des r\u00e9seaux communautaires et provinciaux,\u00a0<\/a><a href=\"http:\/\/www.audiovisuel.cfwb.be\/index.php?id=avm_appel_offre_2019\"><span style=\"text-decoration: underline\">fournies \u00e0 titre purement indicatif<\/span>,<\/a><a href=\"http:\/\/www.audiovisuel.cfwb.be\/index.php?id=avm_appel_offre_2019\"> sont consultables <\/a><a href=\"http:\/\/www.audiovisuel.cfwb.be\/index.php?id=avm_appel_offre_2019\">en cliquant sur le pr\u00e9sent lien.<\/a><\/li>\n<\/ul>\n<p>&nbsp;<\/p>\n<p>[\/et_pb_text][\/et_pb_column][\/et_pb_row][et_pb_row _builder_version=\u00a0\u00bb3.0.106&Prime;][et_pb_column type=\u00a0\u00bb4_4&Prime; _builder_version=\u00a0\u00bb3.0.106&Prime; parallax=\u00a0\u00bboff\u00a0\u00bb parallax_method=\u00a0\u00bbon\u00a0\u00bb][et_pb_cta title=\u00a0\u00bbArr\u00eat\u00e9 appel d&rsquo;offre\u00a0\u00bb button_url=\u00a0\u00bbhttps:\/\/www.csa.be\/dabplus2019\/wp-content\/uploads\/sites\/3\/2019\/01\/Moniteur_arrete_appel_offre_analogique_numerique.pdf\u00a0\u00bb button_text=\u00a0\u00bbJe t\u00e9l\u00e9charge\u00a0\u00bb _builder_version=\u00a0\u00bb3.0.106&Prime;][\/et_pb_cta][\/et_pb_column][\/et_pb_row][et_pb_row _builder_version=\u00a0\u00bb3.0.106&Prime;][et_pb_column type=\u00a0\u00bb4_4&Prime; _builder_version=\u00a0\u00bb3.0.106&Prime; parallax=\u00a0\u00bboff\u00a0\u00bb parallax_method=\u00a0\u00bbon\u00a0\u00bb][et_pb_text _builder_version=\u00a0\u00bb3.0.106&Prime;][\/et_pb_text][\/et_pb_column][\/et_pb_row][\/et_pb_section]<\/p>\n","protected":false},"excerpt":{"rendered":"<p>RADIOFREQUENCES ANALOGIQUES ET RESEAUX MIXTES 82 radiofr\u00e9quences FM de port\u00e9e locale pour les radios ind\u00e9pendantes (annexe 2 de l\u2019arr\u00eat\u00e9 appel d\u2019offre) : consulter la liste des fr\u00e9quences 6 r\u00e9seaux mixtes FM\/DAB+ qui couvrent en tout ou partie Bruxelles et la Wallonie (annexe 1 de l\u2019arr\u00eat\u00e9 appel d\u2019offre) 4 r\u00e9seaux mixtes qui couvrent les provinces (Brabant [&hellip;]<\/p>\n","protected":false},"author":2,"featured_media":0,"parent":0,"menu_order":0,"comment_status":"closed","ping_status":"closed","template":"","meta":{"_et_pb_use_builder":"on","_et_pb_old_content":"Sont n\u00e9cessaires sur cette page:\n<ul>\n \t<li>Le ROI du CAC<\/li>\n \t<li>La recom sur le pluralisme et la diversit\u00e9<\/li>\n \t<li>La recommandation sur la diversit\u00e9 et l\u2019\u00e9quilibre des formats de radios actualis\u00e9e <em>(faire \u00e9galement historique des recommandations\u00a0? est-ce n\u00e9cessaire\u00a0?)<\/em><em> \u2013 <\/em>publi\u00e9e dans le mois de la publication de l\u2019AO car on a besoin du cadastre stabilis\u00e9 + des cartes de couverture pour \u00e9tablir les zones.<\/li>\n<\/ul>\nIci il pourra \u00e9galement expliquer le <u>syst\u00e8me de pond\u00e9ration<\/u> qui sera repris dans l\u2019arr\u00eat\u00e9 plan de fr\u00e9quence.\n\n<strong>Proc\u00e9dure d'attribution des fr\u00e9quences par le CSA<\/strong>\n\nAfin d'assurer l'objectivit\u00e9 et la transparence de la proc\u00e9dure d'appel d'offres pour l'attribution des fr\u00e9quences FM, le CSA a adopt\u00e9 en date du 27 f\u00e9vrier 2014\u00a0<a href=\"http:\/\/www.csa.be\/documents\/2231\">une recommandation relative \u00e0 la diversit\u00e9 et \u00e0 l'\u00e9quilibre des formats de radio<\/a>\u00a0dans le cadre du pr\u00e9sent appel d'offre. C'est cette recommandation qui\u00a0<strong>pr\u00e9cise le profil de radio qui sera prioritaire dans l'attribution de la radiofr\u00e9quence attribuable<\/strong>.\n\nLe CSA a publi\u00e9 une telle recommandation \u00e0 chaque appel d\u2019offres :\n<ul>\n \t<li>une\u00a0<a href=\"http:\/\/www.csa.be\/documents\/show\/775\">premi\u00e8re\u00a0<\/a><a href=\"http:\/\/www.csa.be\/documents\/show\/775\">Recommandation relative \u00e0 la diversit\u00e9 et \u00e0 l'\u00e9quilibre des formats de radio<\/a>\u00a0adopt\u00e9e le 14 f\u00e9vrier 2008 en application du m\u00eame ROI, dans le cadre du premier appel d'offres (FM2008). Cette recommandation est destin\u00e9e \u00e0 pr\u00e9ciser la mani\u00e8re dont le Coll\u00e8ge entend \"assurer une diversit\u00e9 du paysage radiophonique et un \u00e9quilibre entre les diff\u00e9rents formats de radios, \u00e0 travers l'offre musicale, culturelle et d'information.\" La recommandation actuelle y fait r\u00e9f\u00e9rence pour la d\u00e9finition des profils de radios.<\/li>\n \t<li>une\u00a0<a href=\"http:\/\/www.csa.be\/documents\/show\/852\" target=\"_blank\" rel=\"noopener\">deuxi\u00e8me Recommandation relative \u00e0 la diversit\u00e9 et \u00e0 l'\u00e9quilibre des formats de radio<\/a>\u00a0adopt\u00e9e\u00a0le 15 juillet 2008 dans le cadre du second appel d'offres (FM2008bis).<\/li>\n \t<li>une\u00a0<a title=\"Recommandation relative \u00e0 la diversit\u00e9 et \u00e0 l'\u00e9quilibre des formats de radio (25 juin 2009)\" href=\"http:\/\/www.csa.be\/documents\/show\/1056\">troisi\u00e8me Recommandation relative \u00e0 la diversit\u00e9 et \u00e0 l'\u00e9quilibre des formats de radio<\/a>\u00a0adopt\u00e9e le 25 juin 2009 dans le cadre du troisi\u00e8me appel d'offres (FM2009).<\/li>\n \t<li>une\u00a0<a title=\"Recommandation\" href=\"http:\/\/www.csa.be\/documents\/show\/1441\">quatri\u00e8me Recommandation relative \u00e0 la diversit\u00e9 et \u00e0 l'\u00e9quilibre des formats de radio<\/a>\u00a0 adopt\u00e9e le 23 d\u00e9cembre 2010 dans le cadre du quatri\u00e8me appel d'offres (FM2010).<\/li>\n \t<li>une cinqui\u00e8me\u00a0<a href=\"http:\/\/www.csa.be\/documents\/1514\">recommandation relative \u00e0 la diversit\u00e9 et \u00e0 l'\u00e9quilibre des formats de radio<\/a>\u00a0adopt\u00e9e le 29 avril 2011 dans le cadre du cinqui\u00e8me appel d'offres (FM2011).<\/li>\n \t<li>une sixi\u00e8me\u00a0<a href=\"http:\/\/www.csa.be\/documents\/1866\">recommandation relative \u00e0 la diversit\u00e9 et \u00e0 l\u2019\u00e9quilibre des formats de radio<\/a>\u00a0adopt\u00e9e le 4 octobre 2012 dans le cadre du sixi\u00e8me appel d\u2019offres (FM2012).<\/li>\n<\/ul>\nLes documents suivants apportent \u00e9galement des pr\u00e9cisions utiles sur la m\u00e9thodologie et les crit\u00e8res utilis\u00e9s par le CSA pour effectuer ses choix :\n<ul>\n \t<li>Le CSA a adopt\u00e9 un\u00a0<a href=\"http:\/\/www.csa.be\/documents\/show\/774\">compl\u00e9ment \u00e0 son r\u00e8glement d'ordre int\u00e9rieur (ROI)<\/a>, qui pr\u00e9cise les proc\u00e9dures qu'il mettra en \u0153uvre en mati\u00e8re d'assignation des fr\u00e9quences FM. Ce compl\u00e9ment a \u00e9t\u00e9 approuv\u00e9 par le Gouvernement, conform\u00e9ment \u00e0 l'article 145 \u00a74 du d\u00e9cret coordonn\u00e9 sur les services de m\u00e9dias audiovisuels.<\/li>\n \t<li>Le CSA a \u00e9galement publi\u00e9, le 29 ao\u00fbt 2007, une\u00a0<a href=\"http:\/\/www.csa.be\/documents\/show\/673\">Recommandation relative \u00e0 la diversit\u00e9 du paysage radiophonique et \u00e0 l'acc\u00e8s du public \u00e0 une offre plurielle en radiodiffusion sonore<\/a>, dans laquelle il \u00e9nonce une s\u00e9rie de crit\u00e8res qu'il utilisera pour \u00e9valuer la diversit\u00e9 et le pluralisme du paysage radiophonique, notamment dans le cadre de la proc\u00e9dure d'attribution.\u00a0<strong>De plus amples renseignements sur les aspects li\u00e9s au pluralisme peuvent \u00eatre obtenus sur simple demande aupr\u00e8s du Conseil sup\u00e9rieur de l'audiovisuel.<\/strong><\/li>\n<\/ul>","_et_gb_content_width":"","footnotes":""},"class_list":["post-17","page","type-page","status-publish","hentry"],"_links":{"self":[{"href":"https:\/\/www.csa.be\/plandefrequences\/wp-json\/wp\/v2\/pages\/17","targetHints":{"allow":["GET"]}}],"collection":[{"href":"https:\/\/www.csa.be\/plandefrequences\/wp-json\/wp\/v2\/pages"}],"about":[{"href":"https:\/\/www.csa.be\/plandefrequences\/wp-json\/wp\/v2\/types\/page"}],"author":[{"embeddable":true,"href":"https:\/\/www.csa.be\/plandefrequences\/wp-json\/wp\/v2\/users\/2"}],"replies":[{"embeddable":true,"href":"https:\/\/www.csa.be\/plandefrequences\/wp-json\/wp\/v2\/comments?post=17"}],"version-history":[{"count":0,"href":"https:\/\/www.csa.be\/plandefrequences\/wp-json\/wp\/v2\/pages\/17\/revisions"}],"wp:attachment":[{"href":"https:\/\/www.csa.be\/plandefrequences\/wp-json\/wp\/v2\/media?parent=17"}],"curies":[{"name":"wp","href":"https:\/\/api.w.org\/{rel}","templated":true}]}}