{"id":595,"date":"2019-08-21T15:51:32","date_gmt":"2019-08-21T13:51:32","guid":{"rendered":"http:\/\/dabplus2019.be\/?page_id=595"},"modified":"2021-07-15T09:11:33","modified_gmt":"2021-07-15T07:11:33","slug":"deposez-votre-candidature-2","status":"publish","type":"page","link":"https:\/\/www.csa.be\/plandefrequences\/deposez-votre-candidature-2\/","title":{"rendered":"D\u00e9posez votre candidature 2"},"content":{"rendered":"<p>[et_pb_section fb_built=\u00a0\u00bb1&Prime; admin_label=\u00a0\u00bbsection\u00a0\u00bb _builder_version=\u00a0\u00bb3.22&Prime;][et_pb_row admin_label=\u00a0\u00bbrow\u00a0\u00bb _builder_version=\u00a0\u00bb3.25&Prime; background_size=\u00a0\u00bbinitial\u00a0\u00bb background_position=\u00a0\u00bbtop_left\u00a0\u00bb background_repeat=\u00a0\u00bbrepeat\u00a0\u00bb][et_pb_column type=\u00a0\u00bb4_4&Prime; _builder_version=\u00a0\u00bb3.25&Prime; custom_padding=\u00a0\u00bb|||\u00a0\u00bb custom_padding__hover=\u00a0\u00bb|||\u00a0\u00bb][et_pb_text admin_label=\u00a0\u00bbText\u00a0\u00bb _builder_version=\u00a0\u00bb3.27.4&Prime; background_size=\u00a0\u00bbinitial\u00a0\u00bb background_position=\u00a0\u00bbtop_left\u00a0\u00bb background_repeat=\u00a0\u00bbrepeat\u00a0\u00bb]<\/p>\n<h3><strong>Proc\u00e9dure et formulaire<\/strong><\/h3>\n<p>L\u2019attribution des radiofr\u00e9quences FM en Communaut\u00e9 fran\u00e7aise fait l\u2019objet d\u2019un appel d\u2019offres : cette proc\u00e9dure implique certaines exigences afin d\u2019assurer tant son assise juridique que le respect du principe de l\u2019\u00e9galit\u00e9 de traitement entre tous les demandeurs. Les dossiers feront l\u2019objet d\u2019un traitement standardis\u00e9 par le CSA dans des d\u00e9lais restreints, impos\u00e9s par d\u00e9cret. Il est donc dans l\u2019int\u00e9r\u00eat des demandeurs, afin que leurs dossiers soient trait\u00e9s dans les meilleures conditions, de respecter les formes requises dans la constitution de ceux-ci. C\u2019est pourquoi, en compl\u00e9ment des consignes r\u00e9pertori\u00e9es en t\u00eate du formulaire, nous vous rappelons les points suivants :<\/p>\n<ul>\n<li style=\"list-style-type: none\">\n<ul>\n<li>la r\u00e9ponse \u00e0 l\u2019appel d\u2019offre est introduite, par envoi postal et recommand\u00e9 avec accus\u00e9 de r\u00e9ception, aupr\u00e8s du Pr\u00e9sident du Conseil sup\u00e9rieur de l\u2019Audiovisuel (CSA) \u00e0 l\u2019adresse suivante\u00a0: <span style=\"text-decoration: underline\">CSA, 89 rue Royale, 1000 Bruxelles<\/span>. Elle doit \u00eatre d\u00e9pos\u00e9e \u00e0 la poste<strong> au plus tard le 29 novembre 2019<\/strong>, le cachet de la poste faisant foi. Si la r\u00e9ponse est envoy\u00e9e sous plusieurs plis, chaque pli doit \u00eatre envoy\u00e9 par courrier postal recommand\u00e9 avec accus\u00e9 de r\u00e9ception;<\/li>\n<li>la r\u00e9ponse \u00e0 l\u2019appel d\u2019offre doit \u00eatre r\u00e9dig\u00e9e sur les formulaires types<strong> t\u00e9l\u00e9chargeables ci-dessous<\/strong>. Chaque demande d\u2019autorisation et ses annexes seront adress\u00e9es en un exemplaire papier et une version \u00e9lectronique dans un format exploitable (pas de scans d\u2019image) sur cl\u00e9 USB sous pli ferm\u00e9 mentionnant lisiblement le nom et l\u2019adresse du si\u00e8ge social du demandeur;<\/li>\n<li>chaque demande d\u2019autorisation sera sign\u00e9e, au nom du demandeur, par la ou les personnes l\u00e9galement habilit\u00e9es \u00e0 engager le demandeur\u00a0;<\/li>\n<li>le demandeur peut se porter candidat \u00e0 plusieurs radiofr\u00e9quences. Dans ce cas, il \u00e9nonce et motive ses pr\u00e9f\u00e9rences;<\/li>\n<li>\u00e0 d\u00e9faut de respecter les conditions de formes d\u2019introduction de la demande et de fournir un dossier complet dans le d\u00e9lai imparti, la demande est irrecevable\u00a0;<\/li>\n<li>dans le mois de la date de cl\u00f4ture de l\u2019appel d\u2019offre, le Pr\u00e9sident du CSA notifie au demandeur la prise en compte de sa demande et en informe le Ministre ayant l\u2019audiovisuel dans ses attributions ainsi que le Secr\u00e9taire g\u00e9n\u00e9ral du Minist\u00e8re de la Communaut\u00e9 fran\u00e7aise. Dans le cadre de cette notification, le Pr\u00e9sident du CSA informe le demandeur de la recevabilit\u00e9 ou de l\u2019irrecevabilit\u00e9 de sa demande.<\/li>\n<li>le Coll\u00e8ge d&rsquo;autorisation et de contr\u00f4le analyse ensuite les offres re\u00e7ues qui ont \u00e9t\u00e9 d\u00e9clar\u00e9es recevables;<\/li>\n<li>les d\u00e9cisions du Coll\u00e8ge d&rsquo;autorisation et de contr\u00f4le sont prises dans un d\u00e9lai maximum de 6 mois \u00e0 partir de la date de publication de l&rsquo;appel d&rsquo;offres au Moniteur.<span style=\"color: #e02b20\"><\/span><\/li>\n<\/ul>\n<\/li>\n<\/ul>\n<p>[\/et_pb_text][\/et_pb_column][\/et_pb_row][et_pb_row _builder_version=\u00a0\u00bb3.25&Prime;][et_pb_column type=\u00a0\u00bb4_4&Prime; _builder_version=\u00a0\u00bb3.25&Prime; custom_padding=\u00a0\u00bb|||\u00a0\u00bb custom_padding__hover=\u00a0\u00bb|||\u00a0\u00bb][et_pb_cta title=\u00a0\u00bbGuide d&rsquo;aide au remplissage de votre candidature\u00a0\u00bb button_url=\u00a0\u00bbhttps:\/\/www.csa.be\/dabplus2019\/wp-content\/uploads\/sites\/3\/2019\/08\/FM2019bis_GUIDE_REMPLISSAGE.docx\u00a0\u00bb button_text=\u00a0\u00bbJe t\u00e9l\u00e9charge\u00a0\u00bb _builder_version=\u00a0\u00bb3.16&Prime; background_color=\u00a0\u00bb#b77875&Prime; filter_hue_rotate=\u00a0\u00bb220deg\u00a0\u00bb filter_saturate=\u00a0\u00bb64%\u00a0\u00bb filter_brightness=\u00a0\u00bb110%\u00a0\u00bb button_text_size__hover_enabled=\u00a0\u00bboff\u00a0\u00bb button_one_text_size__hover_enabled=\u00a0\u00bboff\u00a0\u00bb button_two_text_size__hover_enabled=\u00a0\u00bboff\u00a0\u00bb button_text_color__hover_enabled=\u00a0\u00bboff\u00a0\u00bb button_one_text_color__hover_enabled=\u00a0\u00bboff\u00a0\u00bb button_two_text_color__hover_enabled=\u00a0\u00bboff\u00a0\u00bb button_border_width__hover_enabled=\u00a0\u00bboff\u00a0\u00bb button_one_border_width__hover_enabled=\u00a0\u00bboff\u00a0\u00bb button_two_border_width__hover_enabled=\u00a0\u00bboff\u00a0\u00bb button_border_color__hover_enabled=\u00a0\u00bboff\u00a0\u00bb button_one_border_color__hover_enabled=\u00a0\u00bboff\u00a0\u00bb button_two_border_color__hover_enabled=\u00a0\u00bboff\u00a0\u00bb button_border_radius__hover_enabled=\u00a0\u00bboff\u00a0\u00bb button_one_border_radius__hover_enabled=\u00a0\u00bboff\u00a0\u00bb button_two_border_radius__hover_enabled=\u00a0\u00bboff\u00a0\u00bb button_letter_spacing__hover_enabled=\u00a0\u00bboff\u00a0\u00bb button_one_letter_spacing__hover_enabled=\u00a0\u00bboff\u00a0\u00bb button_two_letter_spacing__hover_enabled=\u00a0\u00bboff\u00a0\u00bb button_bg_color__hover_enabled=\u00a0\u00bboff\u00a0\u00bb button_one_bg_color__hover_enabled=\u00a0\u00bboff\u00a0\u00bb button_two_bg_color__hover_enabled=\u00a0\u00bboff\u00a0\u00bb]\u00a0[\/et_pb_cta][\/et_pb_column][\/et_pb_row][et_pb_row column_structure=\u00a0\u00bb1_2,1_2&Prime; _builder_version=\u00a0\u00bb3.25&Prime;][et_pb_column type=\u00a0\u00bb1_2&Prime; _builder_version=\u00a0\u00bb3.25&Prime; custom_padding=\u00a0\u00bb|||\u00a0\u00bb custom_padding__hover=\u00a0\u00bb|||\u00a0\u00bb][et_pb_cta title=\u00a0\u00bbFormulaire de candidature pour les radios ind\u00e9pendantes (vierge)\u00a0\u00bb button_url=\u00a0\u00bbhttps:\/\/www.csa.be\/dabplus2019\/wp-content\/uploads\/sites\/3\/2019\/08\/OK_annexe_3_AO_FORMULAIRE_INDEPENDANTES-SANS-COM_fm2019bis.doc\u00a0\u00bb button_text=\u00a0\u00bbJe t\u00e9l\u00e9charge\u00a0\u00bb _builder_version=\u00a0\u00bb3.16&Prime; filter_hue_rotate=\u00a0\u00bb312deg\u00a0\u00bb filter_saturate=\u00a0\u00bb166%\u00a0\u00bb filter_contrast=\u00a0\u00bb129%\u00a0\u00bb button_text_size__hover_enabled=\u00a0\u00bboff\u00a0\u00bb button_one_text_size__hover_enabled=\u00a0\u00bboff\u00a0\u00bb button_two_text_size__hover_enabled=\u00a0\u00bboff\u00a0\u00bb button_text_color__hover_enabled=\u00a0\u00bboff\u00a0\u00bb button_one_text_color__hover_enabled=\u00a0\u00bboff\u00a0\u00bb button_two_text_color__hover_enabled=\u00a0\u00bboff\u00a0\u00bb button_border_width__hover_enabled=\u00a0\u00bboff\u00a0\u00bb button_one_border_width__hover_enabled=\u00a0\u00bboff\u00a0\u00bb button_two_border_width__hover_enabled=\u00a0\u00bboff\u00a0\u00bb button_border_color__hover_enabled=\u00a0\u00bboff\u00a0\u00bb button_one_border_color__hover_enabled=\u00a0\u00bboff\u00a0\u00bb button_two_border_color__hover_enabled=\u00a0\u00bboff\u00a0\u00bb button_border_radius__hover_enabled=\u00a0\u00bboff\u00a0\u00bb button_one_border_radius__hover_enabled=\u00a0\u00bboff\u00a0\u00bb button_two_border_radius__hover_enabled=\u00a0\u00bboff\u00a0\u00bb button_letter_spacing__hover_enabled=\u00a0\u00bboff\u00a0\u00bb button_one_letter_spacing__hover_enabled=\u00a0\u00bboff\u00a0\u00bb button_two_letter_spacing__hover_enabled=\u00a0\u00bboff\u00a0\u00bb button_bg_color__hover_enabled=\u00a0\u00bboff\u00a0\u00bb button_one_bg_color__hover_enabled=\u00a0\u00bboff\u00a0\u00bb button_two_bg_color__hover_enabled=\u00a0\u00bboff\u00a0\u00bb]\u00a0[\/et_pb_cta][\/et_pb_column][et_pb_column type=\u00a0\u00bb1_2&Prime; _builder_version=\u00a0\u00bb3.25&Prime; custom_padding=\u00a0\u00bb|||\u00a0\u00bb custom_padding__hover=\u00a0\u00bb|||\u00a0\u00bb][et_pb_cta title=\u00a0\u00bbFormulaire de candidature pour les radios ind\u00e9pendantes (avec commentaires d&rsquo;aide)\u00a0\u00bb button_url=\u00a0\u00bbhttps:\/\/www.csa.be\/dabplus2019\/wp-content\/uploads\/sites\/3\/2019\/08\/OK_annexe_3_AO_FORMULAIRE_INDEPENDANTES_avecCOM_fm2019bis.doc\u00a0\u00bb button_text=\u00a0\u00bbJe t\u00e9l\u00e9charge\u00a0\u00bb _builder_version=\u00a0\u00bb3.16&Prime; filter_hue_rotate=\u00a0\u00bb312deg\u00a0\u00bb filter_saturate=\u00a0\u00bb166%\u00a0\u00bb filter_contrast=\u00a0\u00bb129%\u00a0\u00bb button_text_size__hover_enabled=\u00a0\u00bboff\u00a0\u00bb button_one_text_size__hover_enabled=\u00a0\u00bboff\u00a0\u00bb button_two_text_size__hover_enabled=\u00a0\u00bboff\u00a0\u00bb button_text_color__hover_enabled=\u00a0\u00bboff\u00a0\u00bb button_one_text_color__hover_enabled=\u00a0\u00bboff\u00a0\u00bb button_two_text_color__hover_enabled=\u00a0\u00bboff\u00a0\u00bb button_border_width__hover_enabled=\u00a0\u00bboff\u00a0\u00bb button_one_border_width__hover_enabled=\u00a0\u00bboff\u00a0\u00bb button_two_border_width__hover_enabled=\u00a0\u00bboff\u00a0\u00bb button_border_color__hover_enabled=\u00a0\u00bboff\u00a0\u00bb button_one_border_color__hover_enabled=\u00a0\u00bboff\u00a0\u00bb button_two_border_color__hover_enabled=\u00a0\u00bboff\u00a0\u00bb button_border_radius__hover_enabled=\u00a0\u00bboff\u00a0\u00bb button_one_border_radius__hover_enabled=\u00a0\u00bboff\u00a0\u00bb button_two_border_radius__hover_enabled=\u00a0\u00bboff\u00a0\u00bb button_letter_spacing__hover_enabled=\u00a0\u00bboff\u00a0\u00bb button_one_letter_spacing__hover_enabled=\u00a0\u00bboff\u00a0\u00bb button_two_letter_spacing__hover_enabled=\u00a0\u00bboff\u00a0\u00bb button_bg_color__hover_enabled=\u00a0\u00bboff\u00a0\u00bb button_one_bg_color__hover_enabled=\u00a0\u00bboff\u00a0\u00bb button_two_bg_color__hover_enabled=\u00a0\u00bboff\u00a0\u00bb]\u00a0[\/et_pb_cta][\/et_pb_column][\/et_pb_row][et_pb_row _builder_version=\u00a0\u00bb3.25&Prime; background_size=\u00a0\u00bbinitial\u00a0\u00bb background_position=\u00a0\u00bbtop_left\u00a0\u00bb background_repeat=\u00a0\u00bbrepeat\u00a0\u00bb][et_pb_column type=\u00a0\u00bb4_4&Prime; _builder_version=\u00a0\u00bb3.25&Prime; custom_padding=\u00a0\u00bb|||\u00a0\u00bb custom_padding__hover=\u00a0\u00bb|||\u00a0\u00bb][et_pb_cta title=\u00a0\u00bbExplications compl\u00e9mentaires \u00e0 la r\u00e9daction d&rsquo;une candidature via le formulaire\u00a0\u00bb button_url=\u00a0\u00bbhttps:\/\/www.csa.be\/plandefrequences\/mode-demploi\/\u00a0\u00bb button_text=\u00a0\u00bbLire\u00a0\u00bb _builder_version=\u00a0\u00bb4.5.6&Prime; hover_enabled=\u00a0\u00bb0&Prime; button_text_size__hover_enabled=\u00a0\u00bboff\u00a0\u00bb button_one_text_size__hover_enabled=\u00a0\u00bboff\u00a0\u00bb button_two_text_size__hover_enabled=\u00a0\u00bboff\u00a0\u00bb button_text_color__hover_enabled=\u00a0\u00bboff\u00a0\u00bb button_one_text_color__hover_enabled=\u00a0\u00bboff\u00a0\u00bb button_two_text_color__hover_enabled=\u00a0\u00bboff\u00a0\u00bb button_border_width__hover_enabled=\u00a0\u00bboff\u00a0\u00bb button_one_border_width__hover_enabled=\u00a0\u00bboff\u00a0\u00bb button_two_border_width__hover_enabled=\u00a0\u00bboff\u00a0\u00bb button_border_color__hover_enabled=\u00a0\u00bboff\u00a0\u00bb button_one_border_color__hover_enabled=\u00a0\u00bboff\u00a0\u00bb button_two_border_color__hover_enabled=\u00a0\u00bboff\u00a0\u00bb button_border_radius__hover_enabled=\u00a0\u00bboff\u00a0\u00bb button_one_border_radius__hover_enabled=\u00a0\u00bboff\u00a0\u00bb button_two_border_radius__hover_enabled=\u00a0\u00bboff\u00a0\u00bb button_letter_spacing__hover_enabled=\u00a0\u00bboff\u00a0\u00bb button_one_letter_spacing__hover_enabled=\u00a0\u00bboff\u00a0\u00bb button_two_letter_spacing__hover_enabled=\u00a0\u00bboff\u00a0\u00bb button_bg_color__hover_enabled=\u00a0\u00bboff\u00a0\u00bb button_one_bg_color__hover_enabled=\u00a0\u00bboff\u00a0\u00bb button_two_bg_color__hover_enabled=\u00a0\u00bboff\u00a0\u00bb][\/et_pb_cta][\/et_pb_column][\/et_pb_row][\/et_pb_section]<\/p>\n","protected":false},"excerpt":{"rendered":"<p>Proc\u00e9dure et formulaire L\u2019attribution des radiofr\u00e9quences FM en Communaut\u00e9 fran\u00e7aise fait l\u2019objet d\u2019un appel d\u2019offres : cette proc\u00e9dure implique certaines exigences afin d\u2019assurer tant son assise juridique que le respect du principe de l\u2019\u00e9galit\u00e9 de traitement entre tous les demandeurs. Les dossiers feront l\u2019objet d\u2019un traitement standardis\u00e9 par le CSA dans des d\u00e9lais restreints, impos\u00e9s [&hellip;]<\/p>\n","protected":false},"author":2,"featured_media":0,"parent":0,"menu_order":0,"comment_status":"closed","ping_status":"closed","template":"","meta":{"_et_pb_use_builder":"on","_et_pb_old_content":"","_et_gb_content_width":"","footnotes":""},"class_list":["post-595","page","type-page","status-publish","hentry"],"_links":{"self":[{"href":"https:\/\/www.csa.be\/plandefrequences\/wp-json\/wp\/v2\/pages\/595","targetHints":{"allow":["GET"]}}],"collection":[{"href":"https:\/\/www.csa.be\/plandefrequences\/wp-json\/wp\/v2\/pages"}],"about":[{"href":"https:\/\/www.csa.be\/plandefrequences\/wp-json\/wp\/v2\/types\/page"}],"author":[{"embeddable":true,"href":"https:\/\/www.csa.be\/plandefrequences\/wp-json\/wp\/v2\/users\/2"}],"replies":[{"embeddable":true,"href":"https:\/\/www.csa.be\/plandefrequences\/wp-json\/wp\/v2\/comments?post=595"}],"version-history":[{"count":2,"href":"https:\/\/www.csa.be\/plandefrequences\/wp-json\/wp\/v2\/pages\/595\/revisions"}],"predecessor-version":[{"id":864,"href":"https:\/\/www.csa.be\/plandefrequences\/wp-json\/wp\/v2\/pages\/595\/revisions\/864"}],"wp:attachment":[{"href":"https:\/\/www.csa.be\/plandefrequences\/wp-json\/wp\/v2\/media?parent=595"}],"curies":[{"name":"wp","href":"https:\/\/api.w.org\/{rel}","templated":true}]}}