{"id":622,"date":"2019-08-23T09:36:00","date_gmt":"2019-08-23T07:36:00","guid":{"rendered":"http:\/\/dabplus2019.be\/?page_id=622"},"modified":"2019-08-23T09:36:00","modified_gmt":"2019-08-23T07:36:00","slug":"frequences-mises-en-appel-doffres-2","status":"publish","type":"page","link":"https:\/\/www.csa.be\/plandefrequences\/frequences-mises-en-appel-doffres-2\/","title":{"rendered":"Fr\u00e9quences mises en appel d&rsquo;offres 2"},"content":{"rendered":"<p>[et_pb_section fb_built=\u00a0\u00bb1&Prime; admin_label=\u00a0\u00bbsection\u00a0\u00bb _builder_version=\u00a0\u00bb3.0.47&Prime;][et_pb_row admin_label=\u00a0\u00bbrow\u00a0\u00bb _builder_version=\u00a0\u00bb3.0.47&Prime; background_size=\u00a0\u00bbinitial\u00a0\u00bb background_position=\u00a0\u00bbtop_left\u00a0\u00bb background_repeat=\u00a0\u00bbrepeat\u00a0\u00bb][et_pb_column type=\u00a0\u00bb4_4&Prime; _builder_version=\u00a0\u00bb3.0.47&Prime; parallax=\u00a0\u00bboff\u00a0\u00bb parallax_method=\u00a0\u00bbon\u00a0\u00bb][et_pb_text admin_label=\u00a0\u00bbText\u00a0\u00bb _builder_version=\u00a0\u00bb3.0.106&Prime; background_size=\u00a0\u00bbinitial\u00a0\u00bb background_position=\u00a0\u00bbtop_left\u00a0\u00bb background_repeat=\u00a0\u00bbrepeat\u00a0\u00bb]<\/p>\n<h3>Radiofr\u00e9quences mises en appel d&rsquo;offres et cartes de couvertures th\u00e9oriques<\/h3>\n<p>\u00a0<\/p>\n<p>5 radiofr\u00e9quences FM de port\u00e9e locale pour les radios ind\u00e9pendantes (annexe 1 de l\u2019arr\u00eat\u00e9 appel d\u2019offre)\u00a0 sont remises en appel d&rsquo;offres:<\/p>\n<ol>\n<li>LOUVAIN-LA-NEUVE 104.8 MHz (entr\u00e9e en vigueur de l&rsquo;autorisation au plus t\u00f4t le 9\/04\/2020)<\/li>\n<li>VIRTON 106.5 MHz (entr\u00e9e en vigueur de l&rsquo;autorisation au plus t\u00f4t le 9\/04\/2020)<\/li>\n<li>NAMUR 107.1 MHz (entr\u00e9e en vigueur de l&rsquo;autorisation au plus t\u00f4t le 9\/04\/2020)<\/li>\n<li>BASTOGNE 105.4 MHz (entr\u00e9e en vigueur de l&rsquo;autorisation au plus t\u00f4t le 9\/04\/2020)<\/li>\n<li>BASSENGE 98.2 MHz (entr\u00e9e en vigueur de l&rsquo;autorisation au plus t\u00f4t le 16\/07\/2020)<\/li>\n<\/ol>\n<p>Les caract\u00e9ristiques techniques de toutes les radiofr\u00e9quences FM sont consultables dans l\u2019<a href=\"http:\/\/www.csa.be\/system\/documents_files\/2965\/original\/Arrete_frequences_analogiques.pdf?1547210696\">arr\u00eat\u00e9 du 7 f\u00e9vrier 2018<\/a>.<\/p>\n<p><span style=\"color: #e02b20\"><\/span><\/p>\n<p>[\/et_pb_text][\/et_pb_column][\/et_pb_row][et_pb_row _builder_version=\u00a0\u00bb3.0.106&Prime;][et_pb_column type=\u00a0\u00bb4_4&Prime; _builder_version=\u00a0\u00bb3.0.47&Prime; parallax=\u00a0\u00bboff\u00a0\u00bb parallax_method=\u00a0\u00bbon\u00a0\u00bb][et_pb_cta title=\u00a0\u00bbConsultez les cartes de couverture th\u00e9orique des radiofr\u00e9quences en analogique\u00a0\u00bb button_url=\u00a0\u00bbhttps:\/\/audiovisuel.cfwb.be\/fileadmin\/sites\/sgam\/uploads\/Ressources\/Radiofrequences\/analogique.html\u00a0\u00bb button_text=\u00a0\u00bbConsulter\u00a0\u00bb _builder_version=\u00a0\u00bb3.0.106&Prime;][\/et_pb_cta][et_pb_button button_url=\u00a0\u00bbhttps:\/\/audiovisuel.cfwb.be\/fileadmin\/sites\/sgam\/uploads\/Ressources\/Radiofrequences\/20190111-Article7.pdf\u00a0\u00bb button_text=\u00a0\u00bbCalcul d&rsquo;audience potentiel\u00a0\u00bb button_alignment=\u00a0\u00bbcenter\u00a0\u00bb _builder_version=\u00a0\u00bb3.0.106&Prime;][\/et_pb_button][\/et_pb_column][\/et_pb_row][et_pb_row _builder_version=\u00a0\u00bb3.0.106&Prime;][et_pb_column type=\u00a0\u00bb4_4&Prime; _builder_version=\u00a0\u00bb3.0.47&Prime; parallax=\u00a0\u00bboff\u00a0\u00bb parallax_method=\u00a0\u00bbon\u00a0\u00bb][et_pb_text _builder_version=\u00a0\u00bb3.0.106&Prime;]Le lien ci-dessus vous permet de consulter\u00a0sur le site du\u00a0Service g\u00e9n\u00e9ral de l&rsquo;Audiovisuel et des Multim\u00e9dias (<strong>SGAM<\/strong>)\u00a0les zones de couvertures des fr\u00e9quences analogiques et num\u00e9riques mises en appel d&rsquo;offre. Il suffit de s\u00e9lectionner, \u00e0 gauche de la carte, la fr\u00e9quence que vous souhaitez consulter. <span style=\"text-decoration: underline\"><strong>Ces cartes de couverture sont donn\u00e9es \u00e0 titre purement indicatif<\/strong><\/span>.<br \/>\n[\/et_pb_text][\/et_pb_column][\/et_pb_row][et_pb_row _builder_version=\u00a0\u00bb3.0.47&Prime; background_size=\u00a0\u00bbinitial\u00a0\u00bb background_position=\u00a0\u00bbtop_left\u00a0\u00bb background_repeat=\u00a0\u00bbrepeat\u00a0\u00bb][et_pb_column type=\u00a0\u00bb4_4&Prime; _builder_version=\u00a0\u00bb3.0.47&Prime; parallax=\u00a0\u00bboff\u00a0\u00bb parallax_method=\u00a0\u00bbon\u00a0\u00bb][et_pb_cta title=\u00a0\u00bbArr\u00eat\u00e9 appel d&rsquo;offres\u00a0\u00bb button_text=\u00a0\u00bbJe t\u00e9l\u00e9charge\u00a0\u00bb _builder_version=\u00a0\u00bb3.0.106&Prime; button_url=\u00a0\u00bbhttps:\/\/www.csa.be\/dabplus2019\/wp-content\/uploads\/sites\/3\/2019\/08\/20190812_Moniteur_AO_FM2019bis.pdf\u00a0\u00bb][\/et_pb_cta][\/et_pb_column][\/et_pb_row][\/et_pb_section]<\/p>\n","protected":false},"excerpt":{"rendered":"<p>Radiofr\u00e9quences mises en appel d&rsquo;offres et cartes de couvertures th\u00e9oriques \u00a0 5 radiofr\u00e9quences FM de port\u00e9e locale pour les radios ind\u00e9pendantes (annexe 1 de l\u2019arr\u00eat\u00e9 appel d\u2019offre)\u00a0 sont remises en appel d&rsquo;offres: LOUVAIN-LA-NEUVE 104.8 MHz (entr\u00e9e en vigueur de l&rsquo;autorisation au plus t\u00f4t le 9\/04\/2020) VIRTON 106.5 MHz (entr\u00e9e en vigueur de l&rsquo;autorisation au plus [&hellip;]<\/p>\n","protected":false},"author":2,"featured_media":0,"parent":0,"menu_order":0,"comment_status":"closed","ping_status":"closed","template":"","meta":{"_et_pb_use_builder":"on","_et_pb_old_content":"","_et_gb_content_width":"","footnotes":""},"class_list":["post-622","page","type-page","status-publish","hentry"],"_links":{"self":[{"href":"https:\/\/www.csa.be\/plandefrequences\/wp-json\/wp\/v2\/pages\/622","targetHints":{"allow":["GET"]}}],"collection":[{"href":"https:\/\/www.csa.be\/plandefrequences\/wp-json\/wp\/v2\/pages"}],"about":[{"href":"https:\/\/www.csa.be\/plandefrequences\/wp-json\/wp\/v2\/types\/page"}],"author":[{"embeddable":true,"href":"https:\/\/www.csa.be\/plandefrequences\/wp-json\/wp\/v2\/users\/2"}],"replies":[{"embeddable":true,"href":"https:\/\/www.csa.be\/plandefrequences\/wp-json\/wp\/v2\/comments?post=622"}],"version-history":[{"count":0,"href":"https:\/\/www.csa.be\/plandefrequences\/wp-json\/wp\/v2\/pages\/622\/revisions"}],"wp:attachment":[{"href":"https:\/\/www.csa.be\/plandefrequences\/wp-json\/wp\/v2\/media?parent=622"}],"curies":[{"name":"wp","href":"https:\/\/api.w.org\/{rel}","templated":true}]}}