{"id":663,"date":"2019-08-23T11:29:49","date_gmt":"2019-08-23T09:29:49","guid":{"rendered":"http:\/\/dabplus2019.be\/?page_id=663"},"modified":"2019-08-23T11:29:49","modified_gmt":"2019-08-23T09:29:49","slug":"documents","status":"publish","type":"page","link":"https:\/\/www.csa.be\/plandefrequences\/documents\/","title":{"rendered":"Documents"},"content":{"rendered":"<p>[et_pb_section bb_built=\u00a0\u00bb1&Prime; _builder_version=\u00a0\u00bb3.0.47&Prime;][et_pb_row _builder_version=\u00a0\u00bb3.0.47&Prime; background_size=\u00a0\u00bbinitial\u00a0\u00bb background_position=\u00a0\u00bbtop_left\u00a0\u00bb background_repeat=\u00a0\u00bbrepeat\u00a0\u00bb][et_pb_column type=\u00a0\u00bb4_4&Prime;][et_pb_text _builder_version=\u00a0\u00bb3.0.106&Prime; background_layout=\u00a0\u00bblight\u00a0\u00bb]<\/p>\n<p>&nbsp;<\/p>\n<p>&nbsp;<\/p>\n<h3>Documents<\/h3>\n<p>Retrouvez ci-dessous l&rsquo;ensemble des documents li\u00e9s \u00e0 l&rsquo;appel d&rsquo;offres du 12 ao\u00fbt 2019.<\/p>\n<h3>Formulaires et guide de remplissage<\/h3>\n<ul>\n<li><a href=\"..\/wp-content\/uploads\/2019\/08\/OK_annexe_3_AO_FORMULAIRE_INDEPENDANTES-SANS-COM_fm2019bis.doc\">Formulaire de candidature (vierge)<\/a><\/li>\n<li><a href=\"..\/wp-content\/uploads\/2019\/08\/OK_annexe_3_AO_FORMULAIRE_INDEPENDANTES_avecCOM_fm2019bis.doc\">Formulaire de candidature (avec commentaires d&rsquo;aide)<\/a><\/li>\n<li><a href=\"..\/wp-content\/uploads\/2019\/08\/FM2019bis_GUIDE_REMPLISSAGE.docx\">Guide d&rsquo;aide au remplissage du formulaire<\/a><\/li>\n<\/ul>\n<h3>Arr\u00eat\u00e9s:<\/h3>\n<ul>\n<li><a href=\"..\/wp-content\/uploads\/2019\/08\/20190812_Moniteur_AO_FM2019bis.pdf\">Arr\u00eat\u00e9 du Gouvernement de la Communaut\u00e9 fran\u00e7aise fixant un appel d\u2019offre pour l\u2019attribution de radiofr\u00e9quences destin\u00e9es \u00e0 la diffusion de services sonores en mode analogique du 22 mai 2019 (publi\u00e9 au moniteur le 12 ao\u00fbt 2019)<\/a><\/li>\n<li><a href=\"http:\/\/www.csa.be\/system\/documents_files\/2965\/original\/Arrete_frequences_analogiques.pdf?1547210696\">Arr\u00eat\u00e9 du Gouvernement de la Communaut\u00e9 fran\u00e7aise fixant une liste de radiofr\u00e9quences attribuables pour la diffusion de service sonore en mode num\u00e9rique par voie hertzienne terrestre du 17 octobre 2019 (publi\u00e9 au Moniteur le 23 novembre 2019)<\/a><\/li>\n<li><a href=\"http:\/\/www.csa.be\/system\/documents_files\/2974\/original\/Moniteur_arrete_definition_radio_associtaive.pdf?1547544108\">Arr\u00eat\u00e9 pr\u00e9cisant la d\u00e9finition de radio associative et d\u2019expression \u00e0 vocation culturelle ou d\u2019\u00e9ducation permanente<\/a><\/li>\n<\/ul>\n<h3>Recommandations du Coll\u00e8ge d&rsquo;autorisation et de contr\u00f4le:<\/h3>\n<ul>\n<li class=\"et_pb_module_header\"><a href=\"https:\/\/www.csa.be\/dabplus2019\/wp-content\/uploads\/sites\/3\/2019\/09\/CAC201900904_Recom_art55_formats_zones.pdf\">Recommandation relative \u00e0 l&rsquo;\u00e9quilibre, la diversit\u00e9 et les formats de radio<\/a><\/li>\n<li class=\"et_pb_module_header\"><a href=\"..\/wp-content\/uploads\/2019\/01\/CAC_20150423_Recommandation_radios_associatives.pdf\">Recommandation sur le statut de radio associative et d\u2019expression<\/a><\/li>\n<li class=\"et_pb_module_header\"><a href=\"http:\/\/www.csa.be\/system\/documents_files\/2985\/original\/CAC_20190124_recommandation_56bis_radio.pdf?1548336965\">Recommandation relative \u00e0 la production propre des radios ind\u00e9pendantes dans le cadre de l&rsquo;article 56bis du D\u00e9cret sur les services de m\u00e9dias audiovisuels<\/a><\/li>\n<\/ul>\n<h3>D\u00e9cret:<\/h3>\n<ul>\n<li><a href=\"..\/wp-content\/uploads\/2019\/01\/DSMA-consolid%C3%A9-post-d%C3%A9cret-modificatif-du-14-juin-2018-12.docx\">D\u00e9cret coordonn\u00e9 sur les services de m\u00e9dias audiovisuels<\/a><\/li>\n<\/ul>\n<p>&nbsp;<\/p>\n<p>&nbsp;<\/p>\n<p>&nbsp;<\/p>\n<p>&nbsp;<\/p>\n<p>[\/et_pb_text][\/et_pb_column][\/et_pb_row][\/et_pb_section]<\/p>\n","protected":false},"excerpt":{"rendered":"<p>&nbsp; &nbsp; Documents Retrouvez ci-dessous l&rsquo;ensemble des documents li\u00e9s \u00e0 l&rsquo;appel d&rsquo;offres du 12 ao\u00fbt 2019. Formulaires et guide de remplissage Formulaire de candidature (vierge) Formulaire de candidature (avec commentaires d&rsquo;aide) Guide d&rsquo;aide au remplissage du formulaire Arr\u00eat\u00e9s: Arr\u00eat\u00e9 du Gouvernement de la Communaut\u00e9 fran\u00e7aise fixant un appel d\u2019offre pour l\u2019attribution de radiofr\u00e9quences destin\u00e9es \u00e0 [&hellip;]<\/p>\n","protected":false},"author":2,"featured_media":0,"parent":0,"menu_order":0,"comment_status":"closed","ping_status":"closed","template":"","meta":{"_et_pb_use_builder":"on","_et_pb_old_content":"<h3>Documents<\/h3><p>Retrouvez ci-dessous l'ensemble des documents li\u00e9s \u00e0 l'appel d'offres du 12 ao\u00fbt 2019.<\/p><h3>Formulaires et guide de remplissage<\/h3><ul><li>- Formulaire de candidature (version Word)<\/li><li>- Formulaire de candidature (version OpenOffice)<\/li><li>- Guide d'aide au remplissage du formulaire<\/li><\/ul><h3>Arr\u00eat\u00e9s:<\/h3><ul><li>-Arr\u00eat\u00e9 du Gouvernement de la Communaut\u00e9 fran\u00e7aise fixant un appel d\u2019offre pour l\u2019attribution de radiofr\u00e9quences destin\u00e9es \u00e0 la diffusion de services sonores en mode analogique du 22 mai 2019 (publi\u00e9 au moniteur le 12 ao\u00fbt 2019)<\/li><li>Arr\u00eat\u00e9 du Gouvernement de la Communaut\u00e9 fran\u00e7aise fixant une liste de radiofr\u00e9quences attribuables pour la diffusion de service sonore en mode num\u00e9rique par voie hertzienne terrestre du 17 octobre 2019 (publi\u00e9 au Moniteur le 23 novembre 2019)<\/li><li>Arr\u00eat\u00e9 pr\u00e9cisant la d\u00e9finition de radio associative et d\u2019expression \u00e0 vocation culturelle ou d\u2019\u00e9ducation permanente<\/li><\/ul><h3>Recommandations du Coll\u00e8ge d'autorisation et de contr\u00f4le:<\/h3><ul><li class=\"et_pb_module_header\">Recommandation relative \u00e0 l'\u00e9quilibre, la diversit\u00e9 et les formats de radio (prochainement disponible)<\/li><li class=\"et_pb_module_header\">Recommandation sur le statut de radio associative et d\u2019expression<\/li><li class=\"et_pb_module_header\">Recommandation relative \u00e0 la production propre des radios ind\u00e9pendantes dans le cadre de l'article 56bis du D\u00e9cret sur les services de m\u00e9dias audiovisuels<\/li><\/ul><h3>D\u00e9cret:<\/h3><ul><li>D\u00e9cret coordonn\u00e9 sur les services de m\u00e9dias audiovisuels dans le cadre de la r\u00e9daction du formulaire de candidature<\/li><\/ul><p>\u00a0<\/p><p>\u00a0<\/p>","_et_gb_content_width":"","footnotes":""},"class_list":["post-663","page","type-page","status-publish","hentry"],"_links":{"self":[{"href":"https:\/\/www.csa.be\/plandefrequences\/wp-json\/wp\/v2\/pages\/663","targetHints":{"allow":["GET"]}}],"collection":[{"href":"https:\/\/www.csa.be\/plandefrequences\/wp-json\/wp\/v2\/pages"}],"about":[{"href":"https:\/\/www.csa.be\/plandefrequences\/wp-json\/wp\/v2\/types\/page"}],"author":[{"embeddable":true,"href":"https:\/\/www.csa.be\/plandefrequences\/wp-json\/wp\/v2\/users\/2"}],"replies":[{"embeddable":true,"href":"https:\/\/www.csa.be\/plandefrequences\/wp-json\/wp\/v2\/comments?post=663"}],"version-history":[{"count":0,"href":"https:\/\/www.csa.be\/plandefrequences\/wp-json\/wp\/v2\/pages\/663\/revisions"}],"wp:attachment":[{"href":"https:\/\/www.csa.be\/plandefrequences\/wp-json\/wp\/v2\/media?parent=663"}],"curies":[{"name":"wp","href":"https:\/\/api.w.org\/{rel}","templated":true}]}}

<p>[et_pb_section bb_built= »1&Prime; _builder_version= »3.0.47&Prime;][et_pb_row _builder_version= »3.0.47&Prime; background_size= »initial » background_position= »top_left » background_repeat= »repeat »][et_pb_column type= »4_4&Prime;][et_pb_text _builder_version= »3.0.106&Prime; background_layout= »light »]</p>
<p>&nbsp;</p>
<p>&nbsp;</p>
<h3>Documents</h3>
<p>Retrouvez ci-dessous l&rsquo;ensemble des documents liés à l&rsquo;appel d&rsquo;offres du 12 août 2019.</p>
<h3>Formulaires et guide de remplissage</h3>
<ul>
<li><a href="../wp-content/uploads/2019/08/OK_annexe_3_AO_FORMULAIRE_INDEPENDANTES-SANS-COM_fm2019bis.doc">Formulaire de candidature (vierge)</a></li>
<li><a href="../wp-content/uploads/2019/08/OK_annexe_3_AO_FORMULAIRE_INDEPENDANTES_avecCOM_fm2019bis.doc">Formulaire de candidature (avec commentaires d&rsquo;aide)</a></li>
<li><a href="../wp-content/uploads/2019/08/FM2019bis_GUIDE_REMPLISSAGE.docx">Guide d&rsquo;aide au remplissage du formulaire</a></li>
</ul>
<h3>Arrêtés:</h3>
<ul>
<li><a href="../wp-content/uploads/2019/08/20190812_Moniteur_AO_FM2019bis.pdf">Arrêté du Gouvernement de la Communauté française fixant un appel d’offre pour l’attribution de radiofréquences destinées à la diffusion de services sonores en mode analogique du 22 mai 2019 (publié au moniteur le 12 août 2019)</a></li>
<li><a href="http://www.csa.be/system/documents_files/2965/original/Arrete_frequences_analogiques.pdf?1547210696">Arrêté du Gouvernement de la Communauté française fixant une liste de radiofréquences attribuables pour la diffusion de service sonore en mode numérique par voie hertzienne terrestre du 17 octobre 2019 (publié au Moniteur le 23 novembre 2019)</a></li>
<li><a href="http://www.csa.be/system/documents_files/2974/original/Moniteur_arrete_definition_radio_associtaive.pdf?1547544108">Arrêté précisant la définition de radio associative et d’expression à vocation culturelle ou d’éducation permanente</a></li>
</ul>
<h3>Recommandations du Collège d&rsquo;autorisation et de contrôle:</h3>
<ul>
<li class="et_pb_module_header"><a href="https://www.csa.be/dabplus2019/wp-content/uploads/sites/3/2019/09/CAC201900904_Recom_art55_formats_zones.pdf">Recommandation relative à l&rsquo;équilibre, la diversité et les formats de radio</a></li>
<li class="et_pb_module_header"><a href="../wp-content/uploads/2019/01/CAC_20150423_Recommandation_radios_associatives.pdf">Recommandation sur le statut de radio associative et d’expression</a></li>
<li class="et_pb_module_header"><a href="http://www.csa.be/system/documents_files/2985/original/CAC_20190124_recommandation_56bis_radio.pdf?1548336965">Recommandation relative à la production propre des radios indépendantes dans le cadre de l&rsquo;article 56bis du Décret sur les services de médias audiovisuels</a></li>
</ul>
<h3>Décret:</h3>
<ul>
<li><a href="../wp-content/uploads/2019/01/DSMA-consolid%C3%A9-post-d%C3%A9cret-modificatif-du-14-juin-2018-12.docx">Décret coordonné sur les services de médias audiovisuels</a></li>
</ul>
<p>&nbsp;</p>
<p>&nbsp;</p>
<p>&nbsp;</p>
<p>&nbsp;</p>
<p>[/et_pb_text][/et_pb_column][/et_pb_row][/et_pb_section]</p>

<p>&nbsp; &nbsp; Documents Retrouvez ci-dessous l&rsquo;ensemble des documents liés à l&rsquo;appel d&rsquo;offres du 12 août 2019. Formulaires et guide de remplissage Formulaire de candidature (vierge) Formulaire de candidature (avec commentaires d&rsquo;aide) Guide d&rsquo;aide au remplissage du formulaire Arrêtés: Arrêté du Gouvernement de la Communauté française fixant un appel d’offre pour l’attribution de radiofréquences destinées à [&hellip;]</p>

<h3>Documents</h3><p>Retrouvez ci-dessous l'ensemble des documents liés à l'appel d'offres du 12 août 2019.</p><h3>Formulaires et guide de remplissage</h3><ul><li>- Formulaire de candidature (version Word)</li><li>- Formulaire de candidature (version OpenOffice)</li><li>- Guide d'aide au remplissage du formulaire</li></ul><h3>Arrêtés:</h3><ul><li>-Arrêté du Gouvernement de la Communauté française fixant un appel d’offre pour l’attribution de radiofréquences destinées à la diffusion de services sonores en mode analogique du 22 mai 2019 (publié au moniteur le 12 août 2019)</li><li>Arrêté du Gouvernement de la Communauté française fixant une liste de radiofréquences attribuables pour la diffusion de service sonore en mode numérique par voie hertzienne terrestre du 17 octobre 2019 (publié au Moniteur le 23 novembre 2019)</li><li>Arrêté précisant la définition de radio associative et d’expression à vocation culturelle ou d’éducation permanente</li></ul><h3>Recommandations du Collège d'autorisation et de contrôle:</h3><ul><li class="et_pb_module_header">Recommandation relative à l'équilibre, la diversité et les formats de radio (prochainement disponible)</li><li class="et_pb_module_header">Recommandation sur le statut de radio associative et d’expression</li><li class="et_pb_module_header">Recommandation relative à la production propre des radios indépendantes dans le cadre de l'article 56bis du Décret sur les services de médias audiovisuels</li></ul><h3>Décret:</h3><ul><li>Décret coordonné sur les services de médias audiovisuels dans le cadre de la rédaction du formulaire de candidature</li></ul><p> </p><p> </p>
